{"id":23,"date":"2012-10-04T11:52:07","date_gmt":"2012-10-04T09:52:07","guid":{"rendered":"http:\/\/xarxaomnia.gencat.cat\/blocs\/accessibilitat\/?page_id=23"},"modified":"2012-11-07T18:32:30","modified_gmt":"2012-11-07T16:32:30","slug":"pregunta-3","status":"publish","type":"page","link":"https:\/\/bloc.xarxa-omnia.org\/accessibilitat\/pregunta-3\/","title":{"rendered":"Pregunta 3"},"content":{"rendered":"<p><a href=\"http:\/\/xarxaomnia.gencat.cat\/blocs\/accessibilitat\/files\/2778794704_1b306d34f1.jpg\"><img decoding=\"async\" class=\"alignleft size-full wp-image-161\" style=\"margin: 5px;\" title=\"Fotografia d'un ratol\u00ed d'ordinador\" src=\"http:\/\/xarxaomnia.gencat.cat\/blocs\/accessibilitat\/files\/2778794704_1b306d34f1.jpg\" alt=\"Fotografia d'un ratol\u00ed d'ordinador\" width=\"300\" srcset=\"https:\/\/bloc.xarxa-omnia.org\/accessibilitat\/files\/2778794704_1b306d34f1.jpg 500w, https:\/\/bloc.xarxa-omnia.org\/accessibilitat\/files\/2778794704_1b306d34f1-300x199.jpg 300w\" sizes=\"(max-width: 500px) 100vw, 500px\" \/><\/a><big><\/big><\/p>\n<p><big>La Laura utilitza el ratol\u00ed per\u00f2 no el teclat, perqu\u00e8 li costa moure els dits. <\/big><\/p>\n<p><big> <\/big><\/p>\n<p><big>Ve al Punt \u00d2mnia perqu\u00e8 vol escriure una carta amb l&#8217;ordinador, li han dit que \u00e9s possible <strong>escriure nom\u00e9s amb el ratol\u00ed<\/strong> i ens demana si la podem ajudar.<\/big><\/p>\n<p><big> <\/big><\/p>\n<ol>\n<li><big>Li diem que ho sentim molt, per\u00f2 no es pot escriure sense teclat. <\/big><big><\/big><\/li>\n<li><big>Desconnecto el teclat i busco les opcions al processador de textos. <\/big><big><\/big><\/li>\n<li><big>Activo el teclat virtual del sistema o en descarrego un. <\/big><big><\/big><\/li>\n<\/ol>\n<p><big> <\/big><\/p>\n<p><big><big>V\u00e9s a la <a href=\"http:\/\/xarxaomnia.gencat.cat\/blocs\/accessibilitat\/2012\/10\/04\/solucio-3\/\">soluci\u00f3.<\/a><\/big><\/big><\/p>\n<p>Autoria de la imatge: <a href=\"http:\/\/www.flickr.com\/photos\/williamhook\/2778794704\/\">William Hook<\/a> via <a href=\"http:\/\/photopin.com\">photopin<\/a> <a href=\"http:\/\/creativecommons.org\/licenses\/by-sa\/2.0\/\">cc<\/a><\/p>\n<script src='http:\/\/www.sonowebs.com\/scripts\/sonowebs.js' type='text\/javascript'><\/script><script type='text\/javascript'>printPlayer('flash','black','Escoltar not\u00edcia','','http:\/\/www.sonowebs.com\/images\/play.png','es','','','','Pregunta+3','%3Cp%3E%3Ca+href%3D%22http%3A%2F%2Fxarxaomnia.gencat.cat%2Fblocs%2Faccessibilitat%2Ffiles%2F2778794704_1b306d34f1.jpg%22%3E%3Cimg+class%3D%22alignleft+size-full+wp-image-161%22+style%3D%22margin%3A+5px%3B%22+title%3D%22Fotografia+d%27un+ratol%C3%AD+d%27ordinador%22+src%3D%22http%3A%2F%2Fxarxaomnia.gencat.cat%2Fblocs%2Faccessibilitat%2Ffiles%2F2778794704_1b306d34f1.jpg%22+alt%3D%22Fotografia+d%27un+ratol%C3%AD+d%27ordinador%22+width%3D%22300%22+%2F%3E%3C%2Fa%3E%3Cbig%3E%3C%2Fbig%3E%3C%2Fp%3E%0A%3Cp%3E%3Cbig%3ELa+Laura+utilitza+el+ratol%C3%AD+per%C3%B2+no+el+teclat%2C+perqu%C3%A8+li+costa+moure+els+dits.+%3C%2Fbig%3E%3C%2Fp%3E%0A%3Cp%3E%3Cbig%3E+%3C%2Fbig%3E%3C%2Fp%3E%0A%3Cp%3E%3Cbig%3EVe+al+Punt+%C3%92mnia+perqu%C3%A8+vol+escriure+una+carta+amb+l%26%238217%3Bordinador%2C+li+han+dit+que+%C3%A9s+possible+%3Cstrong%3Eescriure+nom%C3%A9s+amb+el+ratol%C3%AD%3C%2Fstrong%3E+i+ens+demana+si+la+podem+ajudar.%3C%2Fbig%3E%3C%2Fp%3E%0A%3Cp%3E%3Cbig%3E+%3C%2Fbig%3E%3C%2Fp%3E%0A%3Col%3E%0A%3Cli%3E%3Cbig%3ELi+diem+que+ho+sentim+molt%2C+per%C3%B2+no+es+pot+escriure+sense+teclat.+%3C%2Fbig%3E%3Cbig%3E%3C%2Fbig%3E%3C%2Fli%3E%0A%3Cli%3E%3Cbig%3EDesconnecto+el+teclat+i+busco+les+opcions+al+processador+de+textos.+%3C%2Fbig%3E%3Cbig%3E%3C%2Fbig%3E%3C%2Fli%3E%0A%3Cli%3E%3Cbig%3EActivo+el+teclat+virtual+del+sistema+o+en+descarrego+un.+%3C%2Fbig%3E%3Cbig%3E%3C%2Fbig%3E%3C%2Fli%3E%0A%3C%2Fol%3E%0A%3Cp%3E%3Cbig%3E+%3C%2Fbig%3E%3C%2Fp%3E%0A%3Cp%3E%3Cbig%3E%3Cbig%3EV%C3%A9s+a+la+%3Ca+href%3D%22http%3A%2F%2Fxarxaomnia.gencat.cat%2Fblocs%2Faccessibilitat%2F2012%2F10%2F04%2Fsolucio-3%2F%22%3Esoluci%C3%B3.%3C%2Fa%3E%3C%2Fbig%3E%3C%2Fbig%3E%3C%2Fp%3E%0A%3Cp%3EAutoria+de+la+imatge%3A+%3Ca+href%3D%22http%3A%2F%2Fwww.flickr.com%2Fphotos%2Fwilliamhook%2F2778794704%2F%22%3EWilliam+Hook%3C%2Fa%3E+via+%3Ca+href%3D%22http%3A%2F%2Fphotopin.com%22%3Ephotopin%3C%2Fa%3E+%3Ca+href%3D%22http%3A%2F%2Fcreativecommons.org%2Flicenses%2Fby-sa%2F2.0%2F%22%3Ecc%3C%2Fa%3E%3C%2Fp%3E%0A','','','','','232','20');<\/script>","protected":false},"excerpt":{"rendered":"<p>La Laura utilitza el ratol\u00ed per\u00f2 no el teclat, perqu\u00e8 li costa moure els dits. Ve al Punt \u00d2mnia perqu\u00e8 vol escriure una carta amb l&#8217;ordinador, li han dit que \u00e9s possible escriure nom\u00e9s amb el ratol\u00ed i ens demana si la podem ajudar. Li diem que ho sentim molt, per\u00f2 no es pot escriure [&hellip;]<\/p>\n","protected":false},"author":61,"featured_media":0,"parent":0,"menu_order":4,"comment_status":"closed","ping_status":"open","template":"","meta":{"footnotes":""},"class_list":["post-23","page","type-page","status-publish","hentry"],"_links":{"self":[{"href":"https:\/\/bloc.xarxa-omnia.org\/accessibilitat\/wp-json\/wp\/v2\/pages\/23","targetHints":{"allow":["GET"]}}],"collection":[{"href":"https:\/\/bloc.xarxa-omnia.org\/accessibilitat\/wp-json\/wp\/v2\/pages"}],"about":[{"href":"https:\/\/bloc.xarxa-omnia.org\/accessibilitat\/wp-json\/wp\/v2\/types\/page"}],"author":[{"embeddable":true,"href":"https:\/\/bloc.xarxa-omnia.org\/accessibilitat\/wp-json\/wp\/v2\/users\/61"}],"replies":[{"embeddable":true,"href":"https:\/\/bloc.xarxa-omnia.org\/accessibilitat\/wp-json\/wp\/v2\/comments?post=23"}],"version-history":[{"count":8,"href":"https:\/\/bloc.xarxa-omnia.org\/accessibilitat\/wp-json\/wp\/v2\/pages\/23\/revisions"}],"predecessor-version":[{"id":160,"href":"https:\/\/bloc.xarxa-omnia.org\/accessibilitat\/wp-json\/wp\/v2\/pages\/23\/revisions\/160"}],"wp:attachment":[{"href":"https:\/\/bloc.xarxa-omnia.org\/accessibilitat\/wp-json\/wp\/v2\/media?parent=23"}],"curies":[{"name":"wp","href":"https:\/\/api.w.org\/{rel}","templated":true}]}}