{"id":58,"date":"2012-10-05T14:57:40","date_gmt":"2012-10-05T12:57:40","guid":{"rendered":"http:\/\/xarxaomnia.gencat.cat\/blocs\/accessibilitat\/?page_id=58"},"modified":"2012-11-07T19:03:39","modified_gmt":"2012-11-07T17:03:39","slug":"pregunta-10","status":"publish","type":"page","link":"https:\/\/bloc.xarxa-omnia.org\/accessibilitat\/pregunta-10\/","title":{"rendered":"Pregunta 10"},"content":{"rendered":"<p><a href=\"http:\/\/xarxaomnia.gencat.cat\/blocs\/accessibilitat\/files\/4627713035_713e1bd7d4.jpg\"><img decoding=\"async\" class=\"alignleft size-full wp-image-272\" style=\"margin: 20px;\" title=\"Imatge d'un ull de dona pintat amb molts colors\" src=\"http:\/\/xarxaomnia.gencat.cat\/blocs\/accessibilitat\/files\/4627713035_713e1bd7d4.jpg\" alt=\"Imatge d'un ull de dona pintat amb molts colors\" width=\"250\" srcset=\"https:\/\/bloc.xarxa-omnia.org\/accessibilitat\/files\/4627713035_713e1bd7d4.jpg 500w, https:\/\/bloc.xarxa-omnia.org\/accessibilitat\/files\/4627713035_713e1bd7d4-300x264.jpg 300w\" sizes=\"(max-width: 500px) 100vw, 500px\" \/><\/a><big><\/p>\n<p>La S\u00f2nia no distingeix els colors i ens explica que nom\u00e9s veu b\u00e9 les <strong>imatges que tenen un alt contrast<\/strong>.<br \/>\n<\/big><\/p>\n<p><\/p>\n<ol>\n<li><big> Li ensenyem \u00fanicament p\u00e0gines d&#8217;Internet en blanc i negre.<\/big><\/li>\n<li><big> Li llegim i descrivim tot el que es veu en pantalla.<\/big><\/li>\n<li><big> Li expliquem com s&#8217;activa l&#8217;Alt Contrast del sistema operatiu.<\/big><\/li>\n<\/ol>\n<p><big> <\/big><\/p>\n<p><big><big><a title=\"V\u00e9s a la soluci\u00f3\" href=\"http:\/\/xarxaomnia.gencat.cat\/blocs\/accessibilitat\/2012\/10\/05\/solucio-10\">V\u00e9s a la soluci\u00f3<\/a>.<\/big><\/big><br \/>\nAutoria de la imatge: <a href=\"http:\/\/www.flickr.com\/photos\/kegley333\/4627713035\/\">Kegley\u2665<\/a> via <a href=\"http:\/\/photopin.com\">photopin<\/a> <a href=\"http:\/\/creativecommons.org\/licenses\/by-nc-nd\/2.0\/\">cc<\/a><\/p>\n<script src='http:\/\/www.sonowebs.com\/scripts\/sonowebs.js' type='text\/javascript'><\/script><script type='text\/javascript'>printPlayer('flash','black','Escoltar not\u00edcia','','http:\/\/www.sonowebs.com\/images\/play.png','es','','','','Pregunta+10','%3Cp%3E%3Ca+href%3D%22http%3A%2F%2Fxarxaomnia.gencat.cat%2Fblocs%2Faccessibilitat%2Ffiles%2F4627713035_713e1bd7d4.jpg%22%3E%3Cimg+class%3D%22alignleft+size-full+wp-image-272%22+style%3D%22margin%3A+20px%3B%22+title%3D%22Imatge+d%27un+ull+de+dona+pintat+amb+molts+colors%22+src%3D%22http%3A%2F%2Fxarxaomnia.gencat.cat%2Fblocs%2Faccessibilitat%2Ffiles%2F4627713035_713e1bd7d4.jpg%22+alt%3D%22Imatge+d%27un+ull+de+dona+pintat+amb+molts+colors%22+width%3D%22250%22+%2F%3E%3C%2Fa%3E%3Cbig%3E%3C%2Fp%3E%0A%3Cp%3ELa+S%C3%B2nia+no+distingeix+els+colors+i+ens+explica+que+nom%C3%A9s+veu+b%C3%A9+les+%3Cstrong%3Eimatges+que+tenen+un+alt+contrast%3C%2Fstrong%3E.%3Cbr+%2F%3E%0A%3C%2Fbig%3E%3C%2Fp%3E%0A%3Cp%3E%3C%2Fp%3E%0A%3Col%3E%0A%3Cli%3E%3Cbig%3E+Li+ensenyem+%C3%BAnicament+p%C3%A0gines+d%26%238217%3BInternet+en+blanc+i+negre.%3C%2Fbig%3E%3C%2Fli%3E%0A%3Cli%3E%3Cbig%3E+Li+llegim+i+descrivim+tot+el+que+es+veu+en+pantalla.%3C%2Fbig%3E%3C%2Fli%3E%0A%3Cli%3E%3Cbig%3E+Li+expliquem+com+s%26%238217%3Bactiva+l%26%238217%3BAlt+Contrast+del+sistema+operatiu.%3C%2Fbig%3E%3C%2Fli%3E%0A%3C%2Fol%3E%0A%3Cp%3E%3Cbig%3E+%3C%2Fbig%3E%3C%2Fp%3E%0A%3Cp%3E%3Cbig%3E%3Cbig%3E%3Ca+title%3D%22V%C3%A9s+a+la+soluci%C3%B3%22+href%3D%22http%3A%2F%2Fxarxaomnia.gencat.cat%2Fblocs%2Faccessibilitat%2F2012%2F10%2F05%2Fsolucio-10%22%3EV%C3%A9s+a+la+soluci%C3%B3%3C%2Fa%3E.%3C%2Fbig%3E%3C%2Fbig%3E%3Cbr+%2F%3E%0AAutoria+de+la+imatge%3A+%3Ca+href%3D%22http%3A%2F%2Fwww.flickr.com%2Fphotos%2Fkegley333%2F4627713035%2F%22%3EKegley%E2%99%A5%3C%2Fa%3E+via+%3Ca+href%3D%22http%3A%2F%2Fphotopin.com%22%3Ephotopin%3C%2Fa%3E+%3Ca+href%3D%22http%3A%2F%2Fcreativecommons.org%2Flicenses%2Fby-nc-nd%2F2.0%2F%22%3Ecc%3C%2Fa%3E%3C%2Fp%3E%0A','','','','','232','20');<\/script>","protected":false},"excerpt":{"rendered":"<p>La S\u00f2nia no distingeix els colors i ens explica que nom\u00e9s veu b\u00e9 les imatges que tenen un alt contrast. Li ensenyem \u00fanicament p\u00e0gines d&#8217;Internet en blanc i negre. Li llegim i descrivim tot el que es veu en pantalla. Li expliquem com s&#8217;activa l&#8217;Alt Contrast del sistema operatiu. V\u00e9s a la soluci\u00f3. Autoria de [&hellip;]<\/p>\n","protected":false},"author":61,"featured_media":0,"parent":0,"menu_order":11,"comment_status":"closed","ping_status":"open","template":"","meta":{"footnotes":""},"class_list":["post-58","page","type-page","status-publish","hentry"],"_links":{"self":[{"href":"https:\/\/bloc.xarxa-omnia.org\/accessibilitat\/wp-json\/wp\/v2\/pages\/58","targetHints":{"allow":["GET"]}}],"collection":[{"href":"https:\/\/bloc.xarxa-omnia.org\/accessibilitat\/wp-json\/wp\/v2\/pages"}],"about":[{"href":"https:\/\/bloc.xarxa-omnia.org\/accessibilitat\/wp-json\/wp\/v2\/types\/page"}],"author":[{"embeddable":true,"href":"https:\/\/bloc.xarxa-omnia.org\/accessibilitat\/wp-json\/wp\/v2\/users\/61"}],"replies":[{"embeddable":true,"href":"https:\/\/bloc.xarxa-omnia.org\/accessibilitat\/wp-json\/wp\/v2\/comments?post=58"}],"version-history":[{"count":11,"href":"https:\/\/bloc.xarxa-omnia.org\/accessibilitat\/wp-json\/wp\/v2\/pages\/58\/revisions"}],"predecessor-version":[{"id":328,"href":"https:\/\/bloc.xarxa-omnia.org\/accessibilitat\/wp-json\/wp\/v2\/pages\/58\/revisions\/328"}],"wp:attachment":[{"href":"https:\/\/bloc.xarxa-omnia.org\/accessibilitat\/wp-json\/wp\/v2\/media?parent=58"}],"curies":[{"name":"wp","href":"https:\/\/api.w.org\/{rel}","templated":true}]}}