{"id":2,"date":"2016-02-15T11:05:42","date_gmt":"2016-02-15T11:05:42","guid":{"rendered":"http:\/\/xarxaomnia.gencat.cat\/blocs\/amposta\/?page_id=2"},"modified":"2016-03-09T09:01:44","modified_gmt":"2016-03-09T09:01:44","slug":"pagina-exemple","status":"publish","type":"page","link":"https:\/\/bloc.xarxa-omnia.org\/amposta\/pagina-exemple\/","title":{"rendered":"ON ESTEM?"},"content":{"rendered":"<p><strong>Adre\u00e7a<\/strong><br \/>\nPla\u00e7a del castell 13-15. Biblioteca Sebasti\u00e0 Joan Arb\u00f3 d&#8217;Amposta (baixos)<br \/>\nAmposta<br \/>\n<a href=\"http:\/\/xarxaomnia.gencat.cat\/geolocalitzacio\/montsi\">Montsi\u00e0<\/a> (Comarca)<br \/>\n<a href=\"http:\/\/xarxaomnia.gencat.cat\/geolocalitzacio\/terres-de-lebre\">Terres de l&#8217;Ebre<\/a> (Demarcaci\u00f3 territorial)<\/p>\n","protected":false},"excerpt":{"rendered":"<p>Adre\u00e7a Pla\u00e7a del castell 13-15. Biblioteca Sebasti\u00e0 Joan Arb\u00f3 d&#8217;Amposta (baixos) Amposta Montsi\u00e0 (Comarca) Terres de l&#8217;Ebre (Demarcaci\u00f3 territorial)<\/p>\n","protected":false},"author":181,"featured_media":0,"parent":0,"menu_order":0,"comment_status":"closed","ping_status":"open","template":"","meta":{"footnotes":""},"class_list":["post-2","page","type-page","status-publish","hentry"],"_links":{"self":[{"href":"https:\/\/bloc.xarxa-omnia.org\/amposta\/wp-json\/wp\/v2\/pages\/2","targetHints":{"allow":["GET"]}}],"collection":[{"href":"https:\/\/bloc.xarxa-omnia.org\/amposta\/wp-json\/wp\/v2\/pages"}],"about":[{"href":"https:\/\/bloc.xarxa-omnia.org\/amposta\/wp-json\/wp\/v2\/types\/page"}],"author":[{"embeddable":true,"href":"https:\/\/bloc.xarxa-omnia.org\/amposta\/wp-json\/wp\/v2\/users\/181"}],"replies":[{"embeddable":true,"href":"https:\/\/bloc.xarxa-omnia.org\/amposta\/wp-json\/wp\/v2\/comments?post=2"}],"version-history":[{"count":2,"href":"https:\/\/bloc.xarxa-omnia.org\/amposta\/wp-json\/wp\/v2\/pages\/2\/revisions"}],"predecessor-version":[{"id":196,"href":"https:\/\/bloc.xarxa-omnia.org\/amposta\/wp-json\/wp\/v2\/pages\/2\/revisions\/196"}],"wp:attachment":[{"href":"https:\/\/bloc.xarxa-omnia.org\/amposta\/wp-json\/wp\/v2\/media?parent=2"}],"curies":[{"name":"wp","href":"https:\/\/api.w.org\/{rel}","templated":true}]}}