{"id":333,"date":"2014-04-11T11:44:19","date_gmt":"2014-04-11T09:44:19","guid":{"rendered":"http:\/\/blog.xarxa-omnia.org\/badia\/?page_id=333"},"modified":"2014-09-17T12:56:34","modified_gmt":"2014-09-17T10:56:34","slug":"on-som","status":"publish","type":"page","link":"https:\/\/bloc.xarxa-omnia.org\/badia\/on-som\/","title":{"rendered":"On som?"},"content":{"rendered":"<p>Punt \u00d2mnia Casal C\u00edvic Badia del Vall\u00e8s<\/p>\n<p>Pl. de les Entitats, s\/n (Edifici Casal C\u00edvic), 3a planta<\/p>\n<p>937291472<\/p>\n<p>puntomnia@badiadelvalles.org<\/p>\n<p><a href=\"http:\/\/xarxaomnia.gencat.cat\/blocs\/badia\/files\/2014\/04\/Captura-de-pantalla-de-2014-04-11-115837.png\"><img loading=\"lazy\" decoding=\"async\" class=\"alignnone size-full wp-image-339\" alt=\"Captura de pantalla de 2014-04-11 11:58:37\" src=\"http:\/\/xarxaomnia.gencat.cat\/blocs\/badia\/files\/2014\/04\/Captura-de-pantalla-de-2014-04-11-115837.png\" width=\"833\" height=\"850\" srcset=\"https:\/\/bloc.xarxa-omnia.org\/badia\/files\/2014\/04\/Captura-de-pantalla-de-2014-04-11-115837.png 833w, https:\/\/bloc.xarxa-omnia.org\/badia\/files\/2014\/04\/Captura-de-pantalla-de-2014-04-11-115837-294x300.png 294w\" sizes=\"auto, (max-width: 833px) 100vw, 833px\" \/><\/a><\/p>\n<p>lat, long: 41.51042, 2.113549<\/p>\n","protected":false},"excerpt":{"rendered":"<p>Punt \u00d2mnia Casal C\u00edvic Badia del Vall\u00e8s Pl. de les Entitats, s\/n (Edifici Casal C\u00edvic), 3a planta 937291472 puntomnia@badiadelvalles.org lat, long: 41.51042, 2.113549<\/p>\n","protected":false},"author":156,"featured_media":0,"parent":0,"menu_order":0,"comment_status":"closed","ping_status":"open","template":"sidebar-page.php","meta":{"ngg_post_thumbnail":0,"footnotes":""},"class_list":["post-333","page","type-page","status-publish","hentry"],"_links":{"self":[{"href":"https:\/\/bloc.xarxa-omnia.org\/badia\/wp-json\/wp\/v2\/pages\/333","targetHints":{"allow":["GET"]}}],"collection":[{"href":"https:\/\/bloc.xarxa-omnia.org\/badia\/wp-json\/wp\/v2\/pages"}],"about":[{"href":"https:\/\/bloc.xarxa-omnia.org\/badia\/wp-json\/wp\/v2\/types\/page"}],"author":[{"embeddable":true,"href":"https:\/\/bloc.xarxa-omnia.org\/badia\/wp-json\/wp\/v2\/users\/156"}],"replies":[{"embeddable":true,"href":"https:\/\/bloc.xarxa-omnia.org\/badia\/wp-json\/wp\/v2\/comments?post=333"}],"version-history":[{"count":9,"href":"https:\/\/bloc.xarxa-omnia.org\/badia\/wp-json\/wp\/v2\/pages\/333\/revisions"}],"predecessor-version":[{"id":343,"href":"https:\/\/bloc.xarxa-omnia.org\/badia\/wp-json\/wp\/v2\/pages\/333\/revisions\/343"}],"wp:attachment":[{"href":"https:\/\/bloc.xarxa-omnia.org\/badia\/wp-json\/wp\/v2\/media?parent=333"}],"curies":[{"name":"wp","href":"https:\/\/api.w.org\/{rel}","templated":true}]}}