{"id":74,"date":"2012-07-04T17:12:48","date_gmt":"2012-07-04T15:12:48","guid":{"rendered":"http:\/\/blog.xarxa-omnia.org\/badia\/?page_id=74"},"modified":"2020-02-24T09:46:10","modified_gmt":"2020-02-24T08:46:10","slug":"galeria-fotografica","status":"publish","type":"page","link":"https:\/\/bloc.xarxa-omnia.org\/badia\/galeria-fotografica\/","title":{"rendered":"Galeria fotogr\u00e0fica"},"content":{"rendered":"<p>Aqu\u00ed podreu trobar les fotos que es fan als tallers del Punt \u00d2mnia Badia.<\/p>\n<p><strong>2019<\/strong><\/p>\n<div style=\"width: 210px\" class=\"wp-caption alignnone\"><a href=\"https:\/\/photos.app.goo.gl\/AvvK21NdqJE5ArRV9\" target=\"_blank\"><img loading=\"lazy\" decoding=\"async\" class=\" \" src=\"https:\/\/lh3.googleusercontent.com\/EWEgNB8quvdBuExkf_X-1Iw4XnRdsf-FWgp_-EbA7X7bveKuwV9Tygl5NEJ4KoW95fwNqG-uTdbPjAh_RwlvPACCZ5glBnhmQFu3yE2IvVLCKqZM8u_ZGE942_ew9a8_MYtQROSecwc2X1_G6KkYBDIvPYpAXSD_Ude871NaWbQv3ehJr971zLQQoL1BNleUTs3g7ue4fl6NtfhggKsRM34PWPpXT0m0pKHRN15-JVLepRGxMaVMxKewcE1NcRcHrhurEn4_hx3J0qKCy36EEEcpKfcnpkXHu6E2x7iU5ncfXd3jYYpjZ-HGe-NalvroblAvMERBUm1Twi4OjBrxlsz0JHl7ul8IRMCFsCQYt9RzbhACXBpZ1LmzimZ6j-Eppwn2vdqXIRWlBGOx1PySpVZ6gEyJKF206UbQ8m08opbhQVNdPA18RsjDP09hg2Mg_scJ2QOUsNSOTu_F49HQZtyQQn3pk6FBkVsh8wRJt_mdoi35B0q-_irNYpyxStedIR53c-yoyPHmSVneBQtdGAz4gdustIXH5YCnFui_tHLKpMQEGDJl5sGQ3hYWoeyWQhs3t-pUB1gyyD_i-Lo2CMxdTzIzHb-jccm-hnwDypu4-DrRmX6A7fUQbFY_kC8nKfV9_v8xLRqrHhkYkDZ3EfRfI8sETzrAHTp3AryqLK3gmU9JgMC-2fNKGTP4ZzgSN6ILp0Qg_1ek6l5TAd-3VV4GG6zufW6LeTIJGcprYNYvpyGY=w1280-h720-no\" alt=\"\" width=\"200\" height=\"150\" \/><\/a><p class=\"wp-caption-text\">Nadal 2019<\/p><\/div>\n<p>&nbsp;<\/p>\n<p><strong>2018<\/strong><\/p>\n<div style=\"width: 210px\" class=\"wp-caption alignnone\"><a href=\"https:\/\/photos.app.goo.gl\/YUYMv4h6Y3c6ho2w7\" target=\"_blank\"><img loading=\"lazy\" decoding=\"async\" class=\" \" src=\"https:\/\/lh3.googleusercontent.com\/Q5pR3_Fp1Z5WPWS1aKp_0KPff8uKJ19EeFn7MUHQ3nZjZmRgPGXoPNPF4KeYPGuQiXtHXn0JsuogG6_nPT8fwF93UAQItJFxNEb30Z5JZEmvVEcnqVInOS4ocS6h5np31zlsbKkNp3vn29ptvXLP0aApbJQkpWmG37rJMZetSK5syUdUyHp65qL68KLJyFOsVNSCsdu7HTG3EM3-l-iuLAqZpV7cuiB27ex2gsp6NaLFZV7Uvw6l4x3SAQVnQ2NMaSi1zTQSlGS4bTPOw0n9oxjNqo0uO2CpwRbx198zPgeWdozPVdgQLZxmOf3eXoPg1ukCllbb7CXfBynWILaEWpIH1zJVuy18MLhTw2NFxbTKH3YG76WITJ9NYx_Zwp7Ce8Kmh-wSmKYaDINqAE0nWBzzrqPPbimysk60wZne0H2_15GW2jT3MAR7eOOIokRb9z1keaufdrmNVnCA9OU_7fyu2IcTs-2esVjkxxNaTZVr4IWVZdnSvl7N0O5l_xO-eoqlXtPbwc1Qm-EcfUFQc64rPJVsNGk3J6RRxzmCn0pwQ1Nhlt_Po_HFoMbNP6F8iNCF-0R-LUBQp8YXrcSbEBQS7mkn4ynwf_EuV3MHtneFZgqhXrx3QxDcyG8V1SGn0Nj7dpCNeLpxWmLLMh-vaWLpjppJII-qP_a1JQlcEhgDvI3eibhXuJuZ=w1114-h835-no\" alt=\"\" width=\"200\" height=\"150\" \/><\/a><p class=\"wp-caption-text\">2n trimestre 2018<\/p><\/div>\n<p>&nbsp;<\/p>\n<p><strong>2016<\/strong><\/p>\n<div style=\"width: 210px\" class=\"wp-caption alignnone\"><a href=\"https:\/\/goo.gl\/photos\/5JMpB6SfJxNuxitH6\" target=\"_blank\"><img loading=\"lazy\" decoding=\"async\" class=\" \" src=\"https:\/\/lh3.googleusercontent.com\/Ai_-cwLNmEIbYGMe2EssxGOV6TeK2jb2DtH6pvGHbJ4h1B01w24FEpyzcP5-lBcnugHvbKkC33gLTzum2ZXUGHmCwD_cZoPTVQA0o28ZYUXVhzwLvATz6J2TJiHe091kzsjhPYzrzv06bKREF5IdXZ3nW9ipa4zPUWBnK_hxoXgC67lDMwuFbKF_E8lNqpBsuUWYCI9eD2UVtqp8ztDWiFAVTrGzR4mbVNCCKtZ_r2GDQ_wOa4MArSedpK_1rtZhoggIvKbasSmbqDK61QzgMT8rZoqQ8WDsLd6_XYjg0Rhr8E6-xLooF9QlEe-KdoYAXssAtYsb-wbzBjCypVXZoCGZYk7tg2BbhCg6CMyakBjkqlrtzGZLj9F3KarPCUYeaRiPQI7fwhCBhu_ERL6FkdIeZMH17XnH-yHOzyk9a-sqAYKF45chjWrKrxHChnG5w5VAgHA0JfsyORUzCd4fiydI9nnQF8ziW-zTOTiM4tj_zeUSmgHZ-1gYuOiKNu_c_sA124vD3SGHXouvvKz5OxaMPTcxYovf4UCK8OP1p074rU_YhSbhRLNTfAQM5l3gXwmTpK5AAx_dQjULHB6QOYlbSj2BqgzbCfnVBykUMPQ9XjuSGS8t=w640-h480-no\" alt=\"\" width=\"200\" height=\"150\" \/><\/a><p class=\"wp-caption-text\">3r trimestre 2016<\/p><\/div>\n<div style=\"width: 210px\" class=\"wp-caption alignnone\"><a href=\"https:\/\/goo.gl\/photos\/uTF2JxMQR9cxd3wJ7\" target=\"_blank\"><img loading=\"lazy\" decoding=\"async\" class=\" \" src=\"https:\/\/lh3.googleusercontent.com\/gLlTCShJ4UyyDrvlm-wz7N3SHPM5lwVlGF074uZqGDjcnvouqTgxwxwuhRPpeWH8KKfO5YwtmtBuZaFKNSwk4s0ULDFloB5o5Yf0EL2-gGDzqF7MIThV8cmMIhogjigC29L-gJNKnnYhujEmz8Q4WnZTu6JRhEDZJTZbzEQb8yiBhzpoE_IQD22ebYEeK1JNXFy3lKaynnM9DzV9Zf9pOSAlbLMqvONwN_4fcWNlgRae7U4GmeAxLMJHV6wnZxNUd5MyckLjFE9FWukbISXjzdjLU5SEE0rsUIwKTZ-7IPTyW29HVKBiGDQC4Xp7UrYFimV6_TPNcSs7n9Uv-0WzGUfYzdnaUWBjUVlJfETUV24dNHvMAMNfE2eyrB5oA-khkfaBqrDMzS6HGYvJ9VsVXXq6alJy5U79z6wsR_7SjMTL-c8VcLmx-4WwjAT-oyG20_bEYTiuHWFqIgiY8eZnOmaHPoBqFTF2tLpuw35LuKQMgKo6lKSjccSW9K240-LEUlBszuFsKi25SYZRfh-uE-fs4H0jrOncyrdHaQ3TLUF2QmrCWBLpclJzA7as46BMGRTBU0suh4GcilqSUeQK1cc5TD7V105pYl9Epwe38RS0goji_HPbe1RRnt3ZC1MFcZrCvJke8TiHhGbuPa4DD1Fyg5TrmHf7f-bfEi15Wg=w640-h480-no\" alt=\"\" width=\"200\" height=\"150\" \/><\/a><p class=\"wp-caption-text\">2n trimestre 2016<\/p><\/div>\n<div style=\"width: 210px\" class=\"wp-caption alignnone\"><a href=\"https:\/\/goo.gl\/photos\/SRZDow6wkn5eavjJ8\" target=\"_blank\"><img loading=\"lazy\" decoding=\"async\" class=\" \" src=\"https:\/\/lh3.googleusercontent.com\/_6n10I9JngrTo2lTvDER4kXAL3iGRSffO14jmGUJ1ezab-ymY_QYhmfSM0Ig0Ma1jOtOy_buFE095tm3rQfMqPzPSNy0Os9KpcrMqW_m32k-_CdmhVB3qyi0hSwOScjiJYk8EMuolT-jHGhDozD5ZXhvgpGiaTCv9roFC9zkLtqf1XVBqCvgFwbQWAakxZWHCnaCB1eQJva_wJr5RNX2LBD2JqQOY-ulILKki2ZjF_60-xv2EZDXARa21tvOuRTcGl7lq4JELXn8iBluAiw0DCK_vnVwcEURq7_qm_ncqGzz7pOTcXiKS2fs6TEtWlDwiF6dJyl5hgmEXsRNBsfYgbVtWCpnrFLHyNbafsQ-6Sqr1mII_5zGF2khx_cGiIi6_0IqtcjonuIH66CpBlpMZ7rupIC1X-ViUsB-LXw5NcNszs3I-5NQWJJBd3_HjPPdnGcr1PL8619TvamAX_gKySOWyqg4PLudLebNWPoV8H_UEHV9UY5XCqjbh0b9Rkwe3HO3AOok_krzqMC3VXRwbKE0_TXxFFm7oM4dgoyIOImDfwXaW4i2x5bTEsjp2aR8_j1Vomo4yuRupLDKcLm1SrE3FfTuykCzhM7rvG56hw4l9-7GpWju=w640-h480-no\" alt=\"\" width=\"200\" height=\"150\" \/><\/a><p class=\"wp-caption-text\">1r trimestre 2016<\/p><\/div>\n<p>&nbsp;<\/p>\n<h1>2015<\/h1>\n<div style=\"width: 210px\" class=\"wp-caption alignnone\"><a href=\"https:\/\/goo.gl\/photos\/GSbqmS1THoqm9ydJ7\" target=\"_blank\"><img loading=\"lazy\" decoding=\"async\" class=\" \" src=\"https:\/\/lh3.googleusercontent.com\/UZHDzNJNTCP9WVZn2bvISmuMtn-UhHsVB_ykWRcU0Ls=w640-h480-no\" alt=\"\" width=\"200\" height=\"150\" \/><\/a><p class=\"wp-caption-text\">2n trimestre 2015<\/p><\/div>\n<div style=\"width: 210px\" class=\"wp-caption alignnone\"><a href=\"https:\/\/plus.google.com\/photos\/103192476070049519259\/albums\/6129488992465196033\" target=\"_blank\"><img loading=\"lazy\" decoding=\"async\" class=\" \" src=\"https:\/\/lh4.googleusercontent.com\/-TDiCY1qIBp8\/VRBR18JqdBI\/AAAAAAAABCk\/nRBsmyd0jVY\/w640-h480-no\/20150323_112034.jpg\" alt=\"\" width=\"200\" height=\"150\" \/><\/a><p class=\"wp-caption-text\">1r trimestre 2015<\/p><\/div>\n<p><strong>2014<\/strong><\/p>\n<div style=\"width: 210px\" class=\"wp-caption alignnone\"><a href=\"https:\/\/plus.google.com\/photos\/103192476070049519259\/albums\/6093094895157450689?authkey=CILs5_Onwrz31gE\" target=\"_blank\"><img loading=\"lazy\" decoding=\"async\" class=\" \" src=\"https:\/\/lh5.googleusercontent.com\/-FUFbHsaYHhs\/VJlKlLIKgmI\/AAAAAAAAA7Q\/nj84KO4m9kg\/w702-h395-no\/IMG-20141223-WA0001.jpg\" alt=\"\" width=\"200\" height=\"150\" \/><\/a><p class=\"wp-caption-text\">3r trimestre 2014<\/p><\/div>\n<div style=\"width: 210px\" class=\"wp-caption alignnone\"><a href=\"https:\/\/plus.google.com\/photos\/103192476070049519259\/albums\/6015469898371289217?authkey=CNSNy86Zj62gbg\" target=\"_blank\"><img loading=\"lazy\" decoding=\"async\" class=\" \" src=\"https:\/\/lh6.googleusercontent.com\/-4nXJ990fSGA\/U6wScLpNFQI\/AAAAAAAAAwc\/bihix5ebr18\/w893-h670-no\/IMG_1551.jpg\" alt=\"\" width=\"200\" height=\"150\" \/><\/a><p class=\"wp-caption-text\">2n trimestre 2014<\/p><\/div>\n<div style=\"width: 210px\" class=\"wp-caption alignnone\"><a href=\"https:\/\/plus.google.com\/photos\/103192476070049519259\/albums\/5996872409005427745?authkey=COXIzJPQiq6bnwE\" target=\"_blank\"><img loading=\"lazy\" decoding=\"async\" class=\" \" src=\"https:\/\/lh6.googleusercontent.com\/-OCN-V40W-UQ\/UzkuBkNouyI\/AAAAAAAAAlU\/miQrLtlYV1Q\/w893-h670-no\/20140324_121826-SMILE.jpg\" alt=\"\" width=\"200\" height=\"150\" \/><\/a><p class=\"wp-caption-text\">1r trimestre 2014<\/p><\/div>\n<h1><strong>2013<\/strong><\/h1>\n<div style=\"width: 210px\" class=\"wp-caption alignnone\"><a href=\"https:\/\/plus.google.com\/u\/0\/photos\/103192476070049519259\/albums\/5960618700724774657?authkey=CODIx7ymvITN_AE\" target=\"_blank\"><img loading=\"lazy\" decoding=\"async\" class=\" \" title=\"3r trimestre 2013\" src=\"https:\/\/lh6.googleusercontent.com\/-Hs-zSSw6WNc\/UrhgMpSXLgI\/AAAAAAAAAaY\/-Yt1pQas6lw\/w893-h670-no\/20131211_180321.jpg\" alt=\"3r trimestre 2013\" width=\"200\" height=\"150\" \/><\/a><p class=\"wp-caption-text\">3r trimestre 2013<\/p><\/div>\n<div style=\"width: 210px\" class=\"wp-caption alignnone\"><a href=\"https:\/\/plus.google.com\/u\/0\/photos\/103192476070049519259\/albums\/5932343840351015025\" target=\"_blank\"><img loading=\"lazy\" decoding=\"async\" class=\" \" title=\"Anunci Endem\u00e0\" src=\"https:\/\/lh3.googleusercontent.com\/-FLl3Wzu5Y6A\/UlUTF9YMNBI\/AAAAAAAAAXI\/u-1tyGegL4c\/w893-h670-no\/Portada.jpg\" alt=\"Anunci Endem\u00e0\" width=\"200\" height=\"150\" \/><\/a><p class=\"wp-caption-text\">Anunci Endem\u00e0<\/p><\/div>\n<div style=\"width: 210px\" class=\"wp-caption alignnone\"><a href=\"https:\/\/plus.google.com\/u\/0\/photos\/103192476070049519259\/albums\/5923078606857259713\" target=\"_blank\"><img loading=\"lazy\" decoding=\"async\" class=\" \" title=\"2n trimestre 2013\" src=\"https:\/\/lh4.googleusercontent.com\/-LUPWjXOO_N0\/UjMAoYvXdYI\/AAAAAAAAAJc\/q9m3YuQK46I\/w893-h670-no\/2013-07-01+10.43.09.jpg\" alt=\"2n trimestre 2013\" width=\"200\" height=\"150\" \/><\/a><p class=\"wp-caption-text\">2n trimestre 2013<\/p><\/div>\n<div style=\"width: 210px\" class=\"wp-caption alignnone\"><a href=\"https:\/\/plus.google.com\/u\/0\/photos\/103192476070049519259\/albums\/5923080760453667313\" target=\"_blank\"><img loading=\"lazy\" decoding=\"async\" class=\" \" title=\"R\u00e0dio 2n trimestre 2013\" src=\"https:\/\/lh4.googleusercontent.com\/-sxmKqwjYxaU\/UjMCkbzLFbI\/AAAAAAAAANA\/PKVdkN5cdgA\/w893-h670-no\/2013-07-03+17.25.24.jpg\" alt=\"R\u00e0dio 2n trimestre 2013\" width=\"200\" height=\"150\" \/><\/a><p class=\"wp-caption-text\">R\u00e0dio 2n trimestre 2013<\/p><\/div>\n<p>&nbsp;<\/p>\n<h1><strong>2012<\/strong><\/h1>\n<div style=\"width: 210px\" class=\"wp-caption alignnone\"><a href=\"https:\/\/plus.google.com\/u\/0\/photos\/103192476070049519259\/albums\/5738204964591230385\" target=\"_blank\"><img loading=\"lazy\" decoding=\"async\" class=\" \" title=\"2012\" src=\"https:\/\/lh5.googleusercontent.com\/-ybcXJKd86LU\/T_RWjjrWX3I\/AAAAAAAAAQ8\/gZeEoGAEK7k\/w893-h670-no\/IMAG0021.JPG\" alt=\"2012\" width=\"200\" height=\"150\" \/><\/a><p class=\"wp-caption-text\">2012<\/p><\/div>\n<p>&nbsp;<\/p>\n","protected":false},"excerpt":{"rendered":"<p>Aqu\u00ed podreu trobar les fotos que es fan als tallers del Punt \u00d2mnia Badia. 2019 &nbsp; 2018 &nbsp; 2016 &nbsp; 2015 2014 2013 &nbsp; 2012 &nbsp;<\/p>\n","protected":false},"author":156,"featured_media":0,"parent":0,"menu_order":0,"comment_status":"closed","ping_status":"open","template":"sidebar-page.php","meta":{"ngg_post_thumbnail":0,"footnotes":""},"class_list":["post-74","page","type-page","status-publish","hentry"],"_links":{"self":[{"href":"https:\/\/bloc.xarxa-omnia.org\/badia\/wp-json\/wp\/v2\/pages\/74","targetHints":{"allow":["GET"]}}],"collection":[{"href":"https:\/\/bloc.xarxa-omnia.org\/badia\/wp-json\/wp\/v2\/pages"}],"about":[{"href":"https:\/\/bloc.xarxa-omnia.org\/badia\/wp-json\/wp\/v2\/types\/page"}],"author":[{"embeddable":true,"href":"https:\/\/bloc.xarxa-omnia.org\/badia\/wp-json\/wp\/v2\/users\/156"}],"replies":[{"embeddable":true,"href":"https:\/\/bloc.xarxa-omnia.org\/badia\/wp-json\/wp\/v2\/comments?post=74"}],"version-history":[{"count":40,"href":"https:\/\/bloc.xarxa-omnia.org\/badia\/wp-json\/wp\/v2\/pages\/74\/revisions"}],"predecessor-version":[{"id":679,"href":"https:\/\/bloc.xarxa-omnia.org\/badia\/wp-json\/wp\/v2\/pages\/74\/revisions\/679"}],"wp:attachment":[{"href":"https:\/\/bloc.xarxa-omnia.org\/badia\/wp-json\/wp\/v2\/media?parent=74"}],"curies":[{"name":"wp","href":"https:\/\/api.w.org\/{rel}","templated":true}]}}