{"id":47,"date":"2016-10-26T20:10:51","date_gmt":"2016-10-26T20:10:51","guid":{"rendered":"http:\/\/xarxaomnia.gencat.cat\/blocs\/blogomniapubilla\/?page_id=47"},"modified":"2018-02-16T11:50:18","modified_gmt":"2018-02-16T11:50:18","slug":"qui-som","status":"publish","type":"page","link":"https:\/\/bloc.xarxa-omnia.org\/blogomniapubilla\/qui-som\/","title":{"rendered":"Qui som"},"content":{"rendered":"<p>El Punt \u00d2mnia Pubilla Cases Can Vidalet es troba a la Pla\u00e7a de la B\u00f2bila, entre els barris de Pubilla Cases (L&#8217;Hospitalet de Llobregat) i Can Vidalet (Esplugues de Llobregat). Aix\u00ed doncs, els nostres usuaris i usu\u00e0ries provenen d&#8217;ambdues ciutats.<\/p>\n<p>El Punt es va inaugurar l&#8217;any 1999. Des d&#8217;aleshores, s\u00f3n molts els cursos i tallers que s&#8217;han realitzat per tal d&#8217;aprendre a desenvolupar-nos a trav\u00e9s de les noves tecnologies i cr\u00e8ixer en autonomia davant els nous aven\u00e7os.<\/p>\n<p>Tot i que el Punt est\u00e0 ubicat dins l&#8217;Esplai Pubilla Cases Can Vidalet, l&#8217;edat dels usuaris i usu\u00e0ries \u00e9s molt variada. Doncs realitzem tallers adequats a cada grup d&#8217;edat i adaptats als diferents nivells, treballant aix\u00ed amb infants des dels 6 anys, joves, adults, jubilats i persones que es troben en situaci\u00f3 d&#8217;atur i estan en proc\u00e9s de recerca de feina.<\/p>\n<p>A m\u00e9s a m\u00e9s, el Punt \u00d2mnia \u00e9s tamb\u00e9 un espai de socialitzaci\u00f3 i intercanvi d&#8217;experi\u00e8ncies. Despr\u00e9s de 18 anys creixent com a fam\u00edlia, cada vegada s\u00f3n m\u00e9s les sortides i activitats realitzades fora de l&#8217;aula, per tal de con\u00e8ixer altres recursos de l&#8217;entorn i aix\u00ed crear m\u00e9s vincle entre els diferents tallers i cursos.<\/p>\n<div id='gallery-1' class='czr-gallery row flex-row czr-gallery-style gallery galleryid-47 gallery-columns-1 gallery-size-full'><figure class='gallery-item col col-auto'>\r\n                        <div class='gallery-icon landscape czr-gallery-icon'>\r\n                              <a href=https:\/\/bloc.xarxa-omnia.org\/blogomniapubilla\/qui-som\/img_20180109_175251\/ class=\"bg-link\"><\/a><img loading=\"lazy\" decoding=\"async\" width=\"2048\" height=\"1536\" src=\"https:\/\/bloc.xarxa-omnia.org\/blogomniapubilla\/files\/2016\/10\/IMG_20180109_175251.jpg\" class=\"attachment-full size-full\" alt=\"\" sizes=\"auto, (min-width: 1200px) 825px, (min-width: 992px) 690px, (min-width: 576px) 510px, calc( 100vw - 30px )\" srcset=\"https:\/\/bloc.xarxa-omnia.org\/blogomniapubilla\/files\/2016\/10\/IMG_20180109_175251.jpg 2048w, https:\/\/bloc.xarxa-omnia.org\/blogomniapubilla\/files\/2016\/10\/IMG_20180109_175251-300x225.jpg 300w, https:\/\/bloc.xarxa-omnia.org\/blogomniapubilla\/files\/2016\/10\/IMG_20180109_175251-768x576.jpg 768w, https:\/\/bloc.xarxa-omnia.org\/blogomniapubilla\/files\/2016\/10\/IMG_20180109_175251-1024x768.jpg 1024w\" \/><div class=\"post-action btn btn-skin-dark-shaded inverted\"><a href=\"https:\/\/bloc.xarxa-omnia.org\/blogomniapubilla\/files\/2016\/10\/IMG_20180109_175251.jpg\" class=\"icn-expand\" data-lb-type=\"grouped-gallery\"><\/a><\/div>\r\n                        <\/div><\/figure><figure class='gallery-item col col-auto'>\r\n                        <div class='gallery-icon landscape czr-gallery-icon'>\r\n                              <a href=https:\/\/bloc.xarxa-omnia.org\/blogomniapubilla\/qui-som\/img_20171115_170751\/ class=\"bg-link\"><\/a><img loading=\"lazy\" decoding=\"async\" width=\"2048\" height=\"1536\" src=\"https:\/\/bloc.xarxa-omnia.org\/blogomniapubilla\/files\/2016\/10\/IMG_20171115_170751.jpg\" class=\"attachment-full size-full\" alt=\"\" sizes=\"auto, (min-width: 1200px) 825px, (min-width: 992px) 690px, (min-width: 576px) 510px, calc( 100vw - 30px )\" srcset=\"https:\/\/bloc.xarxa-omnia.org\/blogomniapubilla\/files\/2016\/10\/IMG_20171115_170751.jpg 2048w, https:\/\/bloc.xarxa-omnia.org\/blogomniapubilla\/files\/2016\/10\/IMG_20171115_170751-300x225.jpg 300w, https:\/\/bloc.xarxa-omnia.org\/blogomniapubilla\/files\/2016\/10\/IMG_20171115_170751-768x576.jpg 768w, https:\/\/bloc.xarxa-omnia.org\/blogomniapubilla\/files\/2016\/10\/IMG_20171115_170751-1024x768.jpg 1024w\" \/><div class=\"post-action btn btn-skin-dark-shaded inverted\"><a href=\"https:\/\/bloc.xarxa-omnia.org\/blogomniapubilla\/files\/2016\/10\/IMG_20171115_170751.jpg\" class=\"icn-expand\" data-lb-type=\"grouped-gallery\"><\/a><\/div>\r\n                        <\/div><\/figure><figure class='gallery-item col col-auto'>\r\n                        <div class='gallery-icon landscape czr-gallery-icon'>\r\n                              <a href=https:\/\/bloc.xarxa-omnia.org\/blogomniapubilla\/qui-som\/pano_20171121_171839\/ class=\"bg-link\"><\/a><img loading=\"lazy\" decoding=\"async\" width=\"2368\" height=\"1056\" src=\"https:\/\/bloc.xarxa-omnia.org\/blogomniapubilla\/files\/2016\/10\/PANO_20171121_171839.jpg\" class=\"attachment-full size-full\" alt=\"\" sizes=\"auto, (min-width: 1200px) 825px, (min-width: 992px) 690px, (min-width: 576px) 510px, calc( 100vw - 30px )\" srcset=\"https:\/\/bloc.xarxa-omnia.org\/blogomniapubilla\/files\/2016\/10\/PANO_20171121_171839.jpg 2368w, https:\/\/bloc.xarxa-omnia.org\/blogomniapubilla\/files\/2016\/10\/PANO_20171121_171839-300x134.jpg 300w, https:\/\/bloc.xarxa-omnia.org\/blogomniapubilla\/files\/2016\/10\/PANO_20171121_171839-768x342.jpg 768w, https:\/\/bloc.xarxa-omnia.org\/blogomniapubilla\/files\/2016\/10\/PANO_20171121_171839-1024x457.jpg 1024w\" \/><div class=\"post-action btn btn-skin-dark-shaded inverted\"><a href=\"https:\/\/bloc.xarxa-omnia.org\/blogomniapubilla\/files\/2016\/10\/PANO_20171121_171839.jpg\" class=\"icn-expand\" data-lb-type=\"grouped-gallery\"><\/a><\/div>\r\n                        <\/div><\/figure><figure class='gallery-item col col-auto'>\r\n                        <div class='gallery-icon landscape czr-gallery-icon'>\r\n                              <a href=https:\/\/bloc.xarxa-omnia.org\/blogomniapubilla\/qui-som\/img_20171016_113933_2\/ class=\"bg-link\"><\/a><img loading=\"lazy\" decoding=\"async\" width=\"2048\" height=\"1536\" src=\"https:\/\/bloc.xarxa-omnia.org\/blogomniapubilla\/files\/2016\/10\/IMG_20171016_113933_2.jpg\" class=\"attachment-full size-full\" alt=\"\" sizes=\"auto, (min-width: 1200px) 825px, (min-width: 992px) 690px, (min-width: 576px) 510px, calc( 100vw - 30px )\" srcset=\"https:\/\/bloc.xarxa-omnia.org\/blogomniapubilla\/files\/2016\/10\/IMG_20171016_113933_2.jpg 2048w, https:\/\/bloc.xarxa-omnia.org\/blogomniapubilla\/files\/2016\/10\/IMG_20171016_113933_2-300x225.jpg 300w, https:\/\/bloc.xarxa-omnia.org\/blogomniapubilla\/files\/2016\/10\/IMG_20171016_113933_2-768x576.jpg 768w, https:\/\/bloc.xarxa-omnia.org\/blogomniapubilla\/files\/2016\/10\/IMG_20171016_113933_2-1024x768.jpg 1024w\" \/><div class=\"post-action btn btn-skin-dark-shaded inverted\"><a href=\"https:\/\/bloc.xarxa-omnia.org\/blogomniapubilla\/files\/2016\/10\/IMG_20171016_113933_2.jpg\" class=\"icn-expand\" data-lb-type=\"grouped-gallery\"><\/a><\/div>\r\n                        <\/div><\/figure><figure class='gallery-item col col-auto'>\r\n                        <div class='gallery-icon landscape czr-gallery-icon'>\r\n                              <a href=https:\/\/bloc.xarxa-omnia.org\/blogomniapubilla\/2017\/03\/03\/centres-de-nadal\/img_20161219_114547-2\/ class=\"bg-link\"><\/a><img loading=\"lazy\" decoding=\"async\" width=\"2048\" height=\"1536\" src=\"https:\/\/bloc.xarxa-omnia.org\/blogomniapubilla\/files\/2017\/03\/IMG_20161219_114547.jpg\" class=\"attachment-full size-full\" alt=\"\" sizes=\"auto, (min-width: 1200px) 825px, (min-width: 992px) 690px, (min-width: 576px) 510px, calc( 100vw - 30px )\" srcset=\"https:\/\/bloc.xarxa-omnia.org\/blogomniapubilla\/files\/2017\/03\/IMG_20161219_114547.jpg 2048w, https:\/\/bloc.xarxa-omnia.org\/blogomniapubilla\/files\/2017\/03\/IMG_20161219_114547-300x225.jpg 300w, https:\/\/bloc.xarxa-omnia.org\/blogomniapubilla\/files\/2017\/03\/IMG_20161219_114547-768x576.jpg 768w, https:\/\/bloc.xarxa-omnia.org\/blogomniapubilla\/files\/2017\/03\/IMG_20161219_114547-1024x768.jpg 1024w\" \/><div class=\"post-action btn btn-skin-dark-shaded inverted\"><a href=\"https:\/\/bloc.xarxa-omnia.org\/blogomniapubilla\/files\/2017\/03\/IMG_20161219_114547.jpg\" class=\"icn-expand\" data-lb-type=\"grouped-gallery\"><\/a><\/div>\r\n                        <\/div><\/figure><figure class='gallery-item col col-auto'>\r\n                        <div class='gallery-icon landscape czr-gallery-icon'>\r\n                              <a href=https:\/\/bloc.xarxa-omnia.org\/blogomniapubilla\/2017\/06\/12\/sortida-postals-de-lhospitalet\/15095565_1346255792071416_7994423122444415216_n\/ class=\"bg-link\"><\/a><img loading=\"lazy\" decoding=\"async\" width=\"960\" height=\"576\" src=\"https:\/\/bloc.xarxa-omnia.org\/blogomniapubilla\/files\/2017\/06\/15095565_1346255792071416_7994423122444415216_n.jpg\" class=\"attachment-full size-full\" alt=\"\" sizes=\"auto, (min-width: 1200px) 825px, (min-width: 992px) 690px, (min-width: 576px) 510px, calc( 100vw - 30px )\" srcset=\"https:\/\/bloc.xarxa-omnia.org\/blogomniapubilla\/files\/2017\/06\/15095565_1346255792071416_7994423122444415216_n.jpg 960w, https:\/\/bloc.xarxa-omnia.org\/blogomniapubilla\/files\/2017\/06\/15095565_1346255792071416_7994423122444415216_n-300x180.jpg 300w, https:\/\/bloc.xarxa-omnia.org\/blogomniapubilla\/files\/2017\/06\/15095565_1346255792071416_7994423122444415216_n-768x461.jpg 768w\" \/><div class=\"post-action btn btn-skin-dark-shaded inverted\"><a href=\"https:\/\/bloc.xarxa-omnia.org\/blogomniapubilla\/files\/2017\/06\/15095565_1346255792071416_7994423122444415216_n.jpg\" class=\"icn-expand\" data-lb-type=\"grouped-gallery\"><\/a><\/div>\r\n                        <\/div><\/figure><figure class='gallery-item col col-auto'>\r\n                        <div class='gallery-icon landscape czr-gallery-icon'>\r\n                              <a href=https:\/\/bloc.xarxa-omnia.org\/blogomniapubilla\/2017\/06\/12\/sortida-postals-de-lhospitalet\/img_20161114_111537-2\/ class=\"bg-link\"><\/a><img loading=\"lazy\" decoding=\"async\" width=\"2048\" height=\"1536\" src=\"https:\/\/bloc.xarxa-omnia.org\/blogomniapubilla\/files\/2017\/06\/IMG_20161114_111537.jpg\" class=\"attachment-full size-full\" alt=\"\" sizes=\"auto, (min-width: 1200px) 825px, (min-width: 992px) 690px, (min-width: 576px) 510px, calc( 100vw - 30px )\" srcset=\"https:\/\/bloc.xarxa-omnia.org\/blogomniapubilla\/files\/2017\/06\/IMG_20161114_111537.jpg 2048w, https:\/\/bloc.xarxa-omnia.org\/blogomniapubilla\/files\/2017\/06\/IMG_20161114_111537-300x225.jpg 300w, https:\/\/bloc.xarxa-omnia.org\/blogomniapubilla\/files\/2017\/06\/IMG_20161114_111537-768x576.jpg 768w, https:\/\/bloc.xarxa-omnia.org\/blogomniapubilla\/files\/2017\/06\/IMG_20161114_111537-1024x768.jpg 1024w\" \/><div class=\"post-action btn btn-skin-dark-shaded inverted\"><a href=\"https:\/\/bloc.xarxa-omnia.org\/blogomniapubilla\/files\/2017\/06\/IMG_20161114_111537.jpg\" class=\"icn-expand\" data-lb-type=\"grouped-gallery\"><\/a><\/div>\r\n                        <\/div><\/figure><figure class='gallery-item col col-auto'>\r\n                        <div class='gallery-icon landscape czr-gallery-icon'>\r\n                              <a href=https:\/\/bloc.xarxa-omnia.org\/blogomniapubilla\/qui-som\/cropped-omnia-jpg\/ class=\"bg-link\"><\/a><img loading=\"lazy\" decoding=\"async\" width=\"512\" height=\"512\" src=\"https:\/\/bloc.xarxa-omnia.org\/blogomniapubilla\/files\/2016\/01\/cropped-omnia.jpg\" class=\"attachment-full size-full\" alt=\"\" sizes=\"auto, (min-width: 1200px) 825px, (min-width: 992px) 690px, (min-width: 576px) 510px, calc( 100vw - 30px )\" srcset=\"https:\/\/bloc.xarxa-omnia.org\/blogomniapubilla\/files\/2016\/01\/cropped-omnia.jpg 512w, https:\/\/bloc.xarxa-omnia.org\/blogomniapubilla\/files\/2016\/01\/cropped-omnia-150x150.jpg 150w, https:\/\/bloc.xarxa-omnia.org\/blogomniapubilla\/files\/2016\/01\/cropped-omnia-300x300.jpg 300w, https:\/\/bloc.xarxa-omnia.org\/blogomniapubilla\/files\/2016\/01\/cropped-omnia-270x270.jpg 270w, https:\/\/bloc.xarxa-omnia.org\/blogomniapubilla\/files\/2016\/01\/cropped-omnia-192x192.jpg 192w, https:\/\/bloc.xarxa-omnia.org\/blogomniapubilla\/files\/2016\/01\/cropped-omnia-180x180.jpg 180w, https:\/\/bloc.xarxa-omnia.org\/blogomniapubilla\/files\/2016\/01\/cropped-omnia-32x32.jpg 32w\" \/><div class=\"post-action btn btn-skin-dark-shaded inverted\"><a href=\"https:\/\/bloc.xarxa-omnia.org\/blogomniapubilla\/files\/2016\/01\/cropped-omnia.jpg\" class=\"icn-expand\" data-lb-type=\"grouped-gallery\"><\/a><\/div>\r\n                        <\/div><\/figure>\r\n                  <\/div>\n\n<p>&nbsp;<\/p>\n<p>&nbsp;<\/p>\n<p>&nbsp;<\/p>\n<p>&nbsp;<\/p>\n<p>&nbsp;<\/p>\n<p><img loading=\"lazy\" decoding=\"async\" class=\"aligncenter size-full wp-image-7\" src=\"http:\/\/xarxaomnia.gencat.cat\/blocs\/blogomniapubilla\/files\/2016\/01\/omnia.jpg\" alt=\"omnia\" width=\"960\" height=\"720\" \/><\/p>\n","protected":false},"excerpt":{"rendered":"<p>El Punt \u00d2mnia Pubilla Cases Can Vidalet es troba a la Pla\u00e7a de la B\u00f2bila, entre els barris de Pubilla Cases (L&#8217;Hospitalet de Llobregat) i Can Vidalet (Esplugues de Llobregat). Aix\u00ed doncs, els nostres usuaris i usu\u00e0ries provenen d&#8217;ambdues ciutats. El Punt es va inaugurar l&#8217;any 1999. Des d&#8217;aleshores, s\u00f3n molts els cursos i tallers [&hellip;]<\/p>\n","protected":false},"author":176,"featured_media":0,"parent":0,"menu_order":0,"comment_status":"closed","ping_status":"closed","template":"","meta":{"footnotes":""},"class_list":["post-47","page","type-page","status-publish","czr-hentry"],"_links":{"self":[{"href":"https:\/\/bloc.xarxa-omnia.org\/blogomniapubilla\/wp-json\/wp\/v2\/pages\/47","targetHints":{"allow":["GET"]}}],"collection":[{"href":"https:\/\/bloc.xarxa-omnia.org\/blogomniapubilla\/wp-json\/wp\/v2\/pages"}],"about":[{"href":"https:\/\/bloc.xarxa-omnia.org\/blogomniapubilla\/wp-json\/wp\/v2\/types\/page"}],"author":[{"embeddable":true,"href":"https:\/\/bloc.xarxa-omnia.org\/blogomniapubilla\/wp-json\/wp\/v2\/users\/176"}],"replies":[{"embeddable":true,"href":"https:\/\/bloc.xarxa-omnia.org\/blogomniapubilla\/wp-json\/wp\/v2\/comments?post=47"}],"version-history":[{"count":5,"href":"https:\/\/bloc.xarxa-omnia.org\/blogomniapubilla\/wp-json\/wp\/v2\/pages\/47\/revisions"}],"predecessor-version":[{"id":549,"href":"https:\/\/bloc.xarxa-omnia.org\/blogomniapubilla\/wp-json\/wp\/v2\/pages\/47\/revisions\/549"}],"wp:attachment":[{"href":"https:\/\/bloc.xarxa-omnia.org\/blogomniapubilla\/wp-json\/wp\/v2\/media?parent=47"}],"curies":[{"name":"wp","href":"https:\/\/api.w.org\/{rel}","templated":true}]}}