{"id":13,"date":"2008-09-22T13:34:10","date_gmt":"2008-09-22T11:34:10","guid":{"rendered":"http:\/\/blog.xarxa-omnia.org\/boletquest\/com-es-cullen-els-bolets\/"},"modified":"2008-10-06T19:33:38","modified_gmt":"2008-10-06T17:33:38","slug":"com-es-cullen-els-bolets","status":"publish","type":"page","link":"https:\/\/bloc.xarxa-omnia.org\/boletquest\/recursos\/com-es-cullen-els-bolets\/","title":{"rendered":"Com es cullen els bolets?"},"content":{"rendered":"<p>Un\/a bon\/a boletaire sap que amb unes senzilles precaucions podem respectar el bosc i aconseguir que cada any continuen havent-hi bolets:<img loading=\"lazy\" decoding=\"async\" src=\"http:\/\/blog.xarxa-omnia.org\/boletquest\/files\/2008\/09\/150px-boletus_edulis_11.thumbnail.jpg\" alt=\"Boletus Edulis\" width=\"77\" align=\"right\" height=\"103\" hspace=\"20\" \/><\/p>\n<ul>\n<li>Les recomanacions de la Generalitat de Catalunya les trobareu <a href=\"http:\/\/www.gencat.cat\/especial\/bolets\/cat\/collir.htm\" target=\"_blank\">aqu\u00ed<\/a>.<\/li>\n<li>A l&#8217;hora de collir bolets, el millor es anar amb molt de seny, com ens recomana aquest web de <a href=\"http:\/\/www.catalunyasud.net\/bolets.htm\" target=\"_blank\">Catalunya Sud.<\/a><\/li>\n<li>A l&#8217;hemeroteca de lamalla.cat teniu <a href=\"http:\/\/www.lamalla.cat\/petita_malla\/el_tema\/article?ids=178569\" target=\"_blank\">aquest article<\/a> amb consells per ser un\/a bon\/a boletaire.<\/li>\n<\/ul>\n<table>\n<tr>\n<td bgcolor=\"#fbf9e0\"><img decoding=\"async\" src=\"http:\/\/blog.xarxa-omnia.org\/boletquest\/files\/2008\/09\/ames_petit__taronja_fonsbeige.png\" \/>Per estar al dia en<strong> not\u00edcies sobre ecologia<\/strong>, consulta<a href=\"http:\/\/topverde.com\/\" target=\"_blank\"> topverde.com,<\/a> un web on els usuaris poden enviar les seves not\u00edcies i votar les m\u00e9s interessants per qu\u00e8 surtin en portada. Et pots subscriure als diferents canals rss per rebre les \u00faltimes novetats (castell\u00e0).<\/td>\n<\/tr>\n<\/table>\n","protected":false},"excerpt":{"rendered":"<p>Un\/a bon\/a boletaire sap que amb unes senzilles precaucions podem respectar el bosc i aconseguir que cada any continuen havent-hi bolets: Les recomanacions de la Generalitat de Catalunya les trobareu aqu\u00ed. A l&#8217;hora de collir bolets, el millor es anar amb molt de seny, com ens recomana aquest web de Catalunya Sud. A l&#8217;hemeroteca de [&hellip;]<\/p>\n","protected":false},"author":61,"featured_media":0,"parent":4,"menu_order":5,"comment_status":"open","ping_status":"open","template":"","meta":{"ngg_post_thumbnail":0,"footnotes":""},"class_list":["post-13","page","type-page","status-publish","hentry"],"_links":{"self":[{"href":"https:\/\/bloc.xarxa-omnia.org\/boletquest\/wp-json\/wp\/v2\/pages\/13","targetHints":{"allow":["GET"]}}],"collection":[{"href":"https:\/\/bloc.xarxa-omnia.org\/boletquest\/wp-json\/wp\/v2\/pages"}],"about":[{"href":"https:\/\/bloc.xarxa-omnia.org\/boletquest\/wp-json\/wp\/v2\/types\/page"}],"author":[{"embeddable":true,"href":"https:\/\/bloc.xarxa-omnia.org\/boletquest\/wp-json\/wp\/v2\/users\/61"}],"replies":[{"embeddable":true,"href":"https:\/\/bloc.xarxa-omnia.org\/boletquest\/wp-json\/wp\/v2\/comments?post=13"}],"version-history":[{"count":0,"href":"https:\/\/bloc.xarxa-omnia.org\/boletquest\/wp-json\/wp\/v2\/pages\/13\/revisions"}],"up":[{"embeddable":true,"href":"https:\/\/bloc.xarxa-omnia.org\/boletquest\/wp-json\/wp\/v2\/pages\/4"}],"wp:attachment":[{"href":"https:\/\/bloc.xarxa-omnia.org\/boletquest\/wp-json\/wp\/v2\/media?parent=13"}],"curies":[{"name":"wp","href":"https:\/\/api.w.org\/{rel}","templated":true}]}}