{"id":14,"date":"2008-09-22T13:35:34","date_gmt":"2008-09-22T11:35:34","guid":{"rendered":"http:\/\/blog.xarxa-omnia.org\/boletquest\/tasca\/i-per-menjar-me-los\/"},"modified":"2008-10-06T13:22:36","modified_gmt":"2008-10-06T11:22:36","slug":"i-per-menjar-me-los","status":"publish","type":"page","link":"https:\/\/bloc.xarxa-omnia.org\/boletquest\/recursos\/i-per-menjar-me-los\/","title":{"rendered":"I, per menjar-me&#8217;ls?"},"content":{"rendered":"<p><a href=\"http:\/\/blog.xarxa-omnia.org\/boletquest\/files\/2008\/09\/crema_de_bolets.jpg\" target=\"_blank\" title=\"crema de bolets\"><img decoding=\"async\" src=\"http:\/\/blog.xarxa-omnia.org\/boletquest\/files\/2008\/09\/crema_de_bolets.thumbnail.jpg\" alt=\"crema de bolets\" align=\"right\" \/><\/a>Hi ha un munt de receptes a la xarxa, aquests s\u00f3n nom\u00e9s uns pocs enlla\u00e7os&#8230; Bon profit!<\/p>\n<ul>\n<li>Secci\u00f3 de receptes del programa <a href=\"http:\/\/www.tv3.cat\/ptv3\/tv3ProgramaSeccio.jsp?idint=214613686\" target=\"_blank\">Ca\u00e7adors de bolets<\/a>.<\/li>\n<li>Receptes d&#8217;<a href=\"http:\/\/www.edu365.cat\/eduradio\/solucio\/les_receptes_de_la_solucio_archivos\/bolets.htm\" target=\"_blank\">edu365<\/a>.<\/li>\n<li>Receptes de <a href=\"http:\/\/www.cantarela.org\/recetas.php\" target=\"_blank\">cantarela.org<\/a> (en castell\u00e0).<\/li>\n<li>Receptes del bloc <a href=\"http:\/\/www.gustperlacuina.com\/2007\/07\/receptes-de-bolets.html\" target=\"_blank\">gustperlacuina.com<\/a>.<\/li>\n<li><a href=\"http:\/\/www.receptes.cat\/category\/els-bolets\/\" target=\"_blank\">Receptes.cat<\/a> sobre bolets.<\/li>\n<\/ul>\n<table>\n<tr>\n<td bgcolor=\"#fbf9e0\"><img decoding=\"async\" src=\"http:\/\/blog.xarxa-omnia.org\/boletquest\/files\/2008\/09\/ames_petit__taronja_fonsbeige.png\" \/>De vegades no sabem exactament quin plat menjar\u00edem, per\u00f2 s\u00ed que tenim algunes idees sobre qu\u00e8 ens vindria de gust. El web <a href=\"http:\/\/www.cookthink.com\/\" target=\"_blank\">www.cookthink.com<\/a> et proposa <strong>receptes<\/strong> basades en quatre par\u00e0metres que tu li dones: un ingredient, un tipus de plat, una regi\u00f3 del m\u00f3n i un estat d&#8217;\u00e0nim (en angl\u00e8s).<\/td>\n<\/tr>\n<\/table>\n","protected":false},"excerpt":{"rendered":"<p>Hi ha un munt de receptes a la xarxa, aquests s\u00f3n nom\u00e9s uns pocs enlla\u00e7os&#8230; Bon profit! Secci\u00f3 de receptes del programa Ca\u00e7adors de bolets. Receptes d&#8217;edu365. Receptes de cantarela.org (en castell\u00e0). Receptes del bloc gustperlacuina.com. Receptes.cat sobre bolets. De vegades no sabem exactament quin plat menjar\u00edem, per\u00f2 s\u00ed que tenim algunes idees sobre qu\u00e8 [&hellip;]<\/p>\n","protected":false},"author":61,"featured_media":0,"parent":4,"menu_order":6,"comment_status":"open","ping_status":"open","template":"","meta":{"ngg_post_thumbnail":0,"footnotes":""},"class_list":["post-14","page","type-page","status-publish","hentry"],"_links":{"self":[{"href":"https:\/\/bloc.xarxa-omnia.org\/boletquest\/wp-json\/wp\/v2\/pages\/14","targetHints":{"allow":["GET"]}}],"collection":[{"href":"https:\/\/bloc.xarxa-omnia.org\/boletquest\/wp-json\/wp\/v2\/pages"}],"about":[{"href":"https:\/\/bloc.xarxa-omnia.org\/boletquest\/wp-json\/wp\/v2\/types\/page"}],"author":[{"embeddable":true,"href":"https:\/\/bloc.xarxa-omnia.org\/boletquest\/wp-json\/wp\/v2\/users\/61"}],"replies":[{"embeddable":true,"href":"https:\/\/bloc.xarxa-omnia.org\/boletquest\/wp-json\/wp\/v2\/comments?post=14"}],"version-history":[{"count":0,"href":"https:\/\/bloc.xarxa-omnia.org\/boletquest\/wp-json\/wp\/v2\/pages\/14\/revisions"}],"up":[{"embeddable":true,"href":"https:\/\/bloc.xarxa-omnia.org\/boletquest\/wp-json\/wp\/v2\/pages\/4"}],"wp:attachment":[{"href":"https:\/\/bloc.xarxa-omnia.org\/boletquest\/wp-json\/wp\/v2\/media?parent=14"}],"curies":[{"name":"wp","href":"https:\/\/api.w.org\/{rel}","templated":true}]}}