{"id":9,"date":"2008-09-22T13:29:24","date_gmt":"2008-09-22T11:29:24","guid":{"rendered":"http:\/\/blog.xarxa-omnia.org\/boletquest\/que-fa-falta-per-collir-els-bolets\/"},"modified":"2008-09-30T14:02:46","modified_gmt":"2008-09-30T12:02:46","slug":"que-fa-falta-per-collir-els-bolets","status":"publish","type":"page","link":"https:\/\/bloc.xarxa-omnia.org\/boletquest\/recursos\/que-fa-falta-per-collir-els-bolets\/","title":{"rendered":"Qu\u00e8 fa falta per collir els bolets?"},"content":{"rendered":"<p>Anar a collir bolets no es pot improvisar, primer de tot, hem de preparar-nos! Resolent els seg\u00fcents mots encreuats podr\u00e0s fer-te una llista de les parts de l&#8217;equip complet d&#8217;un\/a bon\/a boletaire.<\/p>\n<div id=\"mots_encreuats\">\n<iframe loading=\"lazy\" src=\"http:\/\/blog.xarxa-omnia.org\/wp-content\/themes\/boletquest\/mots_encreuats.htm\" scrolling=\"no\" width=\"550\" height=\"540\" border=0><\/iframe>\n<\/div>\n<p>Si tens dubtes, consulta <a href=\"http:\/\/www.micologia.net\/campo\/campo.htm\" target=\"_blank\">aquesta p\u00e0gina<\/a> de micologia.net (en castell\u00e0).<\/p>\n<table>\n<tr>\n<td bgcolor=\"#fbf9e0\"><img decoding=\"async\" src=\"http:\/\/blog.xarxa-omnia.org\/boletquest\/files\/2008\/09\/ames_petit__taronja_fonsbeige.png\" \/>Consulteu abans de sortir la<strong> previsi\u00f3 del temps<\/strong> amb el<em> Wundermap<\/em> de <a href=\"http:\/\/www.wunderground.com\/wundermap\/\" target=\"_blank\">www.wunderground.com<\/a>,\u00a0 una eina en l\u00ednia per con\u00e8ixer les condicions climatol\u00f2giques de qualsevol part del m\u00f3n, en uns pocs clics (en angl\u00e8s).<\/td>\n<\/tr>\n<\/table>\n","protected":false},"excerpt":{"rendered":"<p>Anar a collir bolets no es pot improvisar, primer de tot, hem de preparar-nos! Resolent els seg\u00fcents mots encreuats podr\u00e0s fer-te una llista de les parts de l&#8217;equip complet d&#8217;un\/a bon\/a boletaire. Si tens dubtes, consulta aquesta p\u00e0gina de micologia.net (en castell\u00e0). Consulteu abans de sortir la previsi\u00f3 del temps amb el Wundermap de www.wunderground.com,\u00a0 [&hellip;]<\/p>\n","protected":false},"author":61,"featured_media":0,"parent":4,"menu_order":1,"comment_status":"open","ping_status":"open","template":"","meta":{"ngg_post_thumbnail":0,"footnotes":""},"class_list":["post-9","page","type-page","status-publish","hentry"],"_links":{"self":[{"href":"https:\/\/bloc.xarxa-omnia.org\/boletquest\/wp-json\/wp\/v2\/pages\/9","targetHints":{"allow":["GET"]}}],"collection":[{"href":"https:\/\/bloc.xarxa-omnia.org\/boletquest\/wp-json\/wp\/v2\/pages"}],"about":[{"href":"https:\/\/bloc.xarxa-omnia.org\/boletquest\/wp-json\/wp\/v2\/types\/page"}],"author":[{"embeddable":true,"href":"https:\/\/bloc.xarxa-omnia.org\/boletquest\/wp-json\/wp\/v2\/users\/61"}],"replies":[{"embeddable":true,"href":"https:\/\/bloc.xarxa-omnia.org\/boletquest\/wp-json\/wp\/v2\/comments?post=9"}],"version-history":[{"count":0,"href":"https:\/\/bloc.xarxa-omnia.org\/boletquest\/wp-json\/wp\/v2\/pages\/9\/revisions"}],"up":[{"embeddable":true,"href":"https:\/\/bloc.xarxa-omnia.org\/boletquest\/wp-json\/wp\/v2\/pages\/4"}],"wp:attachment":[{"href":"https:\/\/bloc.xarxa-omnia.org\/boletquest\/wp-json\/wp\/v2\/media?parent=9"}],"curies":[{"name":"wp","href":"https:\/\/api.w.org\/{rel}","templated":true}]}}