{"id":13,"date":"2013-05-03T15:05:58","date_gmt":"2013-05-03T13:05:58","guid":{"rendered":"http:\/\/blog.xarxa-omnia.org\/bonusxarxessocials\/grups-perillosos-a-les-xarxes-socials\/"},"modified":"2013-06-10T12:03:53","modified_gmt":"2013-06-10T10:03:53","slug":"cyberbullying","status":"publish","type":"page","link":"https:\/\/bloc.xarxa-omnia.org\/bonusxarxessocials\/cyberbullying\/","title":{"rendered":"<em>Cyberbullying<\/em>"},"content":{"rendered":"<p><big><img decoding=\"async\" class=\"alignleft size-full wp-image-65\" title=\"Icona_idea\" src=\"http:\/\/blog.xarxa-omnia.org\/bonusxarxessocials\/files\/2013\/05\/1369671838_idea.png\" alt=\"Icona d'idea\" width=\"75\" \/>El <em>cyberbullying<\/em> \u00e9s el ciberassetjament escolar, a trav\u00e9s de les xarxes socials i de xats.<\/p>\n<p><img decoding=\"async\" class=\"alignleft size-full wp-image-67\" title=\"Icona lupa\" src=\"http:\/\/blog.xarxa-omnia.org\/bonusxarxessocials\/files\/2013\/05\/1369671850_search.png\" alt=\"Icona de lupa\" width=\"75\" \/>Mira<a href=\"http:\/\/www.youtube.com\/watch?v=WOAbbZhIDQA\"> aquest v\u00eddeo a Youtube<\/a><br \/>\n<center><iframe loading=\"lazy\" width=\"420\" height=\"315\" src=\"http:\/\/www.youtube.com\/embed\/WOAbbZhIDQA\" frameborder=\"0\" allowfullscreen><\/iframe><\/center><\/p>\n<p><img decoding=\"async\" src=\"http:\/\/blog.xarxa-omnia.org\/bonusxarxessocials\/files\/2013\/05\/1369671860_add-chat.png\" alt=\"Icona per debatre\" title=\"Icona de xat\" width=\"75\" class=\"alignleft size-full wp-image-68\" \/><strong>Coneixeu casos propers o amb repercussi\u00f3 medi\u00e0tica? Com podem detectar-los? Quines conseq\u00fc\u00e8ncies tenen?<\/strong><\/big><\/p>\n","protected":false},"excerpt":{"rendered":"<p>El cyberbullying \u00e9s el ciberassetjament escolar, a trav\u00e9s de les xarxes socials i de xats. Mira aquest v\u00eddeo a Youtube Coneixeu casos propers o amb repercussi\u00f3 medi\u00e0tica? Com podem detectar-los? Quines conseq\u00fc\u00e8ncies tenen?<\/p>\n","protected":false},"author":61,"featured_media":0,"parent":0,"menu_order":5,"comment_status":"open","ping_status":"open","template":"","meta":{"footnotes":""},"class_list":["post-13","page","type-page","status-publish","hentry"],"_links":{"self":[{"href":"https:\/\/bloc.xarxa-omnia.org\/bonusxarxessocials\/wp-json\/wp\/v2\/pages\/13","targetHints":{"allow":["GET"]}}],"collection":[{"href":"https:\/\/bloc.xarxa-omnia.org\/bonusxarxessocials\/wp-json\/wp\/v2\/pages"}],"about":[{"href":"https:\/\/bloc.xarxa-omnia.org\/bonusxarxessocials\/wp-json\/wp\/v2\/types\/page"}],"author":[{"embeddable":true,"href":"https:\/\/bloc.xarxa-omnia.org\/bonusxarxessocials\/wp-json\/wp\/v2\/users\/61"}],"replies":[{"embeddable":true,"href":"https:\/\/bloc.xarxa-omnia.org\/bonusxarxessocials\/wp-json\/wp\/v2\/comments?post=13"}],"version-history":[{"count":18,"href":"https:\/\/bloc.xarxa-omnia.org\/bonusxarxessocials\/wp-json\/wp\/v2\/pages\/13\/revisions"}],"predecessor-version":[{"id":212,"href":"https:\/\/bloc.xarxa-omnia.org\/bonusxarxessocials\/wp-json\/wp\/v2\/pages\/13\/revisions\/212"}],"wp:attachment":[{"href":"https:\/\/bloc.xarxa-omnia.org\/bonusxarxessocials\/wp-json\/wp\/v2\/media?parent=13"}],"curies":[{"name":"wp","href":"https:\/\/api.w.org\/{rel}","templated":true}]}}