{"id":3,"date":"2012-12-12T11:02:06","date_gmt":"2012-12-12T09:02:06","guid":{"rendered":"http:\/\/blog.xarxa-omnia.org\/comic\/?page_id=3"},"modified":"2012-12-21T12:37:47","modified_gmt":"2012-12-21T10:37:47","slug":"inici","status":"publish","type":"page","link":"https:\/\/bloc.xarxa-omnia.org\/comic\/","title":{"rendered":"Inici"},"content":{"rendered":"<p style=\"text-align: left;\">El <strong>c\u00f2mic<\/strong> \u00e9s un g\u00e8nere popular, tant entre els m\u00e9s menuts com per als joves i els adults. A m\u00e9s a m\u00e9s, t\u00e9 un <strong>component l\u00fadic<\/strong> amb moltes <a title=\"Aplicacions pedag\u00f2giques dels c\u00f2mics\" href=\"http:\/\/blog.xarxa-omnia.org\/comic\/aplicacions\/\">aplicacions pedag\u00f2giques<\/a>, que podem aprofitar als punts \u00d2mnia.<\/p>\n<p>Aquest recull de recursos en l\u00ednia per la creaci\u00f3 de c\u00f2mics va ser comen\u00e7at per <strong>Antoni Luque<\/strong> del Punt \u00d2mnia Verdum. Inclou recomanacions de <strong>Marc Pasqual<\/strong>, dinamitzador del Punt \u00d2mnia del Casal dels Infants del Raval.<\/p>\n<p><a href=\"http:\/\/blog.xarxa-omnia.org\/comic\/\/files\/eines.png\"><img decoding=\"async\" class=\"aligncenter\" title=\"eines\" src=\"http:\/\/blog.xarxa-omnia.org\/comic\/\/files\/eines.png\" alt=\"Exemple fet amb Creaza\" width=\"500\" \/><\/a><\/p>\n<p>Si voleu fer alguna aportaci\u00f3 m\u00e9s, escriviu a seguiment(arrova)xarxa-omnia.org o <strong>deseu un comentari<\/strong> en aquesta p\u00e0gina.<\/p>\n","protected":false},"excerpt":{"rendered":"<p>El c\u00f2mic \u00e9s un g\u00e8nere popular, tant entre els m\u00e9s menuts com per als joves i els adults. A m\u00e9s a m\u00e9s, t\u00e9 un component l\u00fadic amb moltes aplicacions pedag\u00f2giques, que podem aprofitar als punts \u00d2mnia. Aquest recull de recursos en l\u00ednia per la creaci\u00f3 de c\u00f2mics va ser comen\u00e7at per Antoni Luque del Punt [&hellip;]<\/p>\n","protected":false},"author":61,"featured_media":0,"parent":0,"menu_order":1,"comment_status":"open","ping_status":"open","template":"","meta":{"footnotes":""},"class_list":["post-3","page","type-page","status-publish","hentry"],"_links":{"self":[{"href":"https:\/\/bloc.xarxa-omnia.org\/comic\/wp-json\/wp\/v2\/pages\/3","targetHints":{"allow":["GET"]}}],"collection":[{"href":"https:\/\/bloc.xarxa-omnia.org\/comic\/wp-json\/wp\/v2\/pages"}],"about":[{"href":"https:\/\/bloc.xarxa-omnia.org\/comic\/wp-json\/wp\/v2\/types\/page"}],"author":[{"embeddable":true,"href":"https:\/\/bloc.xarxa-omnia.org\/comic\/wp-json\/wp\/v2\/users\/61"}],"replies":[{"embeddable":true,"href":"https:\/\/bloc.xarxa-omnia.org\/comic\/wp-json\/wp\/v2\/comments?post=3"}],"version-history":[{"count":25,"href":"https:\/\/bloc.xarxa-omnia.org\/comic\/wp-json\/wp\/v2\/pages\/3\/revisions"}],"predecessor-version":[{"id":5,"href":"https:\/\/bloc.xarxa-omnia.org\/comic\/wp-json\/wp\/v2\/pages\/3\/revisions\/5"}],"wp:attachment":[{"href":"https:\/\/bloc.xarxa-omnia.org\/comic\/wp-json\/wp\/v2\/media?parent=3"}],"curies":[{"name":"wp","href":"https:\/\/api.w.org\/{rel}","templated":true}]}}