{"id":1131,"date":"2025-02-11T11:28:30","date_gmt":"2025-02-11T09:28:30","guid":{"rendered":"https:\/\/bloc.xarxa-omnia.org\/cpquatrecamins\/?page_id=1131"},"modified":"2025-02-12T16:31:16","modified_gmt":"2025-02-12T14:31:16","slug":"andromines","status":"publish","type":"page","link":"https:\/\/bloc.xarxa-omnia.org\/cpquatrecamins\/andromines\/","title":{"rendered":"ANDR\u00d2MINES"},"content":{"rendered":"\n<figure class=\"wp-block-image size-full is-resized\"><img loading=\"lazy\" decoding=\"async\" width=\"832\" height=\"311\" src=\"http:\/\/bloc.xarxa-omnia.org\/cpquatrecamins\/files\/2024\/06\/andromines-1.png\" alt=\"\" class=\"wp-image-838\" style=\"width:332px;height:auto\" \/><\/figure>\n\n\n\n<h3 class=\"wp-block-heading has-medium-font-size\">1. QUI SOM?<\/h3>\n\n\n\n<p class=\"has-medium-font-size\"><strong>Andr\u00f2mines<\/strong> \u00e9s una associaci\u00f3 social amb m\u00e9s de 25 anys d&#8217;experi\u00e8ncia, treballant per la inclusi\u00f3 social i laboral de persones en situaci\u00f3 de vulnerabilitat, amb especial atenci\u00f3 a la formaci\u00f3 i la sostenibilitat.<\/p>\n\n\n\n<h3 class=\"wp-block-heading has-medium-font-size\">2. QU\u00c8 FEM?<\/h3>\n\n\n\n<p class=\"has-medium-font-size\">Oferim formaci\u00f3 professionalitzadora, inserci\u00f3 laboral i serveis socials, destacant iniciatives com el <strong>Programa Alfadigital<\/strong>, que fomenta l&#8217;alfabetitzaci\u00f3 digital en centres penitenciaris i la reinserci\u00f3 laboral dels interns.<\/p>\n\n\n\n<p class=\"has-medium-font-size\"><strong>3. DINS DE QUATRE CAMINS:<\/strong><\/p>\n\n\n\n<p class=\"has-medium-font-size\">A <strong>Quatre Camins<\/strong>, <strong>Andr\u00f2mines<\/strong> desenvolupa el <strong>Programa Alfadigital<\/strong>, que busca promoure l&#8217;alfabetitzaci\u00f3 digital a trav\u00e9s de la formaci\u00f3 en TIC per a interns de centres penitenciaris. El projecte inclou dues l\u00ednies d\u2019acci\u00f3: una t\u00e8cnica, que abasta la creaci\u00f3 de xarxes i la formaci\u00f3 d\u2019infraestructures digitals, i una altra de dinamitzaci\u00f3 cultural, amb tallers com els de rob\u00f2tica i realitat virtual per afavorir la reinserci\u00f3 laboral. Aquest programa permet als participants adquirir compet\u00e8ncies digitals \u00fatils per a la seva vida laboral futura.<\/p>\n\n\n\n<h3 class=\"wp-block-heading has-medium-font-size\">4. FORA DE QUATRE CAMINS:<\/h3>\n\n\n\n<p class=\"has-medium-font-size\">A m\u00e9s de la tasca en els centres penitenciaris, oferim una \u00e0mplia gamma de serveis <strong>ambientals<\/strong>, com la gesti\u00f3 de residus i la formaci\u00f3 ambiental per a empreses, administracions p\u00fabliques i particulars. Tamb\u00e9 oferim serveis de <strong>formaci\u00f3, inserci\u00f3 i intermediaci\u00f3 laboral<\/strong>, dissenyant cursos personalitzats per a empreses i persones en situaci\u00f3 de risc d&#8217;exclusi\u00f3, a m\u00e9s de serveis inform\u00e0tics i d&#8217;atenci\u00f3 social.<\/p>\n\n\n\n<h3 class=\"wp-block-heading has-medium-font-size\">5. ON SOM?<\/h3>\n\n\n\n<p class=\"has-medium-font-size\">Estem ubicats a Barcelona, amb una forta pres\u00e8ncia a tota Catalunya, incloent els nostres projectes en centres penitenciaris i altres activitats en diversos municipis.<\/p>\n","protected":false},"excerpt":{"rendered":"<p>1. QUI SOM? Andr\u00f2mines \u00e9s una associaci\u00f3 social amb m\u00e9s de 25 anys d&#8217;experi\u00e8ncia, treballant per la inclusi\u00f3 social i laboral de persones en situaci\u00f3 de vulnerabilitat, amb especial atenci\u00f3 a la formaci\u00f3 i la sostenibilitat. 2. QU\u00c8 FEM? Oferim formaci\u00f3 professionalitzadora, inserci\u00f3 laboral i serveis socials, destacant iniciatives com el Programa Alfadigital, que fomenta [&hellip;]<\/p>\n","protected":false},"author":209,"featured_media":838,"parent":0,"menu_order":0,"comment_status":"closed","ping_status":"closed","template":"","meta":{"footnotes":""},"class_list":["post-1131","page","type-page","status-publish","has-post-thumbnail","czr-hentry"],"_links":{"self":[{"href":"https:\/\/bloc.xarxa-omnia.org\/cpquatrecamins\/wp-json\/wp\/v2\/pages\/1131","targetHints":{"allow":["GET"]}}],"collection":[{"href":"https:\/\/bloc.xarxa-omnia.org\/cpquatrecamins\/wp-json\/wp\/v2\/pages"}],"about":[{"href":"https:\/\/bloc.xarxa-omnia.org\/cpquatrecamins\/wp-json\/wp\/v2\/types\/page"}],"author":[{"embeddable":true,"href":"https:\/\/bloc.xarxa-omnia.org\/cpquatrecamins\/wp-json\/wp\/v2\/users\/209"}],"replies":[{"embeddable":true,"href":"https:\/\/bloc.xarxa-omnia.org\/cpquatrecamins\/wp-json\/wp\/v2\/comments?post=1131"}],"version-history":[{"count":2,"href":"https:\/\/bloc.xarxa-omnia.org\/cpquatrecamins\/wp-json\/wp\/v2\/pages\/1131\/revisions"}],"predecessor-version":[{"id":1203,"href":"https:\/\/bloc.xarxa-omnia.org\/cpquatrecamins\/wp-json\/wp\/v2\/pages\/1131\/revisions\/1203"}],"wp:featuredmedia":[{"embeddable":true,"href":"https:\/\/bloc.xarxa-omnia.org\/cpquatrecamins\/wp-json\/wp\/v2\/media\/838"}],"wp:attachment":[{"href":"https:\/\/bloc.xarxa-omnia.org\/cpquatrecamins\/wp-json\/wp\/v2\/media?parent=1131"}],"curies":[{"name":"wp","href":"https:\/\/api.w.org\/{rel}","templated":true}]}}

ANDRÒMINES

<figure class="wp-block-image size-full is-resized"><img loading="lazy" decoding="async" width="832" height="311" src="http://bloc.xarxa-omnia.org/cpquatrecamins/files/2024/06/andromines-1.png" alt="" class="wp-image-838" style="width:332px;height:auto" /></figure>



<h3 class="wp-block-heading has-medium-font-size">1. QUI SOM?</h3>



<p class="has-medium-font-size"><strong>Andròmines</strong> és una associació social amb més de 25 anys d&#8217;experiència, treballant per la inclusió social i laboral de persones en situació de vulnerabilitat, amb especial atenció a la formació i la sostenibilitat.</p>



<h3 class="wp-block-heading has-medium-font-size">2. QUÈ FEM?</h3>



<p class="has-medium-font-size">Oferim formació professionalitzadora, inserció laboral i serveis socials, destacant iniciatives com el <strong>Programa Alfadigital</strong>, que fomenta l&#8217;alfabetització digital en centres penitenciaris i la reinserció laboral dels interns.</p>



<p class="has-medium-font-size"><strong>3. DINS DE QUATRE CAMINS:</strong></p>



<p class="has-medium-font-size">A <strong>Quatre Camins</strong>, <strong>Andròmines</strong> desenvolupa el <strong>Programa Alfadigital</strong>, que busca promoure l&#8217;alfabetització digital a través de la formació en TIC per a interns de centres penitenciaris. El projecte inclou dues línies d’acció: una tècnica, que abasta la creació de xarxes i la formació d’infraestructures digitals, i una altra de dinamització cultural, amb tallers com els de robòtica i realitat virtual per afavorir la reinserció laboral. Aquest programa permet als participants adquirir competències digitals útils per a la seva vida laboral futura.</p>



<h3 class="wp-block-heading has-medium-font-size">4. FORA DE QUATRE CAMINS:</h3>



<p class="has-medium-font-size">A més de la tasca en els centres penitenciaris, oferim una àmplia gamma de serveis <strong>ambientals</strong>, com la gestió de residus i la formació ambiental per a empreses, administracions públiques i particulars. També oferim serveis de <strong>formació, inserció i intermediació laboral</strong>, dissenyant cursos personalitzats per a empreses i persones en situació de risc d&#8217;exclusió, a més de serveis informàtics i d&#8217;atenció social.</p>



<h3 class="wp-block-heading has-medium-font-size">5. ON SOM?</h3>



<p class="has-medium-font-size">Estem ubicats a Barcelona, amb una forta presència a tota Catalunya, incloent els nostres projectes en centres penitenciaris i altres activitats en diversos municipis.</p>

<p>1. QUI SOM? Andròmines és una associació social amb més de 25 anys d&#8217;experiència, treballant per la inclusió social i laboral de persones en situació de vulnerabilitat, amb especial atenció a la formació i la sostenibilitat. 2. QUÈ FEM? Oferim formació professionalitzadora, inserció laboral i serveis socials, destacant iniciatives com el Programa Alfadigital, que fomenta [&hellip;]</p>
