{"id":1138,"date":"2025-02-11T11:30:48","date_gmt":"2025-02-11T09:30:48","guid":{"rendered":"https:\/\/bloc.xarxa-omnia.org\/cpquatrecamins\/?page_id=1138"},"modified":"2025-02-11T11:41:10","modified_gmt":"2025-02-11T09:41:10","slug":"orquestra-simfonica-del-valles","status":"publish","type":"page","link":"https:\/\/bloc.xarxa-omnia.org\/cpquatrecamins\/orquestra-simfonica-del-valles\/","title":{"rendered":"ORQUESTRA SIMF\u00d2NICA DEL VALL\u00c8S"},"content":{"rendered":"\n<figure class=\"wp-block-image size-full is-resized\"><img loading=\"lazy\" decoding=\"async\" width=\"619\" height=\"180\" src=\"http:\/\/bloc.xarxa-omnia.org\/cpquatrecamins\/files\/2024\/06\/orquestra-simfonica-1.jpg\" alt=\"\" class=\"wp-image-823\" style=\"width:363px;height:auto\" \/><\/figure>\n\n\n\n<p style=\"font-size:20px\"><strong>1.QUI SOM?<\/strong><\/p>\n\n\n\n<p style=\"font-size:20px\">ORQUESTRA SIMF\u00d2NICA DEL VALL\u00c8S (OSV)<\/p>\n\n\n\n<p style=\"font-size:20px\">Can\u00f2lich Prats (violonista)<\/p>\n\n\n\n<p style=\"font-size:20px\"><strong>2.QU\u00c8 FEM?<\/strong><\/p>\n\n\n\n<p style=\"font-size:20px\">Projecte \u201cKANON-DESENKADENANT\u201d (cont\u00e9 3 branques d\u2019acci\u00f3)<\/p>\n\n\n\n<ol class=\"wp-block-list\">\n<li class=\"has-medium-font-size\"> Classes de viol\u00ed a dins del centre.<\/li>\n\n\n\n<li class=\"has-medium-font-size\">Sortides Programades a assajos de l\u2019orquestra i Concerts-tert\u00falia, tallers, representacions per part de membres de l\u2019orquestra a dins del centre.<\/li>\n\n\n\n<li class=\"has-medium-font-size\">Classes de viol\u00ed gratu\u00eftes a la Seu de l\u2019OSV els 2 primers anys de reinserci\u00f3 pels interns que estan dins el projecte.<\/li>\n<\/ol>\n\n\n\n<p style=\"font-size:20px\"><strong>3.DINS DE QUATRE CAMINS:<\/strong><\/p>\n\n\n\n<ol class=\"wp-block-list\">\n<li class=\"has-medium-font-size\">Classes de viol\u00ed<\/li>\n\n\n\n<li class=\"has-medium-font-size\">Concerts, tallers, representacions.<\/li>\n<\/ol>\n\n\n\n<p style=\"font-size:20px\"><strong>4. FORA DE QUATRE CAMINS:<\/strong><\/p>\n\n\n\n<p style=\"font-size:20px\">3. Classes de viol\u00ed els 2 primers anys de reinserci\u00f3.<\/p>\n\n\n\n<p style=\"font-size:20px\"><strong>5.ON SOM?<\/strong><\/p>\n\n\n\n<p style=\"font-size:20px\">ORQUESTRA SIMF\u00d2NICA DEL VALL\u00c8S<\/p>\n\n\n\n<p style=\"font-size:20px\">c\/ Narc\u00eds Giralt, 40<\/p>\n\n\n\n<p style=\"font-size:20px\">08202 Sabadell<\/p>\n\n\n\n<p style=\"font-size:20px\">Tlf. 93 7270300<\/p>\n","protected":false},"excerpt":{"rendered":"<p>1.QUI SOM? ORQUESTRA SIMF\u00d2NICA DEL VALL\u00c8S (OSV) Can\u00f2lich Prats (violonista) 2.QU\u00c8 FEM? Projecte \u201cKANON-DESENKADENANT\u201d (cont\u00e9 3 branques d\u2019acci\u00f3) 3.DINS DE QUATRE CAMINS: 4. FORA DE QUATRE CAMINS: 3. Classes de viol\u00ed els 2 primers anys de reinserci\u00f3. 5.ON SOM? ORQUESTRA SIMF\u00d2NICA DEL VALL\u00c8S c\/ Narc\u00eds Giralt, 40 08202 Sabadell Tlf. 93 7270300<\/p>\n","protected":false},"author":209,"featured_media":823,"parent":0,"menu_order":0,"comment_status":"closed","ping_status":"closed","template":"","meta":{"footnotes":""},"class_list":["post-1138","page","type-page","status-publish","has-post-thumbnail","czr-hentry"],"_links":{"self":[{"href":"https:\/\/bloc.xarxa-omnia.org\/cpquatrecamins\/wp-json\/wp\/v2\/pages\/1138","targetHints":{"allow":["GET"]}}],"collection":[{"href":"https:\/\/bloc.xarxa-omnia.org\/cpquatrecamins\/wp-json\/wp\/v2\/pages"}],"about":[{"href":"https:\/\/bloc.xarxa-omnia.org\/cpquatrecamins\/wp-json\/wp\/v2\/types\/page"}],"author":[{"embeddable":true,"href":"https:\/\/bloc.xarxa-omnia.org\/cpquatrecamins\/wp-json\/wp\/v2\/users\/209"}],"replies":[{"embeddable":true,"href":"https:\/\/bloc.xarxa-omnia.org\/cpquatrecamins\/wp-json\/wp\/v2\/comments?post=1138"}],"version-history":[{"count":2,"href":"https:\/\/bloc.xarxa-omnia.org\/cpquatrecamins\/wp-json\/wp\/v2\/pages\/1138\/revisions"}],"predecessor-version":[{"id":1147,"href":"https:\/\/bloc.xarxa-omnia.org\/cpquatrecamins\/wp-json\/wp\/v2\/pages\/1138\/revisions\/1147"}],"wp:featuredmedia":[{"embeddable":true,"href":"https:\/\/bloc.xarxa-omnia.org\/cpquatrecamins\/wp-json\/wp\/v2\/media\/823"}],"wp:attachment":[{"href":"https:\/\/bloc.xarxa-omnia.org\/cpquatrecamins\/wp-json\/wp\/v2\/media?parent=1138"}],"curies":[{"name":"wp","href":"https:\/\/api.w.org\/{rel}","templated":true}]}}

ORQUESTRA SIMFÒNICA DEL VALLÈS

<figure class="wp-block-image size-full is-resized"><img loading="lazy" decoding="async" width="619" height="180" src="http://bloc.xarxa-omnia.org/cpquatrecamins/files/2024/06/orquestra-simfonica-1.jpg" alt="" class="wp-image-823" style="width:363px;height:auto" /></figure>



<p style="font-size:20px"><strong>1.QUI SOM?</strong></p>



<p style="font-size:20px">ORQUESTRA SIMFÒNICA DEL VALLÈS (OSV)</p>



<p style="font-size:20px">Canòlich Prats (violonista)</p>



<p style="font-size:20px"><strong>2.QUÈ FEM?</strong></p>



<p style="font-size:20px">Projecte “KANON-DESENKADENANT” (conté 3 branques d’acció)</p>



<ol class="wp-block-list">
<li class="has-medium-font-size"> Classes de violí a dins del centre.</li>



<li class="has-medium-font-size">Sortides Programades a assajos de l’orquestra i Concerts-tertúlia, tallers, representacions per part de membres de l’orquestra a dins del centre.</li>



<li class="has-medium-font-size">Classes de violí gratuïtes a la Seu de l’OSV els 2 primers anys de reinserció pels interns que estan dins el projecte.</li>
</ol>



<p style="font-size:20px"><strong>3.DINS DE QUATRE CAMINS:</strong></p>



<ol class="wp-block-list">
<li class="has-medium-font-size">Classes de violí</li>



<li class="has-medium-font-size">Concerts, tallers, representacions.</li>
</ol>



<p style="font-size:20px"><strong>4. FORA DE QUATRE CAMINS:</strong></p>



<p style="font-size:20px">3. Classes de violí els 2 primers anys de reinserció.</p>



<p style="font-size:20px"><strong>5.ON SOM?</strong></p>



<p style="font-size:20px">ORQUESTRA SIMFÒNICA DEL VALLÈS</p>



<p style="font-size:20px">c/ Narcís Giralt, 40</p>



<p style="font-size:20px">08202 Sabadell</p>



<p style="font-size:20px">Tlf. 93 7270300</p>

<p>1.QUI SOM? ORQUESTRA SIMFÒNICA DEL VALLÈS (OSV) Canòlich Prats (violonista) 2.QUÈ FEM? Projecte “KANON-DESENKADENANT” (conté 3 branques d’acció) 3.DINS DE QUATRE CAMINS: 4. FORA DE QUATRE CAMINS: 3. Classes de violí els 2 primers anys de reinserció. 5.ON SOM? ORQUESTRA SIMFÒNICA DEL VALLÈS c/ Narcís Giralt, 40 08202 Sabadell Tlf. 93 7270300</p>
