{"id":1160,"date":"2025-02-11T12:13:42","date_gmt":"2025-02-11T10:13:42","guid":{"rendered":"https:\/\/bloc.xarxa-omnia.org\/cpquatrecamins\/?page_id=1160"},"modified":"2025-02-11T12:13:43","modified_gmt":"2025-02-11T10:13:43","slug":"intress","status":"publish","type":"page","link":"https:\/\/bloc.xarxa-omnia.org\/cpquatrecamins\/intress\/","title":{"rendered":"INTRESS"},"content":{"rendered":"\n<figure class=\"wp-block-image size-full is-resized\"><img loading=\"lazy\" decoding=\"async\" width=\"924\" height=\"423\" src=\"http:\/\/bloc.xarxa-omnia.org\/cpquatrecamins\/files\/2025\/02\/logo-intress-transparent.png\" alt=\"\" class=\"wp-image-1156\" style=\"width:319px;height:auto\" \/><\/figure>\n\n\n\n<p style=\"font-size:20px\"><strong>1<\/strong>.<strong>QUI SOM?<\/strong><\/p>\n\n\n\n<p style=\"font-size:20px\">Intress \u00e9s una associaci\u00f3 sense \u00e0nim de lucre, amb 36 anys d&#8217;experi\u00e8ncia formada per diverses professionals que atenen a aquelles persones que en algun moment de la vida poden tenir una necessitat, puguin demanar i rebre suport. Intress gestiona des del 2016 el Servei d\u2019Acompanyament Postpenitenciari (SAPP) al conjunt dels territoris de Catalunya.<\/p>\n\n\n\n<p style=\"font-size:20px\"><strong>2.QU\u00c8 FEM?<\/strong><\/p>\n\n\n\n<p style=\"font-size:20px\"><strong>Surts en llibertat pr\u00f2ximament? Quines son les teves necessitats? Quines son les teves preocupacions quan estiguis al carrer? T\u2019agradaria tenir alg\u00fa amb qui comptar durant en aquest proc\u00e9s? Els professionals del Servei d\u2019Acompanyament Postpenitenciari ofereixen suport per preparar de la sortida.<\/strong><\/p>\n\n\n\n<p style=\"font-size:20px\">El Servei d\u2019Acompanyament Postpenitenciari \u00e9s un programa dirigit a persones excarcerades en r\u00e8gim de primer o segon grau de tractament penitenciari, que presenten una situaci\u00f3 d\u2019especial vulnerabilitat per la manca o fragilitat de la seva xarxa de suport.&nbsp; El Servei t\u00e9 la finalitat d\u2019oferir orientaci\u00f3 a les persones que aix\u00ed ho sol\u00b7liciten de forma volunt\u00e0ria, per a que puguin rebre un acompanyament professionalitzat, que els faciliti elements de connexi\u00f3 amb la xarxa social ordin\u00e0ria i comunit\u00e0ria.<\/p>\n\n\n\n<p style=\"font-size:20px\"><strong>3.DINS DE BRIANS2:<\/strong><\/p>\n\n\n\n<p style=\"font-size:20px\"><strong>Quan et quedin 6 mesos per la llibertat definitiva, pots enviar una inst\u00e0ncia al\/la Treballador\/a Social per demanar el Servei d\u2019Acompanyament Postpenitenciari.&nbsp; Ell\/a ens explica la teva demanda i 3 mesos abans de la teva llibertat definitiva venim a veure\u2019t a pres\u00f3. Ens trobarem al despatx d\u2019entrevistes del teu m\u00f2dul per escoltar-te i que puguis planificar la teva sortida pas a pas.<\/strong><\/p>\n\n\n\n<p style=\"font-size:20px\">Elaborem conjuntament un pla de treball de retorn a la comunitat, amb d\u2019una s\u00e8rie d\u2019activitats que es desenvolupen en \u00e0mbits com l\u2019autonomia personal, la promoci\u00f3 de la salut, l\u2019\u00e0mbit ocupacional &#8211; laboral i el jur\u00eddic \u2013 penal. Aquests \u00e0mbits es treballen en tots els moments de la intervenci\u00f3, respectant el proc\u00e9s de la persona, la voluntarietat i la presa de decisions pr\u00f2pia.<\/p>\n\n\n\n<p style=\"font-size:20px\"><strong>4.FORA DE BRIANS2:<\/strong><\/p>\n\n\n\n<p style=\"font-size:20px\"><strong>Un cop al carrer t\u2019acompanyem f\u00edsicament i per tel\u00e8fon per posar en marxa el que has planificat a pres\u00f3, com pot ser: cerca d\u2019un lloc on dormir, fer la paga d\u2019excarceraci\u00f3, gestions amb la documentaci\u00f3, fer el curr\u00edculum i cercar feina, con\u00e8ixer recursos de voluntariat, serveis de salut&#8230; i all\u00f2 que necessitis.<\/strong><\/p>\n\n\n\n<p style=\"font-size:20px\">L\u2019acompanyament en la comunitat t\u00e9 una durada de 8 mesos, durant els quals els i les professionals es desplacen al territori on es troba la persona per realitzar activitats de contacte amb la xarxa de recursos com: SBAS, xarxa p\u00fablica de salut; centres de dia; comunitat terap\u00e8utica; entitats d\u2019inserci\u00f3 i orientaci\u00f3 laboral i formativa; recursos de mediaci\u00f3 familiar; consolats; serveis d\u2019assist\u00e8ncia jur\u00eddica gratu\u00efta; etc.&nbsp; En aquells casos en que la persona mant\u00e9 vincles familiars tamb\u00e9 s\u2019ofereix un acompanyament amb la fam\u00edlia i\/o xarxa propera de la persona vinculada al SAPP.<\/p>\n\n\n\n<p style=\"font-size:20px\"><strong>5<\/strong>.<strong>ON SOM?<\/strong><\/p>\n\n\n\n<p style=\"font-size:20px\">Adre\u00e7a: carrer Santa Caterina 18 Barcelona (Sants. Tel: 670 24 28 82<\/p>\n\n\n\n<p style=\"font-size:20px\">Correu: <a href=\"mailto:sppbarcelona@intress.org\">sppbarcelona@intress.org<\/a>. <\/p>\n\n\n\n<p style=\"font-size:20px\">Pagina web <a href=\"https:\/\/www.intress.org\/proyectos\/justicia-comunitaria\/\">https:\/\/www.intress.org\/proyectos\/justicia-comunitaria\/<\/a><\/p>\n","protected":false},"excerpt":{"rendered":"<p>1.QUI SOM? Intress \u00e9s una associaci\u00f3 sense \u00e0nim de lucre, amb 36 anys d&#8217;experi\u00e8ncia formada per diverses professionals que atenen a aquelles persones que en algun moment de la vida poden tenir una necessitat, puguin demanar i rebre suport. Intress gestiona des del 2016 el Servei d\u2019Acompanyament Postpenitenciari (SAPP) al conjunt dels territoris de Catalunya. [&hellip;]<\/p>\n","protected":false},"author":209,"featured_media":1156,"parent":0,"menu_order":0,"comment_status":"closed","ping_status":"closed","template":"","meta":{"footnotes":""},"class_list":["post-1160","page","type-page","status-publish","has-post-thumbnail","czr-hentry"],"_links":{"self":[{"href":"https:\/\/bloc.xarxa-omnia.org\/cpquatrecamins\/wp-json\/wp\/v2\/pages\/1160","targetHints":{"allow":["GET"]}}],"collection":[{"href":"https:\/\/bloc.xarxa-omnia.org\/cpquatrecamins\/wp-json\/wp\/v2\/pages"}],"about":[{"href":"https:\/\/bloc.xarxa-omnia.org\/cpquatrecamins\/wp-json\/wp\/v2\/types\/page"}],"author":[{"embeddable":true,"href":"https:\/\/bloc.xarxa-omnia.org\/cpquatrecamins\/wp-json\/wp\/v2\/users\/209"}],"replies":[{"embeddable":true,"href":"https:\/\/bloc.xarxa-omnia.org\/cpquatrecamins\/wp-json\/wp\/v2\/comments?post=1160"}],"version-history":[{"count":1,"href":"https:\/\/bloc.xarxa-omnia.org\/cpquatrecamins\/wp-json\/wp\/v2\/pages\/1160\/revisions"}],"predecessor-version":[{"id":1162,"href":"https:\/\/bloc.xarxa-omnia.org\/cpquatrecamins\/wp-json\/wp\/v2\/pages\/1160\/revisions\/1162"}],"wp:featuredmedia":[{"embeddable":true,"href":"https:\/\/bloc.xarxa-omnia.org\/cpquatrecamins\/wp-json\/wp\/v2\/media\/1156"}],"wp:attachment":[{"href":"https:\/\/bloc.xarxa-omnia.org\/cpquatrecamins\/wp-json\/wp\/v2\/media?parent=1160"}],"curies":[{"name":"wp","href":"https:\/\/api.w.org\/{rel}","templated":true}]}}