{"id":1188,"date":"2025-02-12T15:41:39","date_gmt":"2025-02-12T13:41:39","guid":{"rendered":"https:\/\/bloc.xarxa-omnia.org\/cpquatrecamins\/?page_id=1188"},"modified":"2025-02-12T15:49:00","modified_gmt":"2025-02-12T13:49:00","slug":"associacio-gats-la-roca","status":"publish","type":"page","link":"https:\/\/bloc.xarxa-omnia.org\/cpquatrecamins\/associacio-gats-la-roca\/","title":{"rendered":"ASSOCIACI\u00d3 GATS LA ROCA"},"content":{"rendered":"\n<figure class=\"wp-block-image size-full is-resized\"><img loading=\"lazy\" decoding=\"async\" width=\"738\" height=\"768\" src=\"http:\/\/bloc.xarxa-omnia.org\/cpquatrecamins\/files\/2025\/02\/GATSLAROCA.jpg\" alt=\"\" class=\"wp-image-1150\" style=\"width:214px;height:auto\" \/><\/figure>\n\n\n\n<p class=\"has-medium-font-size\"><strong>1.QUI SOM?<\/strong><\/p>\n\n\n\n<p class=\"has-medium-font-size\">L\u2019associaci\u00f3 Gats la Roca, \u00e9s una associaci\u00f3 sense \u00e0nim de lucre creada per persones volunt\u00e0ries al 2014, per donar continu\u00eftat en l\u2019\u00e0mbit municipal al projecte Gats Quatre Camins, que es desenvolupava al centre penitenciari des del 2012.<\/p>\n\n\n\n<p class=\"has-medium-font-size\">Som un equip format per persones externes i persones privades de llibertat (que es troben en 100.2 o 3r graus) que tenen com a objectiu el control \u00e8tic de les col\u00f2nies de gats comunitaris del municipi de la Roca del Vall\u00e8s.<\/p>\n\n\n\n<p class=\"has-medium-font-size\"><strong>2.QU\u00c8 FEM?<\/strong><\/p>\n\n\n\n<p class=\"has-medium-font-size\">Gestionem de manera \u00e8tica les col\u00f2nies de gats comunitaris del municipi de la Roca del Vall\u00e8s, mitjan\u00e7ant el m\u00e8tode CER (Captura- esterilitzaci\u00f3-retorn).<\/p>\n\n\n\n<p class=\"has-medium-font-size\">Realitzem activitats de sensibilitzaci\u00f3 vers la tin\u00e8ncia responsable dels animals i les conseq\u00fc\u00e8ncies de l\u2019abandonament en instituts i esdeveniments animalistes.<\/p>\n\n\n\n<p class=\"has-medium-font-size\">Treballem la reinserci\u00f3 social de les persones privades de llibertat amb els valors i metodologia d\u2019aprenentatge i servei que ofereix un programa de voluntariat.<\/p>\n\n\n\n<p class=\"has-medium-font-size\"><strong>3.DINS DE QUATRE CAMINS:<\/strong><\/p>\n\n\n\n<p class=\"has-medium-font-size\">Realitzem la cuida i manteniment de les dues col\u00f2nies de gats que viuen en el recinte de la pres\u00f3. Una a l\u2019interior de l\u2019espai del MSOB i un altre a l\u2019exterior de l\u2019edifici.<\/p>\n\n\n\n<p class=\"has-medium-font-size\">Es realitzen tallers formatius de gestors de col\u00f2nies i diferents tallers de manualitats per crear productes solidaris.<\/p>\n\n\n\n<p class=\"has-medium-font-size\"><strong>4.ON SOM?<\/strong><\/p>\n\n\n\n<p class=\"has-medium-font-size\">Podeu fer seguiment de la nostra feina a Instagram:<\/p>\n\n\n\n<p class=\"has-medium-font-size\"><a href=\"https:\/\/www.instagram.com\/gatslaroca\">https:\/\/www.instagram.com\/gatslaroca<\/a><\/p>\n","protected":false},"excerpt":{"rendered":"<p>1.QUI SOM? L\u2019associaci\u00f3 Gats la Roca, \u00e9s una associaci\u00f3 sense \u00e0nim de lucre creada per persones volunt\u00e0ries al 2014, per donar continu\u00eftat en l\u2019\u00e0mbit municipal al projecte Gats Quatre Camins, que es desenvolupava al centre penitenciari des del 2012. Som un equip format per persones externes i persones privades de llibertat (que es troben en [&hellip;]<\/p>\n","protected":false},"author":209,"featured_media":1150,"parent":0,"menu_order":0,"comment_status":"closed","ping_status":"closed","template":"","meta":{"footnotes":""},"class_list":["post-1188","page","type-page","status-publish","has-post-thumbnail","czr-hentry"],"_links":{"self":[{"href":"https:\/\/bloc.xarxa-omnia.org\/cpquatrecamins\/wp-json\/wp\/v2\/pages\/1188","targetHints":{"allow":["GET"]}}],"collection":[{"href":"https:\/\/bloc.xarxa-omnia.org\/cpquatrecamins\/wp-json\/wp\/v2\/pages"}],"about":[{"href":"https:\/\/bloc.xarxa-omnia.org\/cpquatrecamins\/wp-json\/wp\/v2\/types\/page"}],"author":[{"embeddable":true,"href":"https:\/\/bloc.xarxa-omnia.org\/cpquatrecamins\/wp-json\/wp\/v2\/users\/209"}],"replies":[{"embeddable":true,"href":"https:\/\/bloc.xarxa-omnia.org\/cpquatrecamins\/wp-json\/wp\/v2\/comments?post=1188"}],"version-history":[{"count":1,"href":"https:\/\/bloc.xarxa-omnia.org\/cpquatrecamins\/wp-json\/wp\/v2\/pages\/1188\/revisions"}],"predecessor-version":[{"id":1190,"href":"https:\/\/bloc.xarxa-omnia.org\/cpquatrecamins\/wp-json\/wp\/v2\/pages\/1188\/revisions\/1190"}],"wp:featuredmedia":[{"embeddable":true,"href":"https:\/\/bloc.xarxa-omnia.org\/cpquatrecamins\/wp-json\/wp\/v2\/media\/1150"}],"wp:attachment":[{"href":"https:\/\/bloc.xarxa-omnia.org\/cpquatrecamins\/wp-json\/wp\/v2\/media?parent=1188"}],"curies":[{"name":"wp","href":"https:\/\/api.w.org\/{rel}","templated":true}]}}