{"id":1208,"date":"2025-02-12T16:42:28","date_gmt":"2025-02-12T14:42:28","guid":{"rendered":"https:\/\/bloc.xarxa-omnia.org\/cpquatrecamins\/?page_id=1208"},"modified":"2025-02-12T16:42:33","modified_gmt":"2025-02-12T14:42:33","slug":"alternativa-solidaria","status":"publish","type":"page","link":"https:\/\/bloc.xarxa-omnia.org\/cpquatrecamins\/alternativa-solidaria\/","title":{"rendered":"ALTERNATIVA SOLID\u00c0RIA"},"content":{"rendered":"\n<figure class=\"wp-block-image size-full is-resized\"><img loading=\"lazy\" decoding=\"async\" width=\"898\" height=\"437\" src=\"http:\/\/bloc.xarxa-omnia.org\/cpquatrecamins\/files\/2025\/02\/AlternativaSolidaria.jpg\" alt=\"\" class=\"wp-image-1207\" style=\"width:415px;height:auto\" \/><\/figure>\n\n\n\n<ol class=\"wp-block-list\" start=\"1\">\n<li class=\"has-medium-font-size\"><strong>QUI SOM?<\/strong><\/li>\n<\/ol>\n\n\n\n<p class=\"has-medium-font-size\">Som Alternativa Solid\u00e0ria, un grup de persones compromeses amb la inclusi\u00f3 i el suport a col\u00b7lectius en situaci\u00f3 de vulnerabilitat. Creiem en la segona oportunitat i en la capacitat de cada persona per transformar la seva vida quan se li ofereixen les eines i el suport adequat.<\/p>\n\n\n\n<ol class=\"wp-block-list\" start=\"2\">\n<li class=\"has-medium-font-size\"><strong>QU\u00c8 FEM?<\/strong><\/li>\n<\/ol>\n\n\n\n<p class=\"has-medium-font-size\">Acompanyem persones privades de llibertat en el seu cam\u00ed de reflexi\u00f3 i canvi, creant espais de di\u00e0leg, expressi\u00f3 i aprenentatge. Mitjan\u00e7ant diferents activitats i din\u00e0miques, treballem per refor\u00e7ar l&#8217;autoestima, la motivaci\u00f3 i les habilitats socials, oferint un suport personalitzat segons les necessitats de cada persona.<\/p>\n\n\n\n<ol class=\"wp-block-list\" start=\"3\">\n<li class=\"has-medium-font-size\"><strong>DINS DE QUATRE CAMINS:<\/strong><\/li>\n<\/ol>\n\n\n\n<p class=\"has-medium-font-size\">Dins del centre penitenciari de Quatre Camins, desenvolupem tallers i activitats que promouen la introspecci\u00f3, el desenvolupament personal i la preparaci\u00f3 per a la reinserci\u00f3. Utilitzem l&#8217;art, la literatura i el debat com a eines per fomentar el creixement individual i col\u00b7lectiu. El nostre objectiu \u00e9s que les persones internes trobin un espai segur per expressar-se i connectar amb si mateixes i amb els altres.<\/p>\n\n\n\n<ol class=\"wp-block-list\" start=\"4\">\n<li class=\"has-medium-font-size\"><strong>FORA DE QUATRE CAMINS:<\/strong><\/li>\n<\/ol>\n\n\n\n<p class=\"has-medium-font-size\">M\u00e9s enll\u00e0 de la nostra tasca dins del centre penitenciari, Alternativa Solid\u00e0ria tamb\u00e9 treballa en l&#8217;\u00e0mbit comunitari. Organitzem activitats i projectes destinats a sensibilitzar la societat sobre la inclusi\u00f3 i la just\u00edcia social, promovent espais de trobada i reflexi\u00f3. Col\u00b7laborem amb altres entitats, centres educatius i iniciatives que comparteixen els nostres valors, impulsant accions que fomenten la cohesi\u00f3 social i el suport mutu.<\/p>\n\n\n\n<ol class=\"wp-block-list\" start=\"5\">\n<li class=\"has-medium-font-size\"><strong>ON SOM?<\/strong><\/li>\n<\/ol>\n\n\n\n<p class=\"has-medium-font-size\">El nostre treball es desenvolupa tant dins com fora del centre penitenciari de Quatre Camins, essent un <strong>fil conductor<\/strong> entre l&#8217;experi\u00e8ncia a la pres\u00f3 i la reinserci\u00f3 social. Estem a La Roca del Vall\u00e8s i en diferents espais comunitaris, col\u00b7laborant amb altres entitats i moviments socials que comparteixen els nostres valors de solidaritat i just\u00edcia social.<\/p>\n\n\n\n<p class=\"has-medium-font-size\">Treballem amb la convicci\u00f3 que el canvi \u00e9s possible i que cada persona mereix l&#8217;oportunitat de reconstruir el seu futur. Per aix\u00f2, Alternativa Solid\u00e0ria seguir\u00e0 teixint xarxes de suport perqu\u00e8 ning\u00fa hagi de fer aquest cam\u00ed en solitud.<\/p>\n","protected":false},"excerpt":{"rendered":"<p>Som Alternativa Solid\u00e0ria, un grup de persones compromeses amb la inclusi\u00f3 i el suport a col\u00b7lectius en situaci\u00f3 de vulnerabilitat. Creiem en la segona oportunitat i en la capacitat de cada persona per transformar la seva vida quan se li ofereixen les eines i el suport adequat. Acompanyem persones privades de llibertat en el seu [&hellip;]<\/p>\n","protected":false},"author":209,"featured_media":1207,"parent":0,"menu_order":0,"comment_status":"closed","ping_status":"closed","template":"","meta":{"footnotes":""},"class_list":["post-1208","page","type-page","status-publish","has-post-thumbnail","czr-hentry"],"_links":{"self":[{"href":"https:\/\/bloc.xarxa-omnia.org\/cpquatrecamins\/wp-json\/wp\/v2\/pages\/1208","targetHints":{"allow":["GET"]}}],"collection":[{"href":"https:\/\/bloc.xarxa-omnia.org\/cpquatrecamins\/wp-json\/wp\/v2\/pages"}],"about":[{"href":"https:\/\/bloc.xarxa-omnia.org\/cpquatrecamins\/wp-json\/wp\/v2\/types\/page"}],"author":[{"embeddable":true,"href":"https:\/\/bloc.xarxa-omnia.org\/cpquatrecamins\/wp-json\/wp\/v2\/users\/209"}],"replies":[{"embeddable":true,"href":"https:\/\/bloc.xarxa-omnia.org\/cpquatrecamins\/wp-json\/wp\/v2\/comments?post=1208"}],"version-history":[{"count":1,"href":"https:\/\/bloc.xarxa-omnia.org\/cpquatrecamins\/wp-json\/wp\/v2\/pages\/1208\/revisions"}],"predecessor-version":[{"id":1211,"href":"https:\/\/bloc.xarxa-omnia.org\/cpquatrecamins\/wp-json\/wp\/v2\/pages\/1208\/revisions\/1211"}],"wp:featuredmedia":[{"embeddable":true,"href":"https:\/\/bloc.xarxa-omnia.org\/cpquatrecamins\/wp-json\/wp\/v2\/media\/1207"}],"wp:attachment":[{"href":"https:\/\/bloc.xarxa-omnia.org\/cpquatrecamins\/wp-json\/wp\/v2\/media?parent=1208"}],"curies":[{"name":"wp","href":"https:\/\/api.w.org\/{rel}","templated":true}]}}