{"id":640,"date":"2024-05-10T10:26:02","date_gmt":"2024-05-10T08:26:02","guid":{"rendered":"https:\/\/bloc.xarxa-omnia.org\/cpquatrecamins\/?page_id=640"},"modified":"2025-12-29T11:19:27","modified_gmt":"2025-12-29T09:19:27","slug":"la-revista-el-5e-cami","status":"publish","type":"page","link":"https:\/\/bloc.xarxa-omnia.org\/cpquatrecamins\/la-revista-el-5e-cami\/","title":{"rendered":"La Revista el 5\u00e8 Cam\u00ed"},"content":{"rendered":"\n<p><\/p>\n\n\n\n<p class=\"has-large-font-size\"><strong>5\u00e8 Cam\u00ed <\/strong>, totes les edicions al teu abast<\/p>\n\n\n\n<p><\/p>\n\n\n\n<p class=\"has-medium-font-size\"><\/p>\n\n\n\n<p class=\"has-medium-font-size\">\u00b7Ja fa temps que elm nostre centre t\u00e9 en circulaci\u00f3 interior una revista que la gent de fora pot visitar a trav\u00e9s de la p\u00e0gina web del Punt \u00d2mnia o la versi\u00f3 impresa que es la que nosaltres tenim i podem llegir.<\/p>\n\n\n\n<p class=\"has-medium-font-size\">La revista <strong><a href=\"https:\/\/espaitic.wordpress.com\/category\/5e-cami\/\">El 5\u00e8 Cam\u00ed<\/a> <\/strong>recull sensacions, virtuts, preocupacions, respostes, endevinalles un munt de p\u00e0gines que et fan aprendre, oblidar i veure el treball que fem a l&#8217;aula i en els diferents \u00e0mbits del centre.<\/p>\n\n\n\n<p class=\"has-medium-font-size\"><\/p>\n\n\n\n<div class=\"wp-block-media-text is-stacked-on-mobile\"><figure class=\"wp-block-media-text__media\"><img loading=\"lazy\" decoding=\"async\" width=\"541\" height=\"790\" src=\"http:\/\/bloc.xarxa-omnia.org\/cpquatrecamins\/files\/2024\/05\/190701-5c-48-setembre-portada.jpg\" alt=\"\" class=\"wp-image-742 size-full\" \/><\/figure><div class=\"wp-block-media-text__content\">\n<p class=\"has-medium-font-size\">D&#8217;aquesta manera, al igual que amb la web, podem donar veu a molta gent que no la t\u00e9 o els hi costa ser escoltats o poder expressar-se i fer veure als de fora que dins tamb\u00e9 un pot aprofitar el temps.<\/p>\n\n\n\n<p class=\"has-medium-font-size\">Aqu\u00ed podreu veure els diferents continguts de la revista en els diferents mesos que son publicades, aix\u00ed que si algun cop oblideu llegir la edici\u00f3 que sigui, no cal preocupar-se, \u00e9s pot llegir en altre moment.<\/p>\n\n\n\n<p class=\"has-medium-font-size\">Pensant en la petjada ambiental va b\u00e9 que el contingut sigui tamb\u00e9 virtual, ja que facilita la interacci\u00f3 i arribem a m\u00e9s lectors, tamb\u00e9 gastem menys paper.<\/p>\n<\/div><\/div>\n\n\n\n<div class=\"wp-block-group is-layout-grid wp-container-core-group-is-layout-1 wp-block-group-is-layout-grid\">\n<p><\/p>\n\n\n\n<div class=\"wp-block-buttons is-content-justification-space-between is-layout-flex wp-container-core-buttons-is-layout-1 wp-block-buttons-is-layout-flex\">\n<div class=\"wp-block-button has-custom-width wp-block-button__width-100 is-style-fill\"><a class=\"wp-block-button__link has-white-color has-black-background-color has-text-color has-background wp-element-button\" href=\"https:\/\/espaitic.wordpress.com\/wp-content\/uploads\/2025\/02\/5c-75-gener-febrer-pantalla.pdf\" target=\"_blank\" rel=\"noreferrer noopener\">Gener-Febrer<\/a><\/div>\n\n\n\n<div class=\"wp-block-button has-custom-width wp-block-button__width-100\"><a class=\"wp-block-button__link has-black-color has-pale-cyan-blue-background-color has-text-color has-background wp-element-button\" href=\"https:\/\/espaitic.wordpress.com\/wp-content\/uploads\/2025\/04\/5c-76-marc-abril_pantalla-1.pdf\" target=\"_blank\" rel=\"noreferrer noopener\">Mar\u00e7 &#8211; Abril<\/a><\/div>\n\n\n\n<div class=\"wp-block-button has-custom-width wp-block-button__width-100\"><a class=\"wp-block-button__link has-white-color has-black-background-color has-text-color has-background wp-element-button\" href=\"https:\/\/espaitic.wordpress.com\/wp-content\/uploads\/2024\/06\/5c-71-abril-maig-pantalla.pdf\">Abril -Maig<\/a><\/div>\n\n\n\n<div class=\"wp-block-button has-custom-width wp-block-button__width-100 is-style-fill\"><a class=\"wp-block-button__link has-black-color has-pale-cyan-blue-background-color has-text-color has-background has-text-align-center wp-element-button\" href=\"https:\/\/espaitic.wordpress.com\/wp-content\/uploads\/2025\/07\/5c-77-maig-juny-pantalla.pdf\" target=\"_blank\" rel=\"noreferrer noopener\">Maig &#8211; Juny<\/a><\/div>\n\n\n\n<div class=\"wp-block-button has-custom-width wp-block-button__width-100\"><a class=\"wp-block-button__link has-white-color has-black-background-color has-text-color has-background wp-element-button\" href=\"https:\/\/espaitic.wordpress.com\/wp-content\/uploads\/2024\/08\/5c-72-juny-juliol-pantalla.pdf\" target=\"_blank\" rel=\"noreferrer noopener\">Juliol &#8211; Agost<\/a><\/div>\n\n\n\n<div class=\"wp-block-button has-custom-width wp-block-button__width-100\"><a class=\"wp-block-button__link has-black-color has-pale-cyan-blue-background-color has-text-color has-background has-link-color wp-element-button\" href=\"https:\/\/espaitic.wordpress.com\/wp-content\/uploads\/2024\/11\/5c-73-agost-setembre-octubre-pantalla.pdf\">Agost-Setembre-Octubre<\/a><\/div>\n\n\n\n<div class=\"wp-block-button is-style-fill\"><a class=\"wp-block-button__link has-white-color has-black-background-color has-text-color has-background has-link-color wp-element-button\" href=\"https:\/\/espaitic.wordpress.com\/wp-content\/uploads\/2024\/11\/5c-73-agost-setembre-octubre-pantalla.pdf\" target=\"_blank\" rel=\"noreferrer noopener\">Setembre &#8211; Octubre<\/a><\/div>\n\n\n\n<div class=\"wp-block-button has-custom-width wp-block-button__width-100 has-custom-font-size has-medium-font-size\"><a class=\"wp-block-button__link has-black-color has-pale-cyan-blue-background-color has-text-color has-background wp-element-button\" href=\"https:\/\/espaitic.wordpress.com\/wp-content\/uploads\/2024\/12\/5c-74-novembre-desembre-pantalla.pdf\" target=\"_blank\" rel=\"noreferrer noopener\">Novembre &#8211; Desembre<\/a><\/div>\n<\/div>\n<\/div>\n\n\n\n<p><\/p>\n","protected":false},"excerpt":{"rendered":"<p>La nostre revista, les nostres inquietuds, el nostre dia a dia.<\/p>\n","protected":false},"author":209,"featured_media":1062,"parent":0,"menu_order":0,"comment_status":"open","ping_status":"closed","template":"custom-page.php","meta":{"footnotes":""},"class_list":["post-640","page","type-page","status-publish","has-post-thumbnail","czr-hentry"],"_links":{"self":[{"href":"https:\/\/bloc.xarxa-omnia.org\/cpquatrecamins\/wp-json\/wp\/v2\/pages\/640","targetHints":{"allow":["GET"]}}],"collection":[{"href":"https:\/\/bloc.xarxa-omnia.org\/cpquatrecamins\/wp-json\/wp\/v2\/pages"}],"about":[{"href":"https:\/\/bloc.xarxa-omnia.org\/cpquatrecamins\/wp-json\/wp\/v2\/types\/page"}],"author":[{"embeddable":true,"href":"https:\/\/bloc.xarxa-omnia.org\/cpquatrecamins\/wp-json\/wp\/v2\/users\/209"}],"replies":[{"embeddable":true,"href":"https:\/\/bloc.xarxa-omnia.org\/cpquatrecamins\/wp-json\/wp\/v2\/comments?post=640"}],"version-history":[{"count":16,"href":"https:\/\/bloc.xarxa-omnia.org\/cpquatrecamins\/wp-json\/wp\/v2\/pages\/640\/revisions"}],"predecessor-version":[{"id":1270,"href":"https:\/\/bloc.xarxa-omnia.org\/cpquatrecamins\/wp-json\/wp\/v2\/pages\/640\/revisions\/1270"}],"wp:featuredmedia":[{"embeddable":true,"href":"https:\/\/bloc.xarxa-omnia.org\/cpquatrecamins\/wp-json\/wp\/v2\/media\/1062"}],"wp:attachment":[{"href":"https:\/\/bloc.xarxa-omnia.org\/cpquatrecamins\/wp-json\/wp\/v2\/media?parent=640"}],"curies":[{"name":"wp","href":"https:\/\/api.w.org\/{rel}","templated":true}]}}