{"id":17,"date":"2008-04-11T14:12:29","date_gmt":"2008-04-11T12:12:29","guid":{"rendered":"http:\/\/blog.xarxa-omnia.org\/diatreballador\/instruccions-per-participar\/"},"modified":"2008-04-14T17:33:44","modified_gmt":"2008-04-14T15:33:44","slug":"instruccions-per-participar","status":"publish","type":"page","link":"https:\/\/bloc.xarxa-omnia.org\/diatreballador\/instruccions-per-participar\/","title":{"rendered":"Instruccions per participar"},"content":{"rendered":"<p>Per participar en aquesta activitat simplement haur\u00e0s d&#8217;escriure una entrada en aquest bloc explicant-nos de qu\u00e8 treballes, de qu\u00e8 has treballat o de qu\u00e8 t&#8217;agradaria treballar.<\/p>\n<p>Podr\u00e0s afegir alguna fotografia o dibuix teu treballant o en el teu lloc de treball, real o imaginari.<\/p>\n<p>Tamb\u00e9 aprendr\u00e0s a etiquetar la teva entrada de manera que quedin totes classificades per tipus de treballs.<\/p>\n<p>Comencem? Siiiii!!!<\/p>\n<p><strong>1.<\/strong> Identifica&#8217;t amb l&#8217;<strong>usuari i contrasenya<\/strong> que et donar\u00e0 el teu <strong>dinamitzador\/a<\/strong>.<\/p>\n<p><strong>2.<\/strong> Quan accedeixis a la zona d&#8217;administraci\u00f3 dirigeix-te a la pestanya &#8220;<strong>Escriure<\/strong>&#8220;. Un cop all\u00e0 ja ens podr\u00e0s explicar tot el que vulguis sobre el teu treball. Posa un <strong>t\u00edtol<\/strong> al lloc destinat per aix\u00f2 i a &#8220;<strong>contingut de la p\u00e0gina<\/strong>&#8221; fes la teva explicaci\u00f3.<\/p>\n<p align=\"left\"><strong>3.<\/strong> Sota d&#8217;on has escrit el teu text tens una barra anomenada <strong>TAG&#8217;<\/strong>s on haur\u00e0s d&#8217;escriure el nom de la teva feina, per exemple: Dinamitzador\/a, Paleta, Perruquer\/a, Forner\/a, Llibreter\/a, etc,&#8230; (abans d&#8217;escriure  comprova, al llistat de feines de la portada, si ja hi apareix la teva, en aquest cas escriu el nom de la mateixa manera)<\/p>\n<p><strong>4.<\/strong> Si vols afegir una <strong>fotografia<\/strong> o <strong>imatge<\/strong>:<\/p>\n<p>Sota de les TAG&#8217;s  tens un requadre des del qual pots pujar la teva fotografia. (Clica a la imatge per ampliar-la)<\/p>\n<p><a href=\"http:\/\/blog.xarxa-omnia.org\/diatreballador\/files\/2008\/04\/navega1.gif\" title=\"navega1\"><\/a><\/p>\n<p><a href=\"http:\/\/blog.xarxa-omnia.org\/diatreballador\/files\/2008\/04\/navega1.gif\" title=\"navega1\"><img loading=\"lazy\" decoding=\"async\" src=\"http:\/\/blog.xarxa-omnia.org\/diatreballador\/files\/2008\/04\/navega1.gif\" alt=\"navega1\" height=\"110\" width=\"440\" \/><\/a><\/p>\n<p>* A l&#8217;apartat <strong>File<\/strong>: clica el bot\u00f3 &#8220;<strong>Navega<\/strong>&#8221; per buscar al teu ordinador la imatge que vols adjuntar.<\/p>\n<p>* Posa-li el t\u00edtol que creguis m\u00e9s adient  i clica &#8220;<strong>Upload<\/strong>&#8220;.<\/p>\n<p>* Quan la imatge aparegui a la pantalla, ves al cos del text i clica sobre el lloc on vols que s&#8217;insereixi la imatge. Tot seguit prem el bot\u00f3  &#8220;<strong>Send to editor<\/strong>&#8221; i t&#8217;apareixer\u00e0 la imatge en el contingut de la p\u00e0gina. (Clica a la imatge per ampliar-la)<\/p>\n<p><a href=\"http:\/\/blog.xarxa-omnia.org\/diatreballador\/files\/2008\/04\/navega21.gif\" title=\"navega2\"><img loading=\"lazy\" decoding=\"async\" src=\"http:\/\/blog.xarxa-omnia.org\/diatreballador\/files\/2008\/04\/navega21.gif\" alt=\"navega2\" height=\"154\" width=\"414\" \/><\/a><\/p>\n<p><strong>5. <\/strong>Abans de desar la teva entrada recorda seleccionar la categoria <strong>LA MEVA FEINA \u00c9S&#8230; <\/strong>que trobrar\u00e0s en una de les capses situades a la dreta de la p\u00e0gina.<\/p>\n<p><a href=\"http:\/\/blog.xarxa-omnia.org\/diatreballador\/files\/2008\/04\/categories.jpg\" title=\"categories\"><img decoding=\"async\" src=\"http:\/\/blog.xarxa-omnia.org\/diatreballador\/files\/2008\/04\/categories.jpg\" alt=\"categories\" \/><\/a><\/p>\n<p><strong>6. <\/strong>Ara nom\u00e9s queda publicar la teva aportaci\u00f3. A la capsa &#8220;<strong>Estat de l&#8217;enviament<\/strong>&#8221; selecciona l&#8217;opci\u00f3 <strong>Publicat<\/strong>.<\/p>\n<p><a href=\"http:\/\/blog.xarxa-omnia.org\/diatreballador\/files\/2008\/04\/publicar.jpg\" title=\"publicar\"><img decoding=\"async\" src=\"http:\/\/blog.xarxa-omnia.org\/diatreballador\/files\/2008\/04\/publicar.jpg\" alt=\"publicar\" \/><\/a><\/p>\n<p>I ja est\u00e0! Ja pots clicar a <strong>publicar<\/strong> i la teva aportaci\u00f3 sortir\u00e0 directament al blog. <strong>FELICITATS!<\/strong><\/p>\n","protected":false},"excerpt":{"rendered":"<p>Per participar en aquesta activitat simplement haur\u00e0s d&#8217;escriure una entrada en aquest bloc explicant-nos de qu\u00e8 treballes, de qu\u00e8 has treballat o de qu\u00e8 t&#8217;agradaria treballar. Podr\u00e0s afegir alguna fotografia o dibuix teu treballant o en el teu lloc de treball, real o imaginari. Tamb\u00e9 aprendr\u00e0s a etiquetar la teva entrada de manera que quedin [&hellip;]<\/p>\n","protected":false},"author":61,"featured_media":0,"parent":0,"menu_order":3,"comment_status":"closed","ping_status":"open","template":"","meta":{"ngg_post_thumbnail":0,"footnotes":""},"class_list":["post-17","page","type-page","status-publish","hentry"],"_links":{"self":[{"href":"https:\/\/bloc.xarxa-omnia.org\/diatreballador\/wp-json\/wp\/v2\/pages\/17","targetHints":{"allow":["GET"]}}],"collection":[{"href":"https:\/\/bloc.xarxa-omnia.org\/diatreballador\/wp-json\/wp\/v2\/pages"}],"about":[{"href":"https:\/\/bloc.xarxa-omnia.org\/diatreballador\/wp-json\/wp\/v2\/types\/page"}],"author":[{"embeddable":true,"href":"https:\/\/bloc.xarxa-omnia.org\/diatreballador\/wp-json\/wp\/v2\/users\/61"}],"replies":[{"embeddable":true,"href":"https:\/\/bloc.xarxa-omnia.org\/diatreballador\/wp-json\/wp\/v2\/comments?post=17"}],"version-history":[{"count":0,"href":"https:\/\/bloc.xarxa-omnia.org\/diatreballador\/wp-json\/wp\/v2\/pages\/17\/revisions"}],"wp:attachment":[{"href":"https:\/\/bloc.xarxa-omnia.org\/diatreballador\/wp-json\/wp\/v2\/media?parent=17"}],"curies":[{"name":"wp","href":"https:\/\/api.w.org\/{rel}","templated":true}]}}