{"id":8,"date":"2009-09-30T18:30:58","date_gmt":"2009-09-30T16:30:58","guid":{"rendered":"http:\/\/blog.xarxa-omnia.org\/dinamitzador\/?page_id=8"},"modified":"2009-09-30T18:30:58","modified_gmt":"2009-09-30T16:30:58","slug":"metode-pedagogic-de-la-formacio","status":"publish","type":"page","link":"https:\/\/bloc.xarxa-omnia.org\/dinamitzador\/","title":{"rendered":"Metode ped\u00e0g\u00f2gic de la formaci\u00f3"},"content":{"rendered":"<p>La formaci\u00f3 d&#8217;edici\u00f3 digital 2 s&#8217;estructura a trav\u00e9s d&#8217;un model pedag\u00f2gic que s&#8217;inspira en la investigaci\u00f3 acci\u00f3 i les comunitats d&#8217;aprenentatge.<\/p>\n<p>Podeu consultar el seguent linc per saber m\u00e9s de les comunitats d&#8217;aprenentatge: <a title=\"Red de Comunidades de Aprendizaje\" href=\"http:\/\/www.utopiadream.info\/red\/tiki-index.php\" target=\"_blank\">http:\/\/www.utopiadream.info\/red\/tiki-index.php<\/a><\/p>\n<p>Aix\u00ed les sis sessions recorren el metode cient\u00edfic de la investigaci\u00f3 analitzant el\u00a0 nostre objecte d&#8217;estudi.<\/p>\n<p>Com que som professionals de les tecnologies de la inforamci\u00f3 i comunicaci\u00f3, la investigaci\u00f3 la fem sobre una plataforma digital que articula el proc\u00e8s.<\/p>\n<p>El proces dividit en 6 fases que es corresponen en 6 dies es corresponen a:<\/p>\n<ol>\n<li> Diagn\u00f2stic inicial , qui som? que tenim? que fem? Com o fem?<\/li>\n<li> An\u00e0lisi de plataformes, els llenguatges de edici\u00f3 web, i els recursos on-line. (Css)<\/li>\n<li> An\u00e0isi de metodes de treball<\/li>\n<li> Construcci\u00f3\u00a0 d&#8217;una proposta de treball<\/li>\n<li> Treball on a&#8217;aplica el que hem proposat<\/li>\n<li> Avaluaci\u00f3 del que hem fet i conclusions<\/li>\n<\/ol>\n<p>Com que aquest proc\u00e8s el volem desnvolupar amb rigor al final de cada sessi\u00f3 en farem una petita avaluaci\u00f3 del funcionament de la sessi\u00f3.<\/p>\n<p>Desitjo que sigui del vostre gust.<\/p>\n","protected":false},"excerpt":{"rendered":"<p>La formaci\u00f3 d&#8217;edici\u00f3 digital 2 s&#8217;estructura a trav\u00e9s d&#8217;un model pedag\u00f2gic que s&#8217;inspira en la investigaci\u00f3 acci\u00f3 i les comunitats d&#8217;aprenentatge. Podeu consultar el seguent linc per saber m\u00e9s de les comunitats d&#8217;aprenentatge: http:\/\/www.utopiadream.info\/red\/tiki-index.php Aix\u00ed les sis sessions recorren el metode cient\u00edfic de la investigaci\u00f3 analitzant el\u00a0 nostre objecte d&#8217;estudi. Com que som professionals de [&hellip;]<\/p>\n","protected":false},"author":111,"featured_media":0,"parent":0,"menu_order":0,"comment_status":"closed","ping_status":"open","template":"","meta":{"footnotes":""},"class_list":["post-8","page","type-page","status-publish","hentry"],"_links":{"self":[{"href":"https:\/\/bloc.xarxa-omnia.org\/dinamitzador\/wp-json\/wp\/v2\/pages\/8","targetHints":{"allow":["GET"]}}],"collection":[{"href":"https:\/\/bloc.xarxa-omnia.org\/dinamitzador\/wp-json\/wp\/v2\/pages"}],"about":[{"href":"https:\/\/bloc.xarxa-omnia.org\/dinamitzador\/wp-json\/wp\/v2\/types\/page"}],"author":[{"embeddable":true,"href":"https:\/\/bloc.xarxa-omnia.org\/dinamitzador\/wp-json\/wp\/v2\/users\/111"}],"replies":[{"embeddable":true,"href":"https:\/\/bloc.xarxa-omnia.org\/dinamitzador\/wp-json\/wp\/v2\/comments?post=8"}],"version-history":[{"count":2,"href":"https:\/\/bloc.xarxa-omnia.org\/dinamitzador\/wp-json\/wp\/v2\/pages\/8\/revisions"}],"predecessor-version":[{"id":10,"href":"https:\/\/bloc.xarxa-omnia.org\/dinamitzador\/wp-json\/wp\/v2\/pages\/8\/revisions\/10"}],"wp:attachment":[{"href":"https:\/\/bloc.xarxa-omnia.org\/dinamitzador\/wp-json\/wp\/v2\/media?parent=8"}],"curies":[{"name":"wp","href":"https:\/\/api.w.org\/{rel}","templated":true}]}}