{"id":203,"date":"2012-01-18T12:32:52","date_gmt":"2012-01-18T12:32:52","guid":{"rendered":"http:\/\/puntomnialaflorida.wordpress.com\/?page_id=203"},"modified":"2012-01-18T12:32:52","modified_gmt":"2012-01-18T12:32:52","slug":"lescriptori","status":"publish","type":"page","link":"https:\/\/bloc.xarxa-omnia.org\/enriquem\/tutorials\/lescriptori\/","title":{"rendered":"L&#8217;escriptori de Windows XP"},"content":{"rendered":"<p style=\"text-align:justify\">Tots els ordinadors necessiten un sistema operatiu per funcionar. El sistema operatiu s&#8217;encarrega de controlar les funcions de l&#8217;ordinador i permeten a l&#8217;usuari fer coses com escriure amb el teclat, usar un ratol\u00ed, imprimir, organitzar carpetes i arxius, i obrir aplicacions. Windows XP ens permet fer aquestes coses mitjan\u00e7ant l&#8217;Escriptori.<\/p>\n<p style=\"text-align:justify\">L&#8217;Escriptori \u00e9s la nostra \u00e0rea de treball, el primer que veiem quan l&#8217;ordinador est\u00e0 llest perqu\u00e8 ho utilitzem. En la Figura 1 podem veure un escriptori t\u00edpic de Windows XP i les seves parts (l&#8217;aparen\u00e7a de l&#8217;Escriptori pot canviar-se segons el gust de l&#8217;usuari, per la qual cosa la del seu ordinador pot veure&#8217;s diferent a la que es mostra aqu\u00ed).<\/p>\n<div style=\"width: 235px\" class=\"wp-caption alignnone\"><a href=\"http:\/\/xarxaomnia.gencat.cat\/blocs\/enriquem\/files\/2012\/03\/figura01-1.png\"><img loading=\"lazy\" decoding=\"async\" src=\"http:\/\/xarxaomnia.gencat.cat\/blocs\/enriquem\/files\/2012\/03\/figura01-1-small.png\" alt=\"Figura01\" width=\"225\" height=\"168\" \/><\/a><p class=\"wp-caption-text\">figura 1<\/p><\/div>\n<p style=\"text-align:justify\">El bot\u00f3 Inicio: una de les eines m\u00e9s importants. Ens permet obrir el men\u00fa Inicio de Windows XP i obrir les aplicacions (Figura 2). Tamb\u00e9 ens permet apagar, reiniciar l&#8217;ordinador o canviar d&#8217;usuari.<\/p>\n<div style=\"width: 235px\" class=\"wp-caption alignnone\"><a href=\"http:\/\/xarxaomnia.gencat.cat\/blocs\/enriquem\/files\/2012\/03\/figura02.png\"><img loading=\"lazy\" decoding=\"async\" src=\"http:\/\/xarxaomnia.gencat.cat\/blocs\/enriquem\/files\/2012\/03\/figura02-small.png\" alt=\"Figura02\" width=\"225\" height=\"300\" \/><\/a><p class=\"wp-caption-text\">figura 2<\/p><\/div>\n<p style=\"text-align:justify\">La Barra de tasques: serveix principalment per canviar entre finestres i aplicacions obertes, les quals es mostren com a botons en la Barra de tasques (Figura 3). En l&#8217;extrem dret de la Barra de tasques trobem la Safata del sistema, que \u00e9s la zona de notificacions de Windows, on podrem veure l&#8217;hora, missatges d&#8217;actualitzacions i una altra informaci\u00f3 d&#8217;aplicacions que estiguin actives en el nostre ordinador. Tamb\u00e9 pot tenir icones d&#8217;acc\u00e9s r\u00e0pid a aplicacions molt utilitzades (Figura 3).<\/p>\n<div style=\"width: 235px\" class=\"wp-caption alignnone\"><a href=\"http:\/\/xarxaomnia.gencat.cat\/blocs\/enriquem\/files\/2012\/03\/figura03.png\"><img loading=\"lazy\" decoding=\"async\" src=\"http:\/\/xarxaomnia.gencat.cat\/blocs\/enriquem\/files\/2012\/03\/figura03-small.png\" alt=\"Figura03\" width=\"225\" height=\"42\" \/><\/a><p class=\"wp-caption-text\">figura 3<\/p><\/div>\n<p style=\"text-align:justify\">Icones: representen aplicacions, arxius o carpetes (Figura 4). Generalment s&#8217;usen fent doble clic sobre la icona que volem usar. Les icones m\u00e9s comunes en l&#8217;Escriptori de Windows XP s\u00f3n:<br \/>\nLa Paperera de Reciclatge, on trobarem els \u00faltims arxius o carpetes que hem eliminat. Mentre estiguin en la Paperera de Reciclatge poden restaurar-se.<br \/>\nEl meu PC, que obre una finestra que ens mostra les unitats d&#8217;emmagatzematge de l&#8217;ordinador.<br \/>\nEls meus Documents, que cont\u00e9 les carpetes i arxius (documents de text, fulls de c\u00e0lcul, imatges, etc.) de l&#8217;usuari.<\/p>\n<div style=\"width: 235px\" class=\"wp-caption alignnone\"><img loading=\"lazy\" decoding=\"async\" src=\"http:\/\/xarxaomnia.gencat.cat\/blocs\/enriquem\/files\/2012\/03\/figura04.png\" alt=\"Figura04\" width=\"225\" height=\"211\" \/><p class=\"wp-caption-text\">figura 4<\/p><\/div>\n<p style=\"text-align:justify\">El Men\u00fa Inicio: ens permet accedir a Carpetes i Aplicacions instal\u00b7lades en l&#8217;ordinador. En fer clic sobre el bot\u00f3 Inicio apareixer\u00e0 el men\u00fa (Figura 5). En la part superior veurem el nom de l&#8217;usuari. En la part esquerra del men\u00fa apareixen les aplicacions m\u00e9s usades, i en la part dreta es mostren accessos a carpetes comunes, com Els meus Documents, Les meves Imatges o el Panell de Control. Tamb\u00e9 veurem l&#8217;opci\u00f3 de Buscar, que ens permetr\u00e0 cercar arxius en l&#8217;ordinador.<\/p>\n<div style=\"width: 235px\" class=\"wp-caption alignnone\"><a href=\"http:\/\/xarxaomnia.gencat.cat\/blocs\/enriquem\/files\/2012\/03\/figura05.png\"><img loading=\"lazy\" decoding=\"async\" src=\"http:\/\/xarxaomnia.gencat.cat\/blocs\/enriquem\/files\/2012\/03\/figura05-small.png\" alt=\"Figura05\" width=\"225\" height=\"250\" \/><\/a><p class=\"wp-caption-text\">figura 5<\/p><\/div>\n<p style=\"text-align:justify\">Per obrir alguna aplicaci\u00f3 instal\u00b7lada, hem de posar el cursor del ratol\u00ed sobre l&#8217;opci\u00f3 Tots els programes, i es desplegar\u00e0 una llista amb tots els programes o aplicacions que podem utilitzar en l&#8217;ordinador.<\/p>\n<p style=\"text-align:justify\">Per exemple, si volem usar la Calculadora, hem de posar el ratol\u00ed sobre Tots els programes, despr\u00e9s sobre Accessoris i finalment fer clic sobre Calculadora (Figura 6). El men\u00fa es tancar\u00e0 autom\u00e0ticament i veurem la finestra amb la calculadora llesta per usar.<\/p>\n<div style=\"width: 235px\" class=\"wp-caption alignnone\"><a href=\"http:\/\/xarxaomnia.gencat.cat\/blocs\/enriquem\/files\/2012\/03\/figura06.png\"><img loading=\"lazy\" decoding=\"async\" src=\"http:\/\/xarxaomnia.gencat.cat\/blocs\/enriquem\/files\/2012\/03\/figura06-small.png\" alt=\"Figura06\" width=\"225\" height=\"241\" \/><\/a><p class=\"wp-caption-text\">figura 6<\/p><\/div>\n<p style=\"text-align:justify\">Apagar\/Reiniciar l&#8217;ordinador: Quan acabem d&#8217;utilitzar l&#8217;ordinador, hem d&#8217;apagar-ho correctament. Per a aix\u00f2, en el Men\u00fa Inicio tenim l&#8217;opci\u00f3 Apagar equip (Figura 7). En fer clic en aquesta opci\u00f3 apareixeran els botons que es mostren en la Figura 8.<\/p>\n<div style=\"width: 235px\" class=\"wp-caption alignnone\"><a href=\"http:\/\/xarxaomnia.gencat.cat\/blocs\/enriquem\/files\/2012\/03\/figura07.png\"><img loading=\"lazy\" decoding=\"async\" src=\"http:\/\/xarxaomnia.gencat.cat\/blocs\/enriquem\/files\/2012\/03\/figura07-small.png\" alt=\"Figura07\" width=\"225\" height=\"87\" \/><\/a><p class=\"wp-caption-text\">figura 7<\/p><\/div>\n<p style=\"text-align:justify\">Si volem apagar l&#8217;equip, hem de fer clic en el bot\u00f3 Apagar. Windows es tancar\u00e0 i l&#8217;ordinador s&#8217;apagar\u00e0 autom\u00e0ticament.<\/p>\n<div style=\"width: 235px\" class=\"wp-caption alignnone\"><a href=\"http:\/\/xarxaomnia.gencat.cat\/blocs\/enriquem\/files\/2012\/03\/figura08.png\"><img loading=\"lazy\" decoding=\"async\" src=\"http:\/\/xarxaomnia.gencat.cat\/blocs\/enriquem\/files\/2012\/03\/figura08-small.png\" alt=\"Figura08\" width=\"225\" height=\"143\" \/><\/a><p class=\"wp-caption-text\">figura 8<\/p><\/div>\n<p style=\"text-align:justify\">Si volem reiniciar l&#8217;ordinador, per exemple perqu\u00e8 s&#8217;ha instal\u00b7lat o actualitzat alguna aplicaci\u00f3, hem de fer clic en el bot\u00f3 Reiniciar. Windows es tancar\u00e0 i l&#8217;ordinador tornar\u00e0 a iniciar-se immediatament, com si s&#8217;acab\u00e9s d&#8217;encendre.<\/p>\n","protected":false},"excerpt":{"rendered":"<p>Tots els ordinadors necessiten un sistema operatiu per funcionar. El sistema operatiu s&#8217;encarrega de controlar les funcions de l&#8217;ordinador i permeten a l&#8217;usuari fer coses com escriure amb el teclat, usar un ratol\u00ed, imprimir, organitzar carpetes i arxius, i obrir aplicacions. Windows XP ens permet fer aquestes coses mitjan\u00e7ant l&#8217;Escriptori. L&#8217;Escriptori \u00e9s la nostra \u00e0rea &#8230; <span class=\"more\"><a class=\"more-link\" href=\"https:\/\/bloc.xarxa-omnia.org\/enriquem\/tutorials\/lescriptori\/\">[Read more&#8230;]<\/a><\/span><\/p>\n","protected":false},"author":191,"featured_media":0,"parent":32,"menu_order":0,"comment_status":"open","ping_status":"open","template":"","meta":{"footnotes":""},"class_list":["entry","page","publish","author-enriquem","post-203"],"_links":{"self":[{"href":"https:\/\/bloc.xarxa-omnia.org\/enriquem\/wp-json\/wp\/v2\/pages\/203","targetHints":{"allow":["GET"]}}],"collection":[{"href":"https:\/\/bloc.xarxa-omnia.org\/enriquem\/wp-json\/wp\/v2\/pages"}],"about":[{"href":"https:\/\/bloc.xarxa-omnia.org\/enriquem\/wp-json\/wp\/v2\/types\/page"}],"author":[{"embeddable":true,"href":"https:\/\/bloc.xarxa-omnia.org\/enriquem\/wp-json\/wp\/v2\/users\/191"}],"replies":[{"embeddable":true,"href":"https:\/\/bloc.xarxa-omnia.org\/enriquem\/wp-json\/wp\/v2\/comments?post=203"}],"version-history":[{"count":0,"href":"https:\/\/bloc.xarxa-omnia.org\/enriquem\/wp-json\/wp\/v2\/pages\/203\/revisions"}],"up":[{"embeddable":true,"href":"https:\/\/bloc.xarxa-omnia.org\/enriquem\/wp-json\/wp\/v2\/pages\/32"}],"wp:attachment":[{"href":"https:\/\/bloc.xarxa-omnia.org\/enriquem\/wp-json\/wp\/v2\/media?parent=203"}],"curies":[{"name":"wp","href":"https:\/\/api.w.org\/{rel}","templated":true}]}}