{"id":270,"date":"2012-05-31T18:48:08","date_gmt":"2012-05-31T18:48:08","guid":{"rendered":"http:\/\/puntomnialaflorida.wordpress.com\/?page_id=270"},"modified":"2012-05-31T18:48:08","modified_gmt":"2012-05-31T18:48:08","slug":"lescriptori-de-windows-7","status":"publish","type":"page","link":"https:\/\/bloc.xarxa-omnia.org\/enriquem\/tutorials\/lescriptori-de-windows-7\/","title":{"rendered":"L&#8217;escriptori de Windows 7"},"content":{"rendered":"<p lang=\"ca-ES\" align=\"JUSTIFY\"><span style=\"font-family:Liberation Sans, sans-serif\">Tots els ordinadors necessiten un sistema operatiu per funcionar. El sistema operatiu s\u2019encarrega de controlar les funcions de l\u2019ordinador i permeten a l\u2019usuari fer coses com escriure amb el teclat, usar un ratol\u00ed, imprimir, organitzar carpetes i arxius, i obrir aplicacions. Windows 7 ens permet fer aquestes coses mitjan\u00e7ant l\u2019Escriptori.<\/span><\/p>\n<p lang=\"ca-ES\" align=\"JUSTIFY\">\u00a0<span style=\"font-family:Liberation Sans, sans-serif\">L\u2019Escriptori \u00e9s la nostra \u00e0rea de treball, el primer que veiem quan l\u2019ordinador est\u00e0 llest perqu\u00e8 ho utilitzem. En la Figura 1 podem veure un escriptori t\u00edpic de Windows 7 i les seves parts (l\u2019aparen\u00e7a de l\u2019Escriptori pot canviar-se segons el gust de l\u2019usuari, per la qual cosa la del seu ordinador pot veure\u2019s diferent a la que es mostra aqu\u00ed).<\/span><\/p>\n<div id=\"attachment_271\" style=\"width: 160px\" class=\"wp-caption aligncenter\"><a href=\"http:\/\/xarxaomnia.gencat.cat\/blocs\/enriquem\/files\/2012\/05\/figura-1.png\"><img loading=\"lazy\" decoding=\"async\" aria-describedby=\"caption-attachment-271\" class=\"size-thumbnail wp-image-271\" title=\"Figura 1\" src=\"http:\/\/xarxaomnia.gencat.cat\/blocs\/enriquem\/files\/2012\/05\/figura-1.png?w=150\" alt=\"\" width=\"150\" height=\"112\" srcset=\"https:\/\/bloc.xarxa-omnia.org\/enriquem\/files\/2012\/05\/figura-1.png 740w, https:\/\/bloc.xarxa-omnia.org\/enriquem\/files\/2012\/05\/figura-1-300x225.png 300w\" sizes=\"auto, (max-width: 150px) 100vw, 150px\" \/><\/a><p id=\"caption-attachment-271\" class=\"wp-caption-text\">Figura 1<\/p><\/div>\n<p lang=\"ca-ES\" align=\"JUSTIFY\"><span style=\"font-family:Liberation Sans, sans-serif\">El bot\u00f3 Inicia: una de les eines m\u00e9s importants. Ens permet obrir el men\u00fa Inicio de Windows 7 i obrir les aplicacions (Figura 2). Tamb\u00e9 ens permet apagar, reiniciar l\u2019ordinador o canviar d\u2019usuari.<\/span><\/p>\n<div id=\"attachment_273\" style=\"width: 135px\" class=\"wp-caption aligncenter\"><a href=\"http:\/\/xarxaomnia.gencat.cat\/blocs\/enriquem\/files\/2012\/05\/figura-2.png\"><img loading=\"lazy\" decoding=\"async\" aria-describedby=\"caption-attachment-273\" class=\"size-thumbnail wp-image-273\" title=\"Figura 2\" src=\"http:\/\/xarxaomnia.gencat.cat\/blocs\/enriquem\/files\/2012\/05\/figura-2.png?w=125\" alt=\"\" width=\"125\" height=\"150\" srcset=\"https:\/\/bloc.xarxa-omnia.org\/enriquem\/files\/2012\/05\/figura-2.png 536w, https:\/\/bloc.xarxa-omnia.org\/enriquem\/files\/2012\/05\/figura-2-251x300.png 251w\" sizes=\"auto, (max-width: 125px) 100vw, 125px\" \/><\/a><p id=\"caption-attachment-273\" class=\"wp-caption-text\">Figura 2<\/p><\/div>\n<p lang=\"ca-ES\" align=\"JUSTIFY\">\u00a0<span style=\"font-family:Liberation Sans, sans-serif\">La Barra de tasques: serveix principalment per canviar entre finestres i aplicacions obertes, les quals es mostren com a botons en la Barra de tasques (Figura 3). En l\u2019extrem dret de la Barra de tasques trobem la Safata del sistema, que \u00e9s la zona de notificacions de Windows, on podrem veure l\u2019hora, missatges d\u2019actualitzacions i una altra informaci\u00f3 d\u2019aplicacions que estiguin actives en el nostre ordinador. Tamb\u00e9 pot tenir icones d\u2019acc\u00e9s r\u00e0pid a aplicacions molt utilitzades (Figura 3).<\/span><\/p>\n<div id=\"attachment_274\" style=\"width: 160px\" class=\"wp-caption aligncenter\"><a href=\"http:\/\/xarxaomnia.gencat.cat\/blocs\/enriquem\/files\/2012\/05\/figura-3.png\"><img loading=\"lazy\" decoding=\"async\" aria-describedby=\"caption-attachment-274\" class=\"size-thumbnail wp-image-274\" title=\"Figura 3\" src=\"http:\/\/xarxaomnia.gencat.cat\/blocs\/enriquem\/files\/2012\/05\/figura-3.png?w=150\" alt=\"\" width=\"150\" height=\"17\" srcset=\"https:\/\/bloc.xarxa-omnia.org\/enriquem\/files\/2012\/05\/figura-3.png 604w, https:\/\/bloc.xarxa-omnia.org\/enriquem\/files\/2012\/05\/figura-3-300x34.png 300w\" sizes=\"auto, (max-width: 150px) 100vw, 150px\" \/><\/a><p id=\"caption-attachment-274\" class=\"wp-caption-text\">Figura 3<\/p><\/div>\n<p lang=\"ca-ES\" align=\"JUSTIFY\"><span style=\"font-family:Liberation Sans, sans-serif\">Icones: representen aplicacions, arxius o carpetes (Figura 4). Generalment s\u2019usen fent doble clic sobre la icona que volem usar. Les icones m\u00e9s comunes en l\u2019Escriptori de Windows 7 s\u00f3n:<\/span><\/p>\n<p lang=\"ca-ES\" align=\"JUSTIFY\"><span style=\"font-family:Liberation Sans, sans-serif\">La <span style=\"color:#000000\">Paperera de Reciclatge<\/span>, on trobarem els \u00faltims arxius o carpetes que hem eliminat. Mentre estiguin en la Paperera de Reciclatge poden restaurar-se.<\/span><\/p>\n<p lang=\"ca-ES\" align=\"JUSTIFY\"><span style=\"font-family:Liberation Sans, sans-serif\"><span style=\"color:#000000\">Ordinador<\/span>, que obre una finestra que ens mostra les unitats d\u2019emmagatzematge de l\u2019ordinador.<\/span><\/p>\n<p lang=\"ca-ES\" align=\"JUSTIFY\"><span style=\"font-family:Liberation Sans, sans-serif\">La carpeta d&#8217;usuari, \u201cenrique\u201d en la Figura 4, que cont\u00e9 les carpetes i arxius (documents de text, fulls de c\u00e0lcul, imatges, etc.) d&#8217;usuari.<\/span><\/p>\n<p lang=\"ca-ES\" align=\"JUSTIFY\">\n<div id=\"attachment_276\" style=\"width: 110px\" class=\"wp-caption aligncenter\"><a href=\"http:\/\/xarxaomnia.gencat.cat\/blocs\/enriquem\/files\/2012\/05\/figura-4.png\"><img loading=\"lazy\" decoding=\"async\" aria-describedby=\"caption-attachment-276\" class=\"size-thumbnail wp-image-276\" title=\"Figura 4\" src=\"http:\/\/xarxaomnia.gencat.cat\/blocs\/enriquem\/files\/2012\/05\/figura-4.png?w=100\" alt=\"\" width=\"100\" height=\"150\" srcset=\"https:\/\/bloc.xarxa-omnia.org\/enriquem\/files\/2012\/05\/figura-4.png 230w, https:\/\/bloc.xarxa-omnia.org\/enriquem\/files\/2012\/05\/figura-4-201x300.png 201w\" sizes=\"auto, (max-width: 100px) 100vw, 100px\" \/><\/a><p id=\"caption-attachment-276\" class=\"wp-caption-text\">Figura 4<\/p><\/div>\n<p lang=\"ca-ES\" align=\"JUSTIFY\"><span style=\"font-family:Liberation Sans, sans-serif\">El Men\u00fa Inicia: ens permet accedir a Carpetes i Aplicacions instal\u00b7lades en l\u2019ordinador. En fer clic sobre el bot\u00f3 Inicio apareixer\u00e0 el men\u00fa (Figura 5). En la part dreta veurem la imatge d&#8217;usuari i accessos a carpetes comunes, com Documents, Imatges, M\u00fasica, Ordinador, etc. En la part esquerra del men\u00fa apareixen les aplicacions m\u00e9s usades, i un acc\u00e9s a tots els programes instal\u00b7lats en l\u2019ordinador.<\/span><\/p>\n<p lang=\"ca-ES\" align=\"JUSTIFY\">\n<div id=\"attachment_277\" style=\"width: 135px\" class=\"wp-caption aligncenter\"><a href=\"http:\/\/xarxaomnia.gencat.cat\/blocs\/enriquem\/files\/2012\/05\/figura-5.png\"><img loading=\"lazy\" decoding=\"async\" aria-describedby=\"caption-attachment-277\" class=\"size-thumbnail wp-image-277\" title=\"Figura 5\" src=\"http:\/\/xarxaomnia.gencat.cat\/blocs\/enriquem\/files\/2012\/05\/figura-5.png?w=125\" alt=\"\" width=\"125\" height=\"150\" srcset=\"https:\/\/bloc.xarxa-omnia.org\/enriquem\/files\/2012\/05\/figura-5.png 537w, https:\/\/bloc.xarxa-omnia.org\/enriquem\/files\/2012\/05\/figura-5-251x300.png 251w\" sizes=\"auto, (max-width: 125px) 100vw, 125px\" \/><\/a><p id=\"caption-attachment-277\" class=\"wp-caption-text\">Figura 5<\/p><\/div>\n<p lang=\"ca-ES\" align=\"JUSTIFY\"><span style=\"font-family:Liberation Sans, sans-serif\">Per obrir alguna aplicaci\u00f3 instal\u00b7lada, hem de fer clic amb el ratol\u00ed sobre l\u2019opci\u00f3 Tots els programes, i es sortira una llista amb tots els programes o aplicacions que podem utilitzar en l\u2019ordinador.<\/span><\/p>\n<p lang=\"ca-ES\" align=\"JUSTIFY\"><span style=\"font-family:Liberation Sans, sans-serif\">Per exemple, si volem usar la Calculadora, hem de fer clic sobre Tots els programes, despr\u00e9s sobre Accessoris i finalment sobre Calculadora (Figura 6). El men\u00fa es tancar\u00e0 autom\u00e0ticament i veurem la finestra amb la calculadora llesta per usar.<\/span><\/p>\n<p lang=\"ca-ES\" align=\"JUSTIFY\">\n<div id=\"attachment_278\" style=\"width: 122px\" class=\"wp-caption aligncenter\"><a href=\"http:\/\/xarxaomnia.gencat.cat\/blocs\/enriquem\/files\/2012\/05\/figura-6.png\"><img loading=\"lazy\" decoding=\"async\" aria-describedby=\"caption-attachment-278\" class=\"size-thumbnail wp-image-278\" title=\"Figura 6\" src=\"http:\/\/xarxaomnia.gencat.cat\/blocs\/enriquem\/files\/2012\/05\/figura-6.png?w=112\" alt=\"\" width=\"112\" height=\"150\" srcset=\"https:\/\/bloc.xarxa-omnia.org\/enriquem\/files\/2012\/05\/figura-6.png 508w, https:\/\/bloc.xarxa-omnia.org\/enriquem\/files\/2012\/05\/figura-6-225x300.png 225w\" sizes=\"auto, (max-width: 112px) 100vw, 112px\" \/><\/a><p id=\"caption-attachment-278\" class=\"wp-caption-text\">Figura 6<\/p><\/div>\n<p lang=\"ca-ES\" align=\"JUSTIFY\"><span style=\"font-family:Liberation Sans, sans-serif\">Apagar\/Reiniciar l\u2019ordinador: Quan acabem d\u2019utilitzar l\u2019ordinador, hem d\u2019apagar-ho correctament. Per a aix\u00f2, en el Men\u00fa Inici tenim l\u2019opci\u00f3 Tanca (Figura 7). En fer clic en aquesta opci\u00f3 l&#8217;ordinador s&#8217;apagar\u00e0 autom\u00e0ticament. El bot\u00f3 del costat, triangle blanc, ens d\u00f3na altres opcions, com Reinicia, Canvia d&#8217;usuari o Tanca la sessi\u00f3.<\/span><\/p>\n<p lang=\"ca-ES\" align=\"JUSTIFY\">\n<div id=\"attachment_279\" style=\"width: 160px\" class=\"wp-caption aligncenter\"><a href=\"http:\/\/xarxaomnia.gencat.cat\/blocs\/enriquem\/files\/2012\/05\/figura-7.png\"><img loading=\"lazy\" decoding=\"async\" aria-describedby=\"caption-attachment-279\" class=\"size-thumbnail wp-image-279\" title=\"Figura 7\" src=\"http:\/\/xarxaomnia.gencat.cat\/blocs\/enriquem\/files\/2012\/05\/figura-7.png?w=150\" alt=\"\" width=\"150\" height=\"63\" srcset=\"https:\/\/bloc.xarxa-omnia.org\/enriquem\/files\/2012\/05\/figura-7.png 615w, https:\/\/bloc.xarxa-omnia.org\/enriquem\/files\/2012\/05\/figura-7-300x126.png 300w\" sizes=\"auto, (max-width: 150px) 100vw, 150px\" \/><\/a><p id=\"caption-attachment-279\" class=\"wp-caption-text\">Figura 7<\/p><\/div>\n<p lang=\"ca-ES\" align=\"JUSTIFY\"><span style=\"font-family:Liberation Sans, sans-serif\"><br \/>\n<\/span><\/p>\n","protected":false},"excerpt":{"rendered":"<p>Tots els ordinadors necessiten un sistema operatiu per funcionar. El sistema operatiu s\u2019encarrega de controlar les funcions de l\u2019ordinador i permeten a l\u2019usuari fer coses com escriure amb el teclat, usar un ratol\u00ed, imprimir, organitzar carpetes i arxius, i obrir aplicacions. Windows 7 ens permet fer aquestes coses mitjan\u00e7ant l\u2019Escriptori. \u00a0L\u2019Escriptori \u00e9s la nostra \u00e0rea &#8230; <span class=\"more\"><a class=\"more-link\" href=\"https:\/\/bloc.xarxa-omnia.org\/enriquem\/tutorials\/lescriptori-de-windows-7\/\">[Read more&#8230;]<\/a><\/span><\/p>\n","protected":false},"author":191,"featured_media":0,"parent":32,"menu_order":1,"comment_status":"open","ping_status":"closed","template":"","meta":{"footnotes":""},"class_list":["entry","page","publish","author-enriquem","post-270"],"_links":{"self":[{"href":"https:\/\/bloc.xarxa-omnia.org\/enriquem\/wp-json\/wp\/v2\/pages\/270","targetHints":{"allow":["GET"]}}],"collection":[{"href":"https:\/\/bloc.xarxa-omnia.org\/enriquem\/wp-json\/wp\/v2\/pages"}],"about":[{"href":"https:\/\/bloc.xarxa-omnia.org\/enriquem\/wp-json\/wp\/v2\/types\/page"}],"author":[{"embeddable":true,"href":"https:\/\/bloc.xarxa-omnia.org\/enriquem\/wp-json\/wp\/v2\/users\/191"}],"replies":[{"embeddable":true,"href":"https:\/\/bloc.xarxa-omnia.org\/enriquem\/wp-json\/wp\/v2\/comments?post=270"}],"version-history":[{"count":0,"href":"https:\/\/bloc.xarxa-omnia.org\/enriquem\/wp-json\/wp\/v2\/pages\/270\/revisions"}],"up":[{"embeddable":true,"href":"https:\/\/bloc.xarxa-omnia.org\/enriquem\/wp-json\/wp\/v2\/pages\/32"}],"wp:attachment":[{"href":"https:\/\/bloc.xarxa-omnia.org\/enriquem\/wp-json\/wp\/v2\/media?parent=270"}],"curies":[{"name":"wp","href":"https:\/\/api.w.org\/{rel}","templated":true}]}}