{"id":431,"date":"2012-06-18T16:48:36","date_gmt":"2012-06-18T16:48:36","guid":{"rendered":"http:\/\/puntomnialaflorida.wordpress.com\/?page_id=431"},"modified":"2012-06-18T16:48:36","modified_gmt":"2012-06-18T16:48:36","slug":"com-canviar-les-icones-de-lescriptori","status":"publish","type":"page","link":"https:\/\/bloc.xarxa-omnia.org\/enriquem\/tutorials\/com-canviar-les-icones-de-lescriptori\/","title":{"rendered":"Com canviar les icones de l&#8217;escriptori"},"content":{"rendered":"<h1 style=\"text-align:justify\">Com canviar les icones de l&#8217;escriptori<\/h1>\n<p style=\"text-align:justify\">A l&#8217;escriptori de Windows ens permet mostrar icones d&#8217;acc\u00e9s a carpetes del sistema per accedir-hi r\u00e0pidament sense utilitzar el men\u00fa Inici, com per exemple, la paperera de reciclatge, on s&#8217;envien els arxius o carpetes que s&#8217;eliminen; la carpeta del usuari, on trobem les carpetes i documents que guardem en treballar, o la carpeta de l&#8217;ordninador, des de la qual podem accedir a les unitats de disc dur, CD \/ DVD o altres connectades per USB a l&#8217;ordinador.<\/p>\n<h2>Windows XP<\/h2>\n<p style=\"text-align:justify\">En edici\u00f3&#8230;<\/p>\n<hr \/>\n<h2>Windows 7<\/h2>\n<p style=\"text-align:justify\">Usualment, en una instal\u00b7laci\u00f3 nova o en crear un usuari nou, nom\u00e9s tindrem l&#8217;acc\u00e9s a la Paperera de reciclatge, com es veu a la Figura 1.<\/p>\n<div id=\"attachment_436\" style=\"width: 160px\" class=\"wp-caption aligncenter\"><a href=\"http:\/\/xarxaomnia.gencat.cat\/blocs\/enriquem\/files\/2012\/06\/iconos_escriptori_win7-1.png\"><img loading=\"lazy\" decoding=\"async\" aria-describedby=\"caption-attachment-436\" class=\"size-thumbnail wp-image-436\" title=\"iconos_escriptori_win7-1\" src=\"http:\/\/xarxaomnia.gencat.cat\/blocs\/enriquem\/files\/2012\/06\/iconos_escriptori_win7-1.png?w=150\" alt=\"\" width=\"150\" height=\"112\" srcset=\"https:\/\/bloc.xarxa-omnia.org\/enriquem\/files\/2012\/06\/iconos_escriptori_win7-1.png 640w, https:\/\/bloc.xarxa-omnia.org\/enriquem\/files\/2012\/06\/iconos_escriptori_win7-1-300x225.png 300w\" sizes=\"auto, (max-width: 150px) 100vw, 150px\" \/><\/a><p id=\"caption-attachment-436\" class=\"wp-caption-text\">Figura 1<\/p><\/div>\n<p style=\"text-align:justify\">Per mostrar (o ocultar si \u00e9s el cas) altres icones del sistema, fem clic amb el bot\u00f3 dret del ratol\u00ed sobre qualsevol part lliure de l&#8217;escriptori (Figura 2) i seleccionem &#8220;Personalitza&#8221;.<\/p>\n<div id=\"attachment_437\" style=\"width: 160px\" class=\"wp-caption aligncenter\"><a href=\"http:\/\/xarxaomnia.gencat.cat\/blocs\/enriquem\/files\/2012\/06\/iconos_escriptori_win7-2.png\"><img loading=\"lazy\" decoding=\"async\" aria-describedby=\"caption-attachment-437\" class=\"size-thumbnail wp-image-437\" title=\"iconos_escriptori_win7-2\" src=\"http:\/\/xarxaomnia.gencat.cat\/blocs\/enriquem\/files\/2012\/06\/iconos_escriptori_win7-2.png?w=150\" alt=\"\" width=\"150\" height=\"127\" srcset=\"https:\/\/bloc.xarxa-omnia.org\/enriquem\/files\/2012\/06\/iconos_escriptori_win7-2.png 560w, https:\/\/bloc.xarxa-omnia.org\/enriquem\/files\/2012\/06\/iconos_escriptori_win7-2-300x255.png 300w\" sizes=\"auto, (max-width: 150px) 100vw, 150px\" \/><\/a><p id=\"caption-attachment-437\" class=\"wp-caption-text\">Figura 2<\/p><\/div>\n<p style=\"text-align:justify\">A la finestra de Personalitzaci\u00f3, fem clic a &#8220;Canvia les icones de l&#8217;escriptori&#8221; (Figura 3).<\/p>\n<div id=\"attachment_438\" style=\"width: 160px\" class=\"wp-caption aligncenter\"><a href=\"http:\/\/xarxaomnia.gencat.cat\/blocs\/enriquem\/files\/2012\/06\/iconos_escriptori_win7-3.png\"><img loading=\"lazy\" decoding=\"async\" aria-describedby=\"caption-attachment-438\" class=\"size-thumbnail wp-image-438\" title=\"iconos_escriptori_win7-3\" src=\"http:\/\/xarxaomnia.gencat.cat\/blocs\/enriquem\/files\/2012\/06\/iconos_escriptori_win7-3.png?w=150\" alt=\"\" width=\"150\" height=\"112\" srcset=\"https:\/\/bloc.xarxa-omnia.org\/enriquem\/files\/2012\/06\/iconos_escriptori_win7-3.png 640w, https:\/\/bloc.xarxa-omnia.org\/enriquem\/files\/2012\/06\/iconos_escriptori_win7-3-300x225.png 300w\" sizes=\"auto, (max-width: 150px) 100vw, 150px\" \/><\/a><p id=\"caption-attachment-438\" class=\"wp-caption-text\">Figura 3<\/p><\/div>\n<p style=\"text-align:justify\">A la finestra seg\u00fcent, Configuraci\u00f3 de les icones de l&#8217;escriptori, veurem seleccionats els icones que ja es mostren, com la Paperera de reciclatge en l&#8217;exemple de la Figura 4.<\/p>\n<div id=\"attachment_440\" style=\"width: 144px\" class=\"wp-caption aligncenter\"><a href=\"http:\/\/xarxaomnia.gencat.cat\/blocs\/enriquem\/files\/2012\/06\/iconos_escriptori_win7-4.png\"><img loading=\"lazy\" decoding=\"async\" aria-describedby=\"caption-attachment-440\" class=\"size-thumbnail wp-image-440\" title=\"iconos_escriptori_win7-4\" src=\"http:\/\/xarxaomnia.gencat.cat\/blocs\/enriquem\/files\/2012\/06\/iconos_escriptori_win7-4.png?w=134\" alt=\"\" width=\"134\" height=\"150\" srcset=\"https:\/\/bloc.xarxa-omnia.org\/enriquem\/files\/2012\/06\/iconos_escriptori_win7-4.png 400w, https:\/\/bloc.xarxa-omnia.org\/enriquem\/files\/2012\/06\/iconos_escriptori_win7-4-270x300.png 270w\" sizes=\"auto, (max-width: 134px) 100vw, 134px\" \/><\/a><p id=\"caption-attachment-440\" class=\"wp-caption-text\">Figura 4<\/p><\/div>\n<p style=\"text-align:justify\">Si volem mostrar altres, seleccionem les caselles que volem. En l&#8217;exemple de la Figura 5, seleccionem, a m\u00e9s de la Paperera, Ordinador i Fitxers de l&#8217;usuari (enrique en aquest cas).<\/p>\n<div id=\"attachment_441\" style=\"width: 144px\" class=\"wp-caption aligncenter\"><a href=\"http:\/\/xarxaomnia.gencat.cat\/blocs\/enriquem\/files\/2012\/06\/iconos_escriptori_win7-5.png\"><img loading=\"lazy\" decoding=\"async\" aria-describedby=\"caption-attachment-441\" class=\"size-thumbnail wp-image-441\" title=\"iconos_escriptori_win7-5\" src=\"http:\/\/xarxaomnia.gencat.cat\/blocs\/enriquem\/files\/2012\/06\/iconos_escriptori_win7-5.png?w=134\" alt=\"\" width=\"134\" height=\"150\" srcset=\"https:\/\/bloc.xarxa-omnia.org\/enriquem\/files\/2012\/06\/iconos_escriptori_win7-5.png 400w, https:\/\/bloc.xarxa-omnia.org\/enriquem\/files\/2012\/06\/iconos_escriptori_win7-5-270x300.png 270w\" sizes=\"auto, (max-width: 134px) 100vw, 134px\" \/><\/a><p id=\"caption-attachment-441\" class=\"wp-caption-text\">Figura 5<\/p><\/div>\n<p style=\"text-align:justify\">En fer clic al bot\u00f3 D&#8217;acord i tornar a l&#8217;escriptori, veurem que apareixen les icones que hem seleccionat (Figura 6). Ara tenim un acc\u00e9s r\u00e0pid a les unitats d&#8217;emmagatzematge de l&#8217;ordinador (Ordinador) i a les carpetes de l&#8217;usuari (enrique) a l&#8217;escriptori.<\/p>\n<div id=\"attachment_442\" style=\"width: 160px\" class=\"wp-caption aligncenter\"><a href=\"http:\/\/xarxaomnia.gencat.cat\/blocs\/enriquem\/files\/2012\/06\/iconos_escriptori_win7-6.png\"><img loading=\"lazy\" decoding=\"async\" aria-describedby=\"caption-attachment-442\" class=\"size-thumbnail wp-image-442\" title=\"iconos_escriptori_win7-6\" src=\"http:\/\/xarxaomnia.gencat.cat\/blocs\/enriquem\/files\/2012\/06\/iconos_escriptori_win7-6.png?w=150\" alt=\"\" width=\"150\" height=\"112\" srcset=\"https:\/\/bloc.xarxa-omnia.org\/enriquem\/files\/2012\/06\/iconos_escriptori_win7-6.png 640w, https:\/\/bloc.xarxa-omnia.org\/enriquem\/files\/2012\/06\/iconos_escriptori_win7-6-300x225.png 300w\" sizes=\"auto, (max-width: 150px) 100vw, 150px\" \/><\/a><p id=\"caption-attachment-442\" class=\"wp-caption-text\">Figura 6<\/p><\/div>\n<p style=\"text-align:justify\">\n","protected":false},"excerpt":{"rendered":"<p>Com canviar les icones de l&#8217;escriptori A l&#8217;escriptori de Windows ens permet mostrar icones d&#8217;acc\u00e9s a carpetes del sistema per accedir-hi r\u00e0pidament sense utilitzar el men\u00fa Inici, com per exemple, la paperera de reciclatge, on s&#8217;envien els arxius o carpetes que s&#8217;eliminen; la carpeta del usuari, on trobem les carpetes i documents que guardem en &#8230; <span class=\"more\"><a class=\"more-link\" href=\"https:\/\/bloc.xarxa-omnia.org\/enriquem\/tutorials\/com-canviar-les-icones-de-lescriptori\/\">[Read more&#8230;]<\/a><\/span><\/p>\n","protected":false},"author":191,"featured_media":0,"parent":32,"menu_order":8,"comment_status":"open","ping_status":"open","template":"","meta":{"footnotes":""},"class_list":["entry","page","publish","author-enriquem","post-431"],"_links":{"self":[{"href":"https:\/\/bloc.xarxa-omnia.org\/enriquem\/wp-json\/wp\/v2\/pages\/431","targetHints":{"allow":["GET"]}}],"collection":[{"href":"https:\/\/bloc.xarxa-omnia.org\/enriquem\/wp-json\/wp\/v2\/pages"}],"about":[{"href":"https:\/\/bloc.xarxa-omnia.org\/enriquem\/wp-json\/wp\/v2\/types\/page"}],"author":[{"embeddable":true,"href":"https:\/\/bloc.xarxa-omnia.org\/enriquem\/wp-json\/wp\/v2\/users\/191"}],"replies":[{"embeddable":true,"href":"https:\/\/bloc.xarxa-omnia.org\/enriquem\/wp-json\/wp\/v2\/comments?post=431"}],"version-history":[{"count":0,"href":"https:\/\/bloc.xarxa-omnia.org\/enriquem\/wp-json\/wp\/v2\/pages\/431\/revisions"}],"up":[{"embeddable":true,"href":"https:\/\/bloc.xarxa-omnia.org\/enriquem\/wp-json\/wp\/v2\/pages\/32"}],"wp:attachment":[{"href":"https:\/\/bloc.xarxa-omnia.org\/enriquem\/wp-json\/wp\/v2\/media?parent=431"}],"curies":[{"name":"wp","href":"https:\/\/api.w.org\/{rel}","templated":true}]}}