{"id":2,"date":"2010-04-06T18:16:04","date_gmt":"2010-04-06T16:16:04","guid":{"rendered":""},"modified":"2015-04-28T11:30:26","modified_gmt":"2015-04-28T10:30:26","slug":"about","status":"publish","type":"page","link":"https:\/\/bloc.xarxa-omnia.org\/espronceda\/about\/","title":{"rendered":"El Punt"},"content":{"rendered":"<h1 style=\"text-align: left\"><strong><span style=\"color: #0000ff\">Punt \u00d2mnia d&#8217;Espronceda<\/span><\/strong><\/h1>\n<h2><\/h2>\n<p style=\"text-align: center\"><a href=\"http:\/\/xarxaomnia.gencat.cat\/blocs\/espronceda\/files\/2010\/04\/logo-omnia-2014.png\"><img loading=\"lazy\" decoding=\"async\" class=\"aligncenter  wp-image-668\" src=\"http:\/\/xarxaomnia.gencat.cat\/blocs\/espronceda\/files\/2010\/04\/logo-omnia-2014-300x225.png\" alt=\"logo omnia 2014\" width=\"354\" height=\"269\" \/><\/a><\/p>\n<p style=\"text-align: justify\">El Punt \u00d2mnia de l&#8217;Associaci\u00f3 de Ve\u00efns d&#8217;Espronceda\u00a0 \u00e9s un servei obert a tots els ve\u00efns i ve\u00efnes del barri d&#8217;Espronceda i a tots aquells que vulguin fer-ne \u00fas.Fou inagurat a l&#8217;any 1999 al Casal Civic Rogelio Soto. La decisi\u00f3 de situar-lo al Casal C\u00edvic en lloc del local de l&#8217;Associaci\u00f3 de Ve\u00efns es va prendre per la possibilitat de donar servei, no nom\u00e9s als ve\u00efns i ve\u00efnes del barri, sin\u00f3 tamb\u00e9 a tots els usuaris del Casal C\u00edvic.<\/p>\n<p style=\"text-align: justify\"><span style=\"text-decoration: underline\">ARTICLE DEL PRESIDENT DE L&#8217;ASSOCIACI\u00d3 DE VE\u00cfNS D&#8217;ESPRONCEDA<\/span><\/p>\n<p class=\"MsoNormal\" style=\"text-align: center\"><em><span style=\"font-family: Arial\">Punt Omnia d\u2019Espronceda <\/span><\/em><\/p>\n<p class=\"MsoNormal\" style=\"text-align: justify\">\u00a0<em><span style=\"font-family: Arial\">El projecte neix l&#8217;any 1999 a partir d&#8217;una iniciativa del Departament de Benestar i Fam\u00edlia i el Departament d&#8217;Universitats Recerca i Societat de la Informaci\u00f3. <\/span><\/em><\/p>\n<p class=\"MsoNormal\" style=\"text-align: justify\"><em><span style=\"font-family: Arial\">Aquest mateix any l\u2019Associaci\u00f3 demana la instal\u00b7laci\u00f3 d\u2019un punt al barri d\u2019Espronceda, sent un dels primers punts que es posen en funcionament.<\/span><\/em><\/p>\n<p class=\"MsoNormal\" style=\"text-align: justify\"><em><span style=\"font-family: Arial\">La decisi\u00f3 tomada per l\u2019Associaci\u00f3 de posar-ho al CC Rogelio Soto es considera un encert ja que de les hores en\u00e7\u00e0 el nostre punt es va convertir en referent com a lloc on els adolescents, joves i persones grans poden accedir a les noves tecnologies, aprofitant d\u2019aquesta manera els importants recursos del projecte Omnia, donant d\u2019aquesta manera significat a la paraula Omnia , tothom, aix\u00ed com la finalitat del projecte que \u00e9s la de garantir que qualsevol persona pugui, a partir de les noves tecnologies, ser incl\u00f2s a la comunitat social, evitant d\u2019aquesta manera la fractura i l&#8217;analfabetisme digital.<\/span><\/em><\/p>\n<p class=\"MsoNormal\" style=\"text-align: justify\"><em><span style=\"font-family: Arial\">L&#8217;\u00fas comunitari, la inserci\u00f3 sociolaboral i la formaci\u00f3 s\u00f3n els principals objectius del punt \u00d2mnia, per\u00f2 aquests objectius no serien possible sense la voluntat clara de la nostra entitat, l&#8217;AVV d&#8217;Espronceda, de treballar els valors fonamentals d&#8217;una societat lliure i democr\u00e0tica: toler\u00e0ncia, civisme, respecte&#8230; valors amb els quals ens \u00e9s m\u00e9s f\u00e0cil enllestir projectes que ens ajudin a desenvolupar sentiments i actituds que garanteixin els objectius del projecte Omnia i tamb\u00e9 el respecte i la conviv\u00e8ncia entre els diversos grups que formen la nostra comunitat.<br \/>\n<\/span><\/em><\/p>\n<p class=\"MsoNormal\" style=\"text-align: justify\">D<em><span style=\"font-family: Arial\">es del nostre punt \u00d2mnia treballem amb les noves tecnologies, entenent-les com un mitj\u00e0 de millora i promoci\u00f3 de l&#8217;autonomia de les persones i un element de participaci\u00f3 afavoridor de la cohesi\u00f3 social amb activitats com: <strong><span style=\"font-family: Arial;font-weight: normal\">lluita contra la pobresa i l&#8217;exclusi\u00f3 social, <\/span><\/strong> <strong><span style=\"font-family: Arial;font-weight: normal\">interculturalitat i cohesi\u00f3 social, inclusi\u00f3 sociolaboral de persones amb discapacitat, projectes d&#8217;acci\u00f3 social i comunit\u00e0ria i el foment del voluntariat.<\/span><\/strong><\/span><\/em><\/p>\n<p class=\"MsoNormal\" style=\"text-align: justify\"><span style=\"text-decoration: underline\">L<em><strong><span style=\"font-family: Arial;font-weight: normal\">a gent gran al Punt \u00d2mnia d\u2019Espronceda.<\/span><\/strong> <\/em><\/span><\/p>\n<p class=\"MsoNormal\" style=\"text-align: justify\"><em><span style=\"font-family: Arial\">El Punt \u00d2mnia dona la possibilitat que a trav\u00e9s de les noves tecnologies la gent gran pugui millorar la seva qualitat de vida i la seva autonomia personal.<\/span><\/em><\/p>\n<p class=\"MsoNormal\" style=\"text-align: justify\"><em><span style=\"font-family: Arial\">Al nostre barri la gent gran \u00e9s un exemple de participaci\u00f3 en totes les activitats lligades amb el voluntariat per aquesta ra\u00f3 es realitzen activitats per a gent gran basades en les noves tecnologies, el voluntariat i la formaci\u00f3 amb l\u2019objectiu de promoure persones actives i socialment integrades En aquest sentit, al llarg d\u2019aquests anys, el punt \u00d2mnia esta tenint sense dubte una influ\u00e8ncia molt important en la incorporaci\u00f3 al voluntariat de moltes persones que veuen la possibilitat de participar-hi a traves de les possibilitats que ofereixen les noves tecnologies. <\/span><\/em><\/p>\n<p class=\"MsoNormal\" style=\"text-align: justify\"><em><span style=\"font-family: Arial\">Passats gaireb\u00e9 11 anys de funcionament del nostre punt des de l\u2019AVV d\u2019Espronceda, ens sentim contents de la bona feina feta. Una feina en base a un servei que es dona a la poblaci\u00f3 m\u00e9s necessitada de les noves tecnologies, dons \u00e9s als nostres barris on hi ha m\u00e9s risc d\u2019exclusi\u00f3 de tot tipus i sense dubte el projecte \u00d3mnia \u00e9s una bona eina de lluita contra aquesta exclusi\u00f3 social.<\/span><\/em><\/p>\n<p class=\"MsoNormal\" style=\"text-align: justify\"><em><span style=\"font-family: Arial\">El reconeixement dels bons resultats del projecte \u00d2mnia com eina de lluita contra la exclusi\u00f3 social justifica l\u2019esfor\u00e7 reivindicatiu del nostre barri i dels barris de la FAVIBC per que es dotes als nostres barris de projectes i programes socials adre\u00e7ats a la millora de la qualitat de vida dels nostres ve\u00efns i ve\u00efnes.<\/span><\/em><\/p>\n<p class=\"MsoNormal\" style=\"text-align: justify\"><em><span style=\"font-family: Arial\">Fernando Francisco i M\u00e9ndez<\/span><\/em><\/p>\n<p class=\"MsoNormal\" style=\"text-align: justify\"><em><span style=\"font-family: Arial\">President de l\u2019AVV d\u2019Espronceda<\/span><\/em><\/p>\n<p class=\"MsoNormal\" style=\"text-align: justify\"><em><span style=\"font-family: Arial\">Sabadell, maig de 2010 <\/span><\/em><\/p>\n<div id=\"_mcePaste\" style=\"width: 1px;height: 1px;overflow: hidden\"><!-- [if gte mso 9]&gt;  Normal 0 21   false false false        MicrosoftInternetExplorer4  &lt;![endif]--><!-- [if gte mso 9]&gt;   &lt;![endif]--><em>&lt;!&#8211;[if !mso]&gt;<\/em> &lt;! st1\\:*{behavior:url(#ieooui) }&#8211;&gt; <!--[endif]--><!--  \/* Font Definitions *\/  @font-face \t{font-family:Tahoma; \tpanose-1:2 11 6 4 3 5 4 4 2 4; \tmso-font-charset:0; \tmso-generic-font-family:swiss; \tmso-font-pitch:variable; \tmso-font-signature:1627421319 -2147483648 8 0 66047 0;}  \/* Style Definitions *\/  p.MsoNormal, li.MsoNormal, div.MsoNormal \t{mso-style-parent:\"\"; \tmargin:0cm; \tmargin-bottom:.0001pt; \tmso-pagination:widow-orphan; \tfont-size:12.0pt; \tfont-family:\"Times New Roman\"; \tmso-fareast-font-family:\"Times New Roman\";} h1 \t{mso-style-next:Normal; \tmargin:0cm; \tmargin-bottom:.0001pt; \tmso-pagination:widow-orphan; \tpage-break-after:avoid; \tmso-outline-level:1; \tfont-size:10.0pt; \tfont-family:Tahoma; \tmso-bidi-font-family:\"Times New Roman\"; \tmso-font-kerning:0pt; \tmso-fareast-language:ES; \tmso-bidi-language:HE; \tmso-bidi-font-weight:normal;} @page Section1 \t{size:612.0pt 792.0pt; \tmargin:70.85pt 3.0cm 70.85pt 3.0cm; \tmso-header-margin:35.4pt; \tmso-footer-margin:35.4pt; \tmso-paper-source:0;} div.Section1 \t{page:Section1;} --><!-- [if gte mso 10]&gt; &lt;!   \/* Style Definitions *\/  table.MsoNormalTable \t{mso-style-name:&quot;Taula normal&quot;; \tmso-tstyle-rowband-size:0; \tmso-tstyle-colband-size:0; \tmso-style-noshow:yes; \tmso-style-parent:&quot;&quot;; \tmso-padding-alt:0cm 5.4pt 0cm 5.4pt; \tmso-para-margin:0cm; \tmso-para-margin-bottom:.0001pt; \tmso-pagination:widow-orphan; \tfont-size:10.0pt; \tfont-family:&quot;Times New Roman&quot;; \tmso-ansi-language:#0400; \tmso-fareast-language:#0400; \tmso-bidi-language:#0400;} --><!--[endif]--><\/div>\n","protected":false},"excerpt":{"rendered":"<p>Punt \u00d2mnia d&#8217;Espronceda El Punt \u00d2mnia de l&#8217;Associaci\u00f3 de Ve\u00efns d&#8217;Espronceda\u00a0 \u00e9s un servei obert a tots els ve\u00efns i ve\u00efnes del barri d&#8217;Espronceda i a tots aquells que vulguin fer-ne \u00fas.Fou inagurat a l&#8217;any 1999 al Casal Civic Rogelio &hellip; <a href=\"https:\/\/bloc.xarxa-omnia.org\/espronceda\/about\/\">Continua llegint <span class=\"meta-nav\">&rarr;<\/span><\/a><\/p>\n","protected":false},"author":130,"featured_media":0,"parent":0,"menu_order":0,"comment_status":"open","ping_status":"open","template":"","meta":{"footnotes":""},"class_list":["post-2","page","type-page","status-publish","hentry"],"_links":{"self":[{"href":"https:\/\/bloc.xarxa-omnia.org\/espronceda\/wp-json\/wp\/v2\/pages\/2","targetHints":{"allow":["GET"]}}],"collection":[{"href":"https:\/\/bloc.xarxa-omnia.org\/espronceda\/wp-json\/wp\/v2\/pages"}],"about":[{"href":"https:\/\/bloc.xarxa-omnia.org\/espronceda\/wp-json\/wp\/v2\/types\/page"}],"author":[{"embeddable":true,"href":"https:\/\/bloc.xarxa-omnia.org\/espronceda\/wp-json\/wp\/v2\/users\/130"}],"replies":[{"embeddable":true,"href":"https:\/\/bloc.xarxa-omnia.org\/espronceda\/wp-json\/wp\/v2\/comments?post=2"}],"version-history":[{"count":19,"href":"https:\/\/bloc.xarxa-omnia.org\/espronceda\/wp-json\/wp\/v2\/pages\/2\/revisions"}],"predecessor-version":[{"id":670,"href":"https:\/\/bloc.xarxa-omnia.org\/espronceda\/wp-json\/wp\/v2\/pages\/2\/revisions\/670"}],"wp:attachment":[{"href":"https:\/\/bloc.xarxa-omnia.org\/espronceda\/wp-json\/wp\/v2\/media?parent=2"}],"curies":[{"name":"wp","href":"https:\/\/api.w.org\/{rel}","templated":true}]}}