{"id":3,"date":"2007-05-11T11:13:04","date_gmt":"2007-05-11T09:13:04","guid":{"rendered":"http:\/\/blog.xarxa-omnia.org\/fesinternet07\/presentacio\/"},"modified":"2007-05-11T13:43:52","modified_gmt":"2007-05-11T11:43:52","slug":"presentacio","status":"publish","type":"page","link":"https:\/\/bloc.xarxa-omnia.org\/fesinternet07\/","title":{"rendered":"Presentaci\u00f3"},"content":{"rendered":"<p>El <strong>17 de maig<\/strong> es celebra el dia d&#8217;Internet a nivell mundial. I a la Xarxa \u00d2mnia volem posar el nostre gra de sorra a tot el seguit d&#8217;actes que es faran arreu del m\u00f3n.<\/p>\n<p>Per aix\u00f2 us proposem fer tres activitats que giren al voltant d&#8217;Internet:<\/p>\n<ol>\n<li><a href=\"http:\/\/blog.xarxa-omnia.org\/fesinternet07\/passatemps-per-descobrir-internet\/\">Passatemps per descobrir Internet<\/a><\/li>\n<li><a href=\"http:\/\/blog.xarxa-omnia.org\/fesinternet07\/el-zoo-dinternet\/\">El Zoo d&#8217;Internet<\/a><\/li>\n<li><a href=\"http:\/\/blog.xarxa-omnia.org\/fesinternet07\/com-timagines-internet\/\">Com t&#8217;imagines Internet?<\/a><\/li>\n<\/ol>\n","protected":false},"excerpt":{"rendered":"<p>El 17 de maig es celebra el dia d&#8217;Internet a nivell mundial. I a la Xarxa \u00d2mnia volem posar el nostre gra de sorra a tot el seguit d&#8217;actes que es faran arreu del m\u00f3n. Per aix\u00f2 us proposem fer tres activitats que giren al voltant d&#8217;Internet: Passatemps per descobrir Internet El Zoo d&#8217;Internet Com [&hellip;]<\/p>\n","protected":false},"author":1,"featured_media":0,"parent":0,"menu_order":0,"comment_status":"closed","ping_status":"closed","template":"","meta":{"ngg_post_thumbnail":0,"footnotes":""},"class_list":["post-3","page","type-page","status-publish","hentry"],"_links":{"self":[{"href":"https:\/\/bloc.xarxa-omnia.org\/fesinternet07\/wp-json\/wp\/v2\/pages\/3","targetHints":{"allow":["GET"]}}],"collection":[{"href":"https:\/\/bloc.xarxa-omnia.org\/fesinternet07\/wp-json\/wp\/v2\/pages"}],"about":[{"href":"https:\/\/bloc.xarxa-omnia.org\/fesinternet07\/wp-json\/wp\/v2\/types\/page"}],"author":[{"embeddable":true,"href":"https:\/\/bloc.xarxa-omnia.org\/fesinternet07\/wp-json\/wp\/v2\/users\/1"}],"replies":[{"embeddable":true,"href":"https:\/\/bloc.xarxa-omnia.org\/fesinternet07\/wp-json\/wp\/v2\/comments?post=3"}],"version-history":[{"count":0,"href":"https:\/\/bloc.xarxa-omnia.org\/fesinternet07\/wp-json\/wp\/v2\/pages\/3\/revisions"}],"wp:attachment":[{"href":"https:\/\/bloc.xarxa-omnia.org\/fesinternet07\/wp-json\/wp\/v2\/media?parent=3"}],"curies":[{"name":"wp","href":"https:\/\/api.w.org\/{rel}","templated":true}]}}