{"id":5,"date":"2007-05-11T11:17:24","date_gmt":"2007-05-11T09:17:24","guid":{"rendered":"http:\/\/blog.xarxa-omnia.org\/fesinternet07\/el-zoo-dinternet\/"},"modified":"2009-03-04T14:50:45","modified_gmt":"2009-03-04T12:50:45","slug":"el-zoo-dinternet","status":"publish","type":"page","link":"https:\/\/bloc.xarxa-omnia.org\/fesinternet07\/el-zoo-dinternet\/","title":{"rendered":"El Zoo d&#8217;Internet"},"content":{"rendered":"<p>Aquests deu personatges i animals representen diferents programes inform\u00e0tics i fins ara estaven ben quiets i tancats al Zoo a d&#8217;Internet. Per\u00f2 resulta que s&#8217;han escapat i han anat a amagar-se dins del paisatge que veieu m\u00e9s avall&#8230; <strong>Ens ajudes a trobar-los a tots?<\/strong><\/p>\n<p><embed src=\"http:\/\/blog.xarxa-omnia.org\/fesinternet07\/files\/01.swf\" type=\"application\/x-shockwave-flash\" width=\"500\" height=\"500\"><\/embed><\/p>\n<p>Autor de la imatge de fons: Alfonso Teruel (CCNonCommercial at Flickr.com)<\/p>\n","protected":false},"excerpt":{"rendered":"<p>Aquests deu personatges i animals representen diferents programes inform\u00e0tics i fins ara estaven ben quiets i tancats al Zoo a d&#8217;Internet. Per\u00f2 resulta que s&#8217;han escapat i han anat a amagar-se dins del paisatge que veieu m\u00e9s avall&#8230; Ens ajudes a trobar-los a tots? Autor de la imatge de fons: Alfonso Teruel (CCNonCommercial at Flickr.com)<\/p>\n","protected":false},"author":1,"featured_media":0,"parent":0,"menu_order":2,"comment_status":"closed","ping_status":"closed","template":"","meta":{"ngg_post_thumbnail":0,"footnotes":""},"class_list":["post-5","page","type-page","status-publish","hentry"],"_links":{"self":[{"href":"https:\/\/bloc.xarxa-omnia.org\/fesinternet07\/wp-json\/wp\/v2\/pages\/5","targetHints":{"allow":["GET"]}}],"collection":[{"href":"https:\/\/bloc.xarxa-omnia.org\/fesinternet07\/wp-json\/wp\/v2\/pages"}],"about":[{"href":"https:\/\/bloc.xarxa-omnia.org\/fesinternet07\/wp-json\/wp\/v2\/types\/page"}],"author":[{"embeddable":true,"href":"https:\/\/bloc.xarxa-omnia.org\/fesinternet07\/wp-json\/wp\/v2\/users\/1"}],"replies":[{"embeddable":true,"href":"https:\/\/bloc.xarxa-omnia.org\/fesinternet07\/wp-json\/wp\/v2\/comments?post=5"}],"version-history":[{"count":0,"href":"https:\/\/bloc.xarxa-omnia.org\/fesinternet07\/wp-json\/wp\/v2\/pages\/5\/revisions"}],"wp:attachment":[{"href":"https:\/\/bloc.xarxa-omnia.org\/fesinternet07\/wp-json\/wp\/v2\/media?parent=5"}],"curies":[{"name":"wp","href":"https:\/\/api.w.org\/{rel}","templated":true}]}}