{"id":20,"date":"2014-02-28T14:03:47","date_gmt":"2014-02-28T12:03:47","guid":{"rendered":"http:\/\/xarxaomnia.gencat.cat\/blocs\/gestionat\/?page_id=20"},"modified":"2014-04-07T12:01:17","modified_gmt":"2014-04-07T10:01:17","slug":"crear-un-webmix-amb-symbaloo","status":"publish","type":"page","link":"https:\/\/bloc.xarxa-omnia.org\/gestionat\/que-es-symbaloo\/crear-un-webmix-amb-symbaloo\/","title":{"rendered":"Crear un webmix amb Symbaloo"},"content":{"rendered":"<p>Un <em>webmix<\/em> \u00e9s una col\u00b7lecci\u00f3 o categoria de blocs o pastilles que ens permet organitzar els nostres enlla\u00e7os o fonts d\u2019acord amb els nostres criteris.<\/p>\n<p>Els <em>webmix<\/em> els podem identificar f\u00e0cilment a trav\u00e9s de les pestanyes que apareixen a la part superior de l\u2019aplicaci\u00f3. Podem crear-ne tants com necessitem. Si ens fixem en les pestanyes de la part superior, veurem que la darrera d\u2019aquestes \u00e9s una pestanya amb un s\u00edmbol +. Si fem clic a sobre ens apareix un quadre que ens permetr\u00e0 especificar les caracter\u00edstiques del nou <em>webmix<\/em>.<\/p>\n<p>Podem triar entre crear un <em>webmix<\/em> buit o b\u00e9 buscar algun dels <em>webmix<\/em> p\u00fablics de qu\u00e8 disposa Symbaloo.<\/p>\n<p>En cas de triar la primera opci\u00f3, nom\u00e9s haurem d\u2019especificar el nom del nou <em>webmix<\/em>, i de manera opcional indicar si aquest tindr\u00e0 car\u00e0cter d\u2019RSS o no, \u00e9s a dir, si es comportar\u00e0 com a lector de fonts d\u2019informaci\u00f3 externes mitjan\u00e7ant <em>feeds<\/em> o no.<\/p>\n<p>Tamb\u00e9 tenim l\u2019opci\u00f3 de triar el <em>Quickstart<\/em>, que \u00e9s similar a fer servir una mena de plantilles preestablertes per a l\u2019aplicaci\u00f3 i que cont\u00e9 col\u00b7leccions de blocs organitzats segons diferents criteris.<\/p>\n<p align=\"center\"><iframe loading=\"lazy\" src=\"https:\/\/omnia.makes.org\/popcorn\/1rpz_\" height=\"523\" width=\"853\" allowfullscreen=\"\" frameborder=\"0\"><\/iframe><\/p>\n","protected":false},"excerpt":{"rendered":"<p>Un webmix \u00e9s una col\u00b7lecci\u00f3 o categoria de blocs o pastilles que ens permet organitzar els nostres enlla\u00e7os o fonts d\u2019acord amb els nostres criteris. Els webmix els podem identificar f\u00e0cilment a trav\u00e9s de les pestanyes que apareixen a la part superior de l\u2019aplicaci\u00f3. Podem crear-ne tants com necessitem. Si \u2026<\/p>\n<p class=\"continue-reading-button\"> <a class=\"continue-reading-link\" href=\"https:\/\/bloc.xarxa-omnia.org\/gestionat\/que-es-symbaloo\/crear-un-webmix-amb-symbaloo\/\">Continue reading<i class=\"crycon-right-dir\"><\/i><\/a><\/p>\n","protected":false},"author":1,"featured_media":0,"parent":51,"menu_order":5,"comment_status":"closed","ping_status":"closed","template":"","meta":{"footnotes":""},"class_list":["post-20","page","type-page","status-publish","hentry"],"_links":{"self":[{"href":"https:\/\/bloc.xarxa-omnia.org\/gestionat\/wp-json\/wp\/v2\/pages\/20","targetHints":{"allow":["GET"]}}],"collection":[{"href":"https:\/\/bloc.xarxa-omnia.org\/gestionat\/wp-json\/wp\/v2\/pages"}],"about":[{"href":"https:\/\/bloc.xarxa-omnia.org\/gestionat\/wp-json\/wp\/v2\/types\/page"}],"author":[{"embeddable":true,"href":"https:\/\/bloc.xarxa-omnia.org\/gestionat\/wp-json\/wp\/v2\/users\/1"}],"replies":[{"embeddable":true,"href":"https:\/\/bloc.xarxa-omnia.org\/gestionat\/wp-json\/wp\/v2\/comments?post=20"}],"version-history":[{"count":11,"href":"https:\/\/bloc.xarxa-omnia.org\/gestionat\/wp-json\/wp\/v2\/pages\/20\/revisions"}],"predecessor-version":[{"id":183,"href":"https:\/\/bloc.xarxa-omnia.org\/gestionat\/wp-json\/wp\/v2\/pages\/20\/revisions\/183"}],"up":[{"embeddable":true,"href":"https:\/\/bloc.xarxa-omnia.org\/gestionat\/wp-json\/wp\/v2\/pages\/51"}],"wp:attachment":[{"href":"https:\/\/bloc.xarxa-omnia.org\/gestionat\/wp-json\/wp\/v2\/media?parent=20"}],"curies":[{"name":"wp","href":"https:\/\/api.w.org\/{rel}","templated":true}]}}