{"id":24,"date":"2014-02-28T16:10:12","date_gmt":"2014-02-28T14:10:12","guid":{"rendered":"http:\/\/xarxaomnia.gencat.cat\/blocs\/gestionat\/?page_id=24"},"modified":"2014-04-11T14:36:29","modified_gmt":"2014-04-11T12:36:29","slug":"un-exemple-per-a-lomnia","status":"publish","type":"page","link":"https:\/\/bloc.xarxa-omnia.org\/gestionat\/un-exemple-per-a-lomnia\/","title":{"rendered":"Un exemple f\u00e0cil d&#8217;aplicar"},"content":{"rendered":"<p>Per saber si la nostra proposta us engresca, no hi ha res millor que disposar d\u2019una o diverses refer\u00e8ncies.<\/p>\n<p>El primer dels exemples \u00e9s aplicable f\u00e0cilment a la realitat de molts punts \u00d2mnia. Per\u00f2 nom\u00e9s \u00e9s aix\u00f2: un exemple. Us convidem a fer-ho servir i comen\u00e7ar a dissenyar el vostre propi Symbaloo, i tamb\u00e9 a pensar com alguns\/es dels nostres participants poden crear-se el seu.<\/p>\n<p align=\"center\"><iframe loading=\"lazy\" name=\"_symFrame\" src=\"https:\/\/www.symbaloo.com\/embed\/shared\/AAAABByGpwMAA41_k31vEA==\" height=\"600\" width=\"920\" frameborder=\"0\"><\/iframe><\/p>\n<p>Vegeu a continuaci\u00f3 altres propostes dels internautes, en aquest cas des del mateix <strong>punt \u00d2mnia de l\u2019Ajuntament de Vandell\u00f2s i l\u2019Hospitalet de l\u2019Infant<\/strong>, estretament vinculat a la cerca de feina:<\/p>\n<p align=\"center\"><iframe loading=\"lazy\" frameborder=\"0\" noresize=\"noresize\" src=\"https:\/\/www.symbaloo.com\/embed\/shared\/AAAABFDITQgAA41_k33kCw==\" name=\"_symFrame\" width=\"920px\" height=\"600px\"><\/iframe><\/p>\n<p>En resum, una bona eina per recollir en una \u00fanica aplicaci\u00f3 aquells enlla\u00e7os que utilitzem sovint, la qual afavoreix l\u2019accessibilitat de les persones (en un primer estadi, \u00e9s clar) a fonts d\u2019informaci\u00f3 i recursos com els que hem mostrat als exemples. La seva disponibilitat per a dispositius m\u00f2bils i t\u00e0ctils, i el seu car\u00e0cter netament gr\u00e0fic, facilita molt el seu \u00fas.<\/p>\n<p>L\u2019aplicaci\u00f3 ens ser\u00e0 \u00fatil com a punt \u00d2mnia o b\u00e9 com a recurs per a participants que vulguin disposar de la seva pr\u00f2pia p\u00e0gina d\u2019inici a on trobar-ho tot de manera senzilla i ordenada.<\/p>\n<p>&nbsp;<\/p>\n","protected":false},"excerpt":{"rendered":"<p>Per saber si la nostra proposta us engresca, no hi ha res millor que disposar d\u2019una o diverses refer\u00e8ncies. El primer dels exemples \u00e9s aplicable f\u00e0cilment a la realitat de molts punts \u00d2mnia. Per\u00f2 nom\u00e9s \u00e9s aix\u00f2: un exemple. Us convidem a fer-ho servir i comen\u00e7ar a dissenyar el vostre \u2026<\/p>\n<p class=\"continue-reading-button\"> <a class=\"continue-reading-link\" href=\"https:\/\/bloc.xarxa-omnia.org\/gestionat\/un-exemple-per-a-lomnia\/\">Continue reading<i class=\"crycon-right-dir\"><\/i><\/a><\/p>\n","protected":false},"author":61,"featured_media":0,"parent":0,"menu_order":-1,"comment_status":"closed","ping_status":"closed","template":"templates\/template-onecolumn.php","meta":{"footnotes":""},"class_list":["post-24","page","type-page","status-publish","hentry"],"_links":{"self":[{"href":"https:\/\/bloc.xarxa-omnia.org\/gestionat\/wp-json\/wp\/v2\/pages\/24","targetHints":{"allow":["GET"]}}],"collection":[{"href":"https:\/\/bloc.xarxa-omnia.org\/gestionat\/wp-json\/wp\/v2\/pages"}],"about":[{"href":"https:\/\/bloc.xarxa-omnia.org\/gestionat\/wp-json\/wp\/v2\/types\/page"}],"author":[{"embeddable":true,"href":"https:\/\/bloc.xarxa-omnia.org\/gestionat\/wp-json\/wp\/v2\/users\/61"}],"replies":[{"embeddable":true,"href":"https:\/\/bloc.xarxa-omnia.org\/gestionat\/wp-json\/wp\/v2\/comments?post=24"}],"version-history":[{"count":29,"href":"https:\/\/bloc.xarxa-omnia.org\/gestionat\/wp-json\/wp\/v2\/pages\/24\/revisions"}],"predecessor-version":[{"id":205,"href":"https:\/\/bloc.xarxa-omnia.org\/gestionat\/wp-json\/wp\/v2\/pages\/24\/revisions\/205"}],"wp:attachment":[{"href":"https:\/\/bloc.xarxa-omnia.org\/gestionat\/wp-json\/wp\/v2\/media?parent=24"}],"curies":[{"name":"wp","href":"https:\/\/api.w.org\/{rel}","templated":true}]}}