{"id":11,"date":"2008-06-23T12:18:16","date_gmt":"2008-06-23T10:18:16","guid":{"rendered":"http:\/\/blog.xarxa-omnia.org\/jocsomnia\/el-joc-domnia\/"},"modified":"2008-07-07T12:33:09","modified_gmt":"2008-07-07T10:33:09","slug":"el-joc-domnia","status":"publish","type":"page","link":"https:\/\/bloc.xarxa-omnia.org\/jocsomnia\/el-joc-domnia\/","title":{"rendered":"El joc d&#8217;\u00d2mnia"},"content":{"rendered":"<p><font color=\"#000000\">Recol\u00b7lecta els punts \u00d2mnia (O) fins arribar a la xarxa \u00d2mnia. Les finestres de colors lluents s\u00f3n les teves advers\u00e0ries, no deixis que interfereixin la teva feina amb les seves llic\u00e8ncies propiet\u00e0ries. La gent t\u2019ajudar\u00e0 a fer-te m\u00e9s gran i fort. Ajuda&#8217;t dels navegadors per trobar-la.<\/font> <font color=\"#333333\"><strong>Atreveix-te!!!<\/strong><\/font><\/p>\n<p><embed src=\"http:\/\/www.fyrebug.com\/embed.php?&amp;gameid=16200\" type=\"application\/x-shockwave-flash\" wmode=\"window\" height=\"400\" width=\"425\"><\/embed><br \/>\n<img loading=\"lazy\" decoding=\"async\" src=\"http:\/\/www.fyrebug.com\/wordpress\/wp-content\/themes\/default\/images\/controlicon_keys.png\" alt=\"controls\" align=\"right\" height=\"36\" width=\"53\" \/><strong>Instruccions per jugar<\/strong>: Utilitza les fletxes (cursors) del teu teclat per moure&#8217;t i la barra d&#8217;espai per saltar i treballar el teu cam\u00ed a l&#8217;\u00e8xit.<br \/>\nPots esquivar els enemics o saltar sobre d&#8217;ells aconseguint punts. Recull tantes \u00d3 (d&#8217;\u00d2mnia) com puguis i tamb\u00e9 les gratificacions de superpoders que trobar\u00e0s saltant sota els Firefox!<\/p>\n","protected":false},"excerpt":{"rendered":"<p>Recol\u00b7lecta els punts \u00d2mnia (O) fins arribar a la xarxa \u00d2mnia. Les finestres de colors lluents s\u00f3n les teves advers\u00e0ries, no deixis que interfereixin la teva feina amb les seves llic\u00e8ncies propiet\u00e0ries. La gent t\u2019ajudar\u00e0 a fer-te m\u00e9s gran i fort. Ajuda&#8217;t dels navegadors per trobar-la. Atreveix-te!!! Instruccions per jugar: Utilitza les fletxes (cursors) del [&hellip;]<\/p>\n","protected":false},"author":61,"featured_media":0,"parent":0,"menu_order":3,"comment_status":"closed","ping_status":"open","template":"","meta":{"ngg_post_thumbnail":0,"footnotes":""},"class_list":["post-11","page","type-page","status-publish","hentry"],"_links":{"self":[{"href":"https:\/\/bloc.xarxa-omnia.org\/jocsomnia\/wp-json\/wp\/v2\/pages\/11","targetHints":{"allow":["GET"]}}],"collection":[{"href":"https:\/\/bloc.xarxa-omnia.org\/jocsomnia\/wp-json\/wp\/v2\/pages"}],"about":[{"href":"https:\/\/bloc.xarxa-omnia.org\/jocsomnia\/wp-json\/wp\/v2\/types\/page"}],"author":[{"embeddable":true,"href":"https:\/\/bloc.xarxa-omnia.org\/jocsomnia\/wp-json\/wp\/v2\/users\/61"}],"replies":[{"embeddable":true,"href":"https:\/\/bloc.xarxa-omnia.org\/jocsomnia\/wp-json\/wp\/v2\/comments?post=11"}],"version-history":[{"count":0,"href":"https:\/\/bloc.xarxa-omnia.org\/jocsomnia\/wp-json\/wp\/v2\/pages\/11\/revisions"}],"wp:attachment":[{"href":"https:\/\/bloc.xarxa-omnia.org\/jocsomnia\/wp-json\/wp\/v2\/media?parent=11"}],"curies":[{"name":"wp","href":"https:\/\/api.w.org\/{rel}","templated":true}]}}