{"id":19,"date":"2012-05-22T14:17:43","date_gmt":"2012-05-22T12:17:43","guid":{"rendered":"http:\/\/blog.xarxa-omnia.org\/jornadesterritorials2012\/?page_id=19"},"modified":"2012-06-05T18:14:41","modified_gmt":"2012-06-05T16:14:41","slug":"barcelona-sud","status":"publish","type":"page","link":"https:\/\/bloc.xarxa-omnia.org\/jornadesterritorials\/primer-semestre\/barcelona-sud\/","title":{"rendered":"L&#8217;Hospitalet de Llobregat (Barcelona sud)"},"content":{"rendered":"<h2>Dimarts, 5 de juny de 2012<\/h2>\n<h4>Programa<\/h4>\n<ul>\n<li> 9.30 h Acollida.<\/li>\n<li>10 h Presentaci\u00f3 de la jornada i <strong>benvinguda<\/strong> als participants.<\/li>\n<li>10.15 h Coneixem la <strong>maleta d&#8217;eines i recursos per a la inserci\u00f3 social<\/strong>. A c\u00e0rrec d&#8217;Elisabet Oliveres i Francesca Errico.<\/li>\n<li>11.30 h Descans.<\/li>\n<li>12 h <strong>Presentacions d&#8217;experi\u00e8ncies, recursos i eines<\/strong>, a c\u00e0rrec de:<\/li>\n<ul>\n<li>Isabel Becerra (Punt \u00d2mnia Sant Vicen\u00e7 dels Horts): TIC i habilitats art\u00edstiques.<\/li>\n<li>Albert Francol\u00ed (Punt \u00d2mnia Servei Solidari): Newsletter i Social Media &#8211; implicaci\u00f3 al barri del Raval de Barcelona.<\/li>\n<li>Pep Oliveras (Punt \u00f2mnia Fundaci\u00f3 Marianao): Curs de joves dinamitzadors TIC (Experi\u00e8ncia pilot).<\/li>\n<li>Carol Villanova (Punt \u00d2mnia CTC Masquefa): Projecte d\u2019Inserci\u00f3: La Feina a un clic!<\/li>\n<li>Anna Segarra i Adela Hidalgo (Punt \u00d2mnia Eixida): Integraci\u00f3 de l&#8217;\u00d2mnia al projecte global d&#8217;entitat<\/li>\n<\/ul>\n<li>13 h Espai de <strong>trobada creativa<\/strong>. A c\u00e0rrec dels membres de la comunitat \u00d2mnia.<\/li>\n<li>14 h Cloenda.<\/li>\n<\/ul>\n<p><strong>Lloc:<\/strong> <a href=\"http:\/\/xarxa-omnia.org\/node\/334\">Punt \u00d2mnia Hotel d&#8217;Entitats Hospitalet de Llobregat &#8211; Sanfeliu &#8211; Club Infantil i Juvenil Sanfeliu &#8211; Sant Ildefons<\/a><br \/>\n<strong>Adre\u00e7a:<\/strong> c\/ Emigrant, 25 baixos (08906 L&#8217;Hospitalet de Llobregat)<\/p>\n<p><iframe loading=\"lazy\" width=\"425\" height=\"350\" frameborder=\"0\" scrolling=\"no\" marginheight=\"0\" marginwidth=\"0\" src=\"https:\/\/maps.google.com\/maps\/ms?msa=0&amp;msid=215480288691928778528.0004c0a477a4ee8fd8411&amp;hl=ca&amp;ie=UTF8&amp;t=m&amp;source=embed&amp;ll=41.365062,2.08884&amp;spn=0.002818,0.00456&amp;z=17&amp;output=embed\"><\/iframe><br \/><small>Mostra <a href=\"https:\/\/maps.google.com\/maps\/ms?msa=0&amp;msid=215480288691928778528.0004c0a477a4ee8fd8411&amp;hl=ca&amp;ie=UTF8&amp;t=m&amp;source=embed&amp;ll=41.365062,2.08884&amp;spn=0.002818,0.00456&amp;z=17\" style=\"color:#0000FF;text-align:left\">Jornades territorials 2012<\/a> en un mapa m\u00e9s gran<\/small><\/p>\n","protected":false},"excerpt":{"rendered":"<p>Dimarts, 5 de juny de 2012 Programa 9.30 h Acollida. 10 h Presentaci\u00f3 de la jornada i benvinguda als participants. 10.15 h Coneixem la maleta d&#8217;eines i recursos per a la inserci\u00f3 social. A c\u00e0rrec d&#8217;Elisabet Oliveres i Francesca Errico. 11.30 h Descans. 12 h Presentacions d&#8217;experi\u00e8ncies, recursos i eines, a c\u00e0rrec de: Isabel Becerra <a href=\"https:\/\/bloc.xarxa-omnia.org\/jornadesterritorials\/primer-semestre\/barcelona-sud\/#more-'\" class=\"more-link\">more \u00bb<\/a><\/p>\n","protected":false},"author":61,"featured_media":0,"parent":4,"menu_order":1,"comment_status":"closed","ping_status":"open","template":"","meta":{"footnotes":""},"class_list":["post-19","page","type-page","status-publish","czr-hentry"],"_links":{"self":[{"href":"https:\/\/bloc.xarxa-omnia.org\/jornadesterritorials\/wp-json\/wp\/v2\/pages\/19","targetHints":{"allow":["GET"]}}],"collection":[{"href":"https:\/\/bloc.xarxa-omnia.org\/jornadesterritorials\/wp-json\/wp\/v2\/pages"}],"about":[{"href":"https:\/\/bloc.xarxa-omnia.org\/jornadesterritorials\/wp-json\/wp\/v2\/types\/page"}],"author":[{"embeddable":true,"href":"https:\/\/bloc.xarxa-omnia.org\/jornadesterritorials\/wp-json\/wp\/v2\/users\/61"}],"replies":[{"embeddable":true,"href":"https:\/\/bloc.xarxa-omnia.org\/jornadesterritorials\/wp-json\/wp\/v2\/comments?post=19"}],"version-history":[{"count":23,"href":"https:\/\/bloc.xarxa-omnia.org\/jornadesterritorials\/wp-json\/wp\/v2\/pages\/19\/revisions"}],"predecessor-version":[{"id":77,"href":"https:\/\/bloc.xarxa-omnia.org\/jornadesterritorials\/wp-json\/wp\/v2\/pages\/19\/revisions\/77"}],"up":[{"embeddable":true,"href":"https:\/\/bloc.xarxa-omnia.org\/jornadesterritorials\/wp-json\/wp\/v2\/pages\/4"}],"wp:attachment":[{"href":"https:\/\/bloc.xarxa-omnia.org\/jornadesterritorials\/wp-json\/wp\/v2\/media?parent=19"}],"curies":[{"name":"wp","href":"https:\/\/api.w.org\/{rel}","templated":true}]}}