{"id":2,"date":"2012-05-20T11:35:24","date_gmt":"2012-05-20T09:35:24","guid":{"rendered":""},"modified":"2014-05-13T17:43:35","modified_gmt":"2014-05-13T15:43:35","slug":"about","status":"publish","type":"page","link":"https:\/\/bloc.xarxa-omnia.org\/jornadesterritorials\/about\/","title":{"rendered":"Inici"},"content":{"rendered":"<p>Les <strong>jornades de dinamitzaci\u00f3 de la Xarxa \u00d2mnia<\/strong> s\u00f3n trobades de treball entre dinamitzadors i dinamitzadores, responsables d&#8217;equipaments i d&#8217;entitats gestores de punts \u00d2mnia i altres agents de la xarxa. L&#8217;objectiu \u00e9s intercanviar informaci\u00f3, experi\u00e8ncies i metodologies, aix\u00ed com fomentar el <strong>treball en xarxa<\/strong> i incentivar la creaci\u00f3 de nous projectes de col\u00b7laboraci\u00f3 entre els punts.<\/p>\n<table width=\"100%\" border=\"0px\">\n<tbody>\n<tr>\n<td width=\"33%\">\n<p style=\"text-align: center;\"><a href=\"http:\/\/blog.xarxa-omnia.org\/jornadesterritorials\/primer-semestre-de-2014\/\"><img loading=\"lazy\" decoding=\"async\" class=\"alignnone size-full wp-image-54\" title=\"programaci\u00f3\" alt=\"Icona de programaci\u00f3\" src=\"http:\/\/blog.xarxa-omnia.org\/jornadesterritorials\/files\/2012\/05\/programacio2.png\" width=\"160\" height=\"196\" \/> <\/a><\/p>\n<p style=\"text-align: center;\"><a href=\"http:\/\/blog.xarxa-omnia.org\/jornadesterritorials\/primer-semestre-de-2014\/\">Informaci\u00f3<\/a><\/p>\n<\/td>\n<td width=\"33%\">\n<p style=\"text-align: center;\"><a href=\"http:\/\/blog.xarxa-omnia.org\/jornadesterritorials\/inscripcio-i-comunicacions\/\"><img loading=\"lazy\" decoding=\"async\" class=\"alignnone size-full wp-image-57\" title=\"inscripcio\" alt=\"Icona d'inscripci\u00f3\" src=\"http:\/\/blog.xarxa-omnia.org\/jornadesterritorials\/files\/2012\/05\/inscripcio.png\" width=\"160\" height=\"195\" \/><\/a><\/p>\n<p style=\"text-align: center;\"><a href=\"http:\/\/blog.xarxa-omnia.org\/jornadesterritorials\/inscripcio-i-comunicacions\/\">Inscripci\u00f3<\/a><\/p>\n<\/td>\n<\/tr>\n<\/tbody>\n<\/table>\n","protected":false},"excerpt":{"rendered":"<p>Les jornades de dinamitzaci\u00f3 de la Xarxa \u00d2mnia s\u00f3n trobades de treball entre dinamitzadors i dinamitzadores, responsables d&#8217;equipaments i d&#8217;entitats gestores de punts \u00d2mnia i altres agents de la xarxa. L&#8217;objectiu \u00e9s intercanviar informaci\u00f3, experi\u00e8ncies i metodologies, aix\u00ed com fomentar el treball en xarxa i incentivar la creaci\u00f3 de nous projectes de col\u00b7laboraci\u00f3 entre els <a href=\"https:\/\/bloc.xarxa-omnia.org\/jornadesterritorials\/about\/#more-'\" class=\"more-link\">more \u00bb<\/a><\/p>\n","protected":false},"author":1,"featured_media":0,"parent":0,"menu_order":0,"comment_status":"closed","ping_status":"closed","template":"","meta":{"footnotes":""},"class_list":["post-2","page","type-page","status-publish","czr-hentry"],"_links":{"self":[{"href":"https:\/\/bloc.xarxa-omnia.org\/jornadesterritorials\/wp-json\/wp\/v2\/pages\/2","targetHints":{"allow":["GET"]}}],"collection":[{"href":"https:\/\/bloc.xarxa-omnia.org\/jornadesterritorials\/wp-json\/wp\/v2\/pages"}],"about":[{"href":"https:\/\/bloc.xarxa-omnia.org\/jornadesterritorials\/wp-json\/wp\/v2\/types\/page"}],"author":[{"embeddable":true,"href":"https:\/\/bloc.xarxa-omnia.org\/jornadesterritorials\/wp-json\/wp\/v2\/users\/1"}],"replies":[{"embeddable":true,"href":"https:\/\/bloc.xarxa-omnia.org\/jornadesterritorials\/wp-json\/wp\/v2\/comments?post=2"}],"version-history":[{"count":45,"href":"https:\/\/bloc.xarxa-omnia.org\/jornadesterritorials\/wp-json\/wp\/v2\/pages\/2\/revisions"}],"predecessor-version":[{"id":1174,"href":"https:\/\/bloc.xarxa-omnia.org\/jornadesterritorials\/wp-json\/wp\/v2\/pages\/2\/revisions\/1174"}],"wp:attachment":[{"href":"https:\/\/bloc.xarxa-omnia.org\/jornadesterritorials\/wp-json\/wp\/v2\/media?parent=2"}],"curies":[{"name":"wp","href":"https:\/\/api.w.org\/{rel}","templated":true}]}}