{"id":331,"date":"2012-09-10T12:00:24","date_gmt":"2012-09-10T10:00:24","guid":{"rendered":"http:\/\/blog.xarxa-omnia.org\/jornadesterritorials2012\/?page_id=331"},"modified":"2012-10-16T13:08:55","modified_gmt":"2012-10-16T11:08:55","slug":"palafrugell","status":"publish","type":"page","link":"https:\/\/bloc.xarxa-omnia.org\/jornadesterritorials\/segon-semestre\/palafrugell\/","title":{"rendered":"Palafrugell (Girona)"},"content":{"rendered":"<p><strong>Dilluns, 5 de novembre de 2012<\/strong><a href=\"http:\/\/blog.xarxa-omnia.org\/jornadesterritorials2012\/inscripcio-i-comunicacions\/\"><img loading=\"lazy\" decoding=\"async\" alt=\"Fes clic aqu\u00ed per a inscriure&#039;t a les jornades\" src=\"http:\/\/blog.xarxa-omnia.org\/jornadesterritorials2012\/files\/2012\/05\/inscripcio.png\" title=\"Inscriu-te!\" class=\"alignright\" width=\"160\" height=\"195\" \/><\/a><br \/>\nDe 09:30 a 14 hores<br \/>\nPunt \u00d2mnia Can Gen\u00eds de Palafrugell<br \/>\n<a href=\"http:\/\/blog.xarxa-omnia.org\/jornadesterritorials2012\/inscripcio-i-comunicacions\/\">Inscriu-te!<\/a><\/p>\n<h5>Jornada: La formaci\u00f3 continua a la Xarxa \u00d2mnia<\/h5>\n<p><big><\/p>\n<ul>\n<li>09:30 h Acollida.<\/li>\n<li>10:00 h Presentaci\u00f3 de la jornada i <strong>benvinguda<\/strong> als participants.<\/li>\n<li>10:15 h <strong>Taller sobre drets d&#8217;autoria, privacitat i imatge<\/strong>, dinamitzada pel Servei de Seguiment i Coordinaci\u00f3.<\/li>\n<li>11:30 h Descans.<\/li>\n<li>12:00 h <strong>Grup de treball<\/strong>: La formaci\u00f3 continua dels professionals de la Xarxa \u00d2mnia.<\/li>\n<li>14:00 h Cloenda.<\/li>\n<\/ul>\n<p><\/big><\/p>\n<p><strong>Lloc:<\/strong> <a href=\"http:\/\/xarxa-omnia.org\/node\/361\">Punt \u00d2mnia Can Gen\u00eds de Palafrugell<\/a><br \/>\n<strong>Adre\u00e7a:<\/strong> C. Progr\u00e9s 13, Palafrugell (Girona)<br \/>\n<iframe loading=\"lazy\" width=\"425\" height=\"350\" frameborder=\"0\" scrolling=\"no\" marginheight=\"0\" marginwidth=\"0\" src=\"https:\/\/maps.google.com\/maps\/ms?msa=0&amp;msid=215480288691928778528.0004c955e9feb0a379026&amp;ie=UTF8&amp;t=m&amp;ll=41.916202,3.164556&amp;spn=0.002794,0.00456&amp;z=17&amp;iwloc=0004c955eff930b1dcd75&amp;output=embed\"><\/iframe><br \/><small>Mostra <a href=\"https:\/\/maps.google.com\/maps\/ms?msa=0&amp;msid=215480288691928778528.0004c955e9feb0a379026&amp;ie=UTF8&amp;t=m&amp;ll=41.916202,3.164556&amp;spn=0.002794,0.00456&amp;z=17&amp;iwloc=0004c955eff930b1dcd75&amp;source=embed\" style=\"color:#0000FF;text-align:left\">Jornades territorials segon semestre de 2012<\/a> en un mapa m\u00e9s gran<\/small><\/p>\n","protected":false},"excerpt":{"rendered":"<p>Dilluns, 5 de novembre de 2012 De 09:30 a 14 hores Punt \u00d2mnia Can Gen\u00eds de Palafrugell Inscriu-te! Jornada: La formaci\u00f3 continua a la Xarxa \u00d2mnia 09:30 h Acollida. 10:00 h Presentaci\u00f3 de la jornada i benvinguda als participants. 10:15 h Taller sobre drets d&#8217;autoria, privacitat i imatge, dinamitzada pel Servei de Seguiment i Coordinaci\u00f3. <a href=\"https:\/\/bloc.xarxa-omnia.org\/jornadesterritorials\/segon-semestre\/palafrugell\/#more-'\" class=\"more-link\">more \u00bb<\/a><\/p>\n","protected":false},"author":61,"featured_media":0,"parent":6,"menu_order":1,"comment_status":"closed","ping_status":"open","template":"","meta":{"footnotes":""},"class_list":["post-331","page","type-page","status-publish","czr-hentry"],"_links":{"self":[{"href":"https:\/\/bloc.xarxa-omnia.org\/jornadesterritorials\/wp-json\/wp\/v2\/pages\/331","targetHints":{"allow":["GET"]}}],"collection":[{"href":"https:\/\/bloc.xarxa-omnia.org\/jornadesterritorials\/wp-json\/wp\/v2\/pages"}],"about":[{"href":"https:\/\/bloc.xarxa-omnia.org\/jornadesterritorials\/wp-json\/wp\/v2\/types\/page"}],"author":[{"embeddable":true,"href":"https:\/\/bloc.xarxa-omnia.org\/jornadesterritorials\/wp-json\/wp\/v2\/users\/61"}],"replies":[{"embeddable":true,"href":"https:\/\/bloc.xarxa-omnia.org\/jornadesterritorials\/wp-json\/wp\/v2\/comments?post=331"}],"version-history":[{"count":31,"href":"https:\/\/bloc.xarxa-omnia.org\/jornadesterritorials\/wp-json\/wp\/v2\/pages\/331\/revisions"}],"predecessor-version":[{"id":441,"href":"https:\/\/bloc.xarxa-omnia.org\/jornadesterritorials\/wp-json\/wp\/v2\/pages\/331\/revisions\/441"}],"up":[{"embeddable":true,"href":"https:\/\/bloc.xarxa-omnia.org\/jornadesterritorials\/wp-json\/wp\/v2\/pages\/6"}],"wp:attachment":[{"href":"https:\/\/bloc.xarxa-omnia.org\/jornadesterritorials\/wp-json\/wp\/v2\/media?parent=331"}],"curies":[{"name":"wp","href":"https:\/\/api.w.org\/{rel}","templated":true}]}}

<p><strong>Dilluns, 5 de novembre de 2012</strong><a href="http://blog.xarxa-omnia.org/jornadesterritorials2012/inscripcio-i-comunicacions/"><img loading="lazy" decoding="async" alt="Fes clic aquí per a inscriure&#039;t a les jornades" src="http://blog.xarxa-omnia.org/jornadesterritorials2012/files/2012/05/inscripcio.png" title="Inscriu-te!" class="alignright" width="160" height="195" /></a><br />
De 09:30 a 14 hores<br />
Punt Òmnia Can Genís de Palafrugell<br />
<a href="http://blog.xarxa-omnia.org/jornadesterritorials2012/inscripcio-i-comunicacions/">Inscriu-te!</a></p>
<h5>Jornada: La formació continua a la Xarxa Òmnia</h5>
<p><big></p>
<ul>
<li>09:30 h Acollida.</li>
<li>10:00 h Presentació de la jornada i <strong>benvinguda</strong> als participants.</li>
<li>10:15 h <strong>Taller sobre drets d&#8217;autoria, privacitat i imatge</strong>, dinamitzada pel Servei de Seguiment i Coordinació.</li>
<li>11:30 h Descans.</li>
<li>12:00 h <strong>Grup de treball</strong>: La formació continua dels professionals de la Xarxa Òmnia.</li>
<li>14:00 h Cloenda.</li>
</ul>
<p></big></p>
<p><strong>Lloc:</strong> <a href="http://xarxa-omnia.org/node/361">Punt Òmnia Can Genís de Palafrugell</a><br />
<strong>Adreça:</strong> C. Progrés 13, Palafrugell (Girona)<br />
<iframe loading="lazy" width="425" height="350" frameborder="0" scrolling="no" marginheight="0" marginwidth="0" src="https://maps.google.com/maps/ms?msa=0&amp;msid=215480288691928778528.0004c955e9feb0a379026&amp;ie=UTF8&amp;t=m&amp;ll=41.916202,3.164556&amp;spn=0.002794,0.00456&amp;z=17&amp;iwloc=0004c955eff930b1dcd75&amp;output=embed"></iframe><br /><small>Mostra <a href="https://maps.google.com/maps/ms?msa=0&amp;msid=215480288691928778528.0004c955e9feb0a379026&amp;ie=UTF8&amp;t=m&amp;ll=41.916202,3.164556&amp;spn=0.002794,0.00456&amp;z=17&amp;iwloc=0004c955eff930b1dcd75&amp;source=embed" style="color:#0000FF;text-align:left">Jornades territorials segon semestre de 2012</a> en un mapa més gran</small></p>

<p>Dilluns, 5 de novembre de 2012 De 09:30 a 14 hores Punt Òmnia Can Genís de Palafrugell Inscriu-te! Jornada: La formació continua a la Xarxa Òmnia 09:30 h Acollida. 10:00 h Presentació de la jornada i benvinguda als participants. 10:15 h Taller sobre drets d&#8217;autoria, privacitat i imatge, dinamitzada pel Servei de Seguiment i Coordinació. <a href="https://bloc.xarxa-omnia.org/jornadesterritorials/segon-semestre/palafrugell/#more-'" class="more-link">more »</a></p>
