{"id":353,"date":"2012-09-10T12:17:00","date_gmt":"2012-09-10T10:17:00","guid":{"rendered":"http:\/\/blog.xarxa-omnia.org\/jornadesterritorials2012\/?page_id=353"},"modified":"2012-10-18T11:46:55","modified_gmt":"2012-10-18T09:46:55","slug":"torredembarra","status":"publish","type":"page","link":"https:\/\/bloc.xarxa-omnia.org\/jornadesterritorials\/segon-semestre\/torredembarra\/","title":{"rendered":"Torredembarra (Tarragona)"},"content":{"rendered":"<p><strong>Dimecres, 7 de novembre de 2012<\/strong><a href=\"http:\/\/blog.xarxa-omnia.org\/jornadesterritorials2012\/inscripcio-i-comunicacions\/\"><img loading=\"lazy\" decoding=\"async\" alt=\"Fes clic aqu\u00ed per a inscriure&#039;t a les jornades\" src=\"http:\/\/blog.xarxa-omnia.org\/jornadesterritorials2012\/files\/2012\/05\/inscripcio.png\" title=\"Inscriu-te!\" class=\"alignright\" width=\"160\" height=\"195\" \/><\/a><br \/>\nDe 09:30 a 14 hores<br \/>\nPunt \u00d2mnia Patronat Roig<br \/>\n<a href=\"http:\/\/blog.xarxa-omnia.org\/jornadesterritorials2012\/inscripcio-i-comunicacions\/\">Inscriu-te!<\/a><\/p>\n<h5>Jornada: Model tecnol\u00f2gic de la Xarxa \u00d2mnia<\/h5>\n<p><big><\/p>\n<ul>\n<li>09:30 h Acollida.<\/li>\n<li>10:00 h Presentaci\u00f3 de la jornada i <strong>benvinguda<\/strong> als participants.<\/li>\n<li>10:15 h <strong>Presentaci\u00f3 d&#8217;experi\u00e8ncies<\/strong>:\n<ol>\n<li><strong>Programa &#8220;Dona, d\u00f3na valor a la teva vida&#8221;<\/strong>, a c\u00e0rrec de Jordi Rodr\u00edguez Soler, del Punt \u00d2mnia Casal C\u00edvic Tarragona &#8211; Campclar &#8211; AV Campclar, i Josepa Perell\u00f3, responsable del Casal C\u00edvic. Programa de sensibilitzaci\u00f3 envers la viol\u00e8ncia de g\u00e8nere. Consta de diferents activitats com ara cinef\u00f2rums, xerrades, espai de lectura, i la festa FIRAVIDA, que reuneix, des de fa tres anys, les entitats del barri de Campclar.\n<\/li>\n<\/ol>\n<ol>\n<li>10.45 <strong>Torn obert<\/strong> de paraula sobre experi\u00e8ncies als punts \u00d2mnia.<\/li>\n<\/ol>\n<li>11:30 h Descans.<\/li>\n<li>12:00 h <strong>Grup de treball<\/strong>: Model tecnol\u00f2gic de la Xarxa \u00d2mnia.<\/li>\n<li>14:00 h Cloenda.<\/li>\n<\/ul>\n<p><\/big><\/p>\n<p><strong>Lloc:<\/strong> <a href=\"http:\/\/xarxa-omnia.org\/node\/392\">Punt \u00d2mnia Patronat Roig<\/a><br \/>\n<strong>Adre\u00e7a:<\/strong> C\/ Alt de Sant Pere, 35 (Torredembarra)<br \/>\n<iframe loading=\"lazy\" width=\"425\" height=\"350\" frameborder=\"0\" scrolling=\"no\" marginheight=\"0\" marginwidth=\"0\" src=\"https:\/\/maps.google.com\/maps\/ms?msa=0&amp;msid=215480288691928778528.0004c955e9feb0a379026&amp;ie=UTF8&amp;t=m&amp;ll=41.146741,1.399319&amp;spn=0.002828,0.00456&amp;z=17&amp;iwloc=0004c95650418e11a0e30&amp;output=embed\"><\/iframe><br \/><small>Mostra <a href=\"https:\/\/maps.google.com\/maps\/ms?msa=0&amp;msid=215480288691928778528.0004c955e9feb0a379026&amp;ie=UTF8&amp;t=m&amp;ll=41.146741,1.399319&amp;spn=0.002828,0.00456&amp;z=17&amp;iwloc=0004c95650418e11a0e30&amp;source=embed\" style=\"color:#0000FF;text-align:left\">Jornades territorials segon semestre de 2012<\/a> en un mapa m\u00e9s gran<\/small><\/p>\n","protected":false},"excerpt":{"rendered":"<p>Dimecres, 7 de novembre de 2012 De 09:30 a 14 hores Punt \u00d2mnia Patronat Roig Inscriu-te! Jornada: Model tecnol\u00f2gic de la Xarxa \u00d2mnia 09:30 h Acollida. 10:00 h Presentaci\u00f3 de la jornada i benvinguda als participants. 10:15 h Presentaci\u00f3 d&#8217;experi\u00e8ncies: Programa &#8220;Dona, d\u00f3na valor a la teva vida&#8221;, a c\u00e0rrec de Jordi Rodr\u00edguez Soler, del <a href=\"https:\/\/bloc.xarxa-omnia.org\/jornadesterritorials\/segon-semestre\/torredembarra\/#more-'\" class=\"more-link\">more \u00bb<\/a><\/p>\n","protected":false},"author":61,"featured_media":0,"parent":6,"menu_order":2,"comment_status":"closed","ping_status":"open","template":"","meta":{"footnotes":""},"class_list":["post-353","page","type-page","status-publish","czr-hentry"],"_links":{"self":[{"href":"https:\/\/bloc.xarxa-omnia.org\/jornadesterritorials\/wp-json\/wp\/v2\/pages\/353","targetHints":{"allow":["GET"]}}],"collection":[{"href":"https:\/\/bloc.xarxa-omnia.org\/jornadesterritorials\/wp-json\/wp\/v2\/pages"}],"about":[{"href":"https:\/\/bloc.xarxa-omnia.org\/jornadesterritorials\/wp-json\/wp\/v2\/types\/page"}],"author":[{"embeddable":true,"href":"https:\/\/bloc.xarxa-omnia.org\/jornadesterritorials\/wp-json\/wp\/v2\/users\/61"}],"replies":[{"embeddable":true,"href":"https:\/\/bloc.xarxa-omnia.org\/jornadesterritorials\/wp-json\/wp\/v2\/comments?post=353"}],"version-history":[{"count":11,"href":"https:\/\/bloc.xarxa-omnia.org\/jornadesterritorials\/wp-json\/wp\/v2\/pages\/353\/revisions"}],"predecessor-version":[{"id":445,"href":"https:\/\/bloc.xarxa-omnia.org\/jornadesterritorials\/wp-json\/wp\/v2\/pages\/353\/revisions\/445"}],"up":[{"embeddable":true,"href":"https:\/\/bloc.xarxa-omnia.org\/jornadesterritorials\/wp-json\/wp\/v2\/pages\/6"}],"wp:attachment":[{"href":"https:\/\/bloc.xarxa-omnia.org\/jornadesterritorials\/wp-json\/wp\/v2\/media?parent=353"}],"curies":[{"name":"wp","href":"https:\/\/api.w.org\/{rel}","templated":true}]}}