{"id":356,"date":"2012-09-10T12:23:01","date_gmt":"2012-09-10T10:23:01","guid":{"rendered":"http:\/\/blog.xarxa-omnia.org\/jornadesterritorials2012\/?page_id=356"},"modified":"2012-10-16T13:09:41","modified_gmt":"2012-10-16T11:09:41","slug":"masquefa","status":"publish","type":"page","link":"https:\/\/bloc.xarxa-omnia.org\/jornadesterritorials\/segon-semestre\/masquefa\/","title":{"rendered":"Masquefa (Barcelona Nord)"},"content":{"rendered":"<p><strong>Divendres, 9 de novembre de 2012<\/strong><a href=\"http:\/\/blog.xarxa-omnia.org\/jornadesterritorials2012\/inscripcio-i-comunicacions\/\"><img loading=\"lazy\" decoding=\"async\" alt=\"Fes clic aqu\u00ed per a inscriure&#039;t a les jornades\" src=\"http:\/\/blog.xarxa-omnia.org\/jornadesterritorials2012\/files\/2012\/05\/inscripcio.png\" title=\"Inscriu-te!\" class=\"alignright\" width=\"160\" height=\"195\" \/><\/a><br \/>\nDe 09:30 a 14 hores<br \/>\nPunt \u00d2mnia Centre Tecnol\u00f2gic Comunitari<br \/>\n<a href=\"http:\/\/blog.xarxa-omnia.org\/jornadesterritorials2012\/inscripcio-i-comunicacions\/\">Inscriu-te!<\/a><\/p>\n<h5>Jornada: Models pedag\u00f2gics i treball per compet\u00e8ncies<\/h5>\n<p><big><\/p>\n<ul>\n<li>09:30 h Acollida.<\/li>\n<li>10:00 h Presentaci\u00f3 de la jornada i <strong>benvinguda<\/strong> als participants.<\/li>\n<li>10:15 h <strong>Presentaci\u00f3 d&#8217;experi\u00e8ncies:<\/strong><\/li>\n<ol>\n<li><strong>Creativitat i art<\/strong>, a c\u00e0rrec d&#8217;Anna Pujol, dinamitzadora del Punt \u00d2mnia Pubilla Cases. El taller de fotografia que s&#8217;imparteix al punt t\u00e9 com a objectiu desenvolupar la creativitat i la vena art\u00edstica que cada persona porta dintre. M\u00e9s enll\u00e0 de l&#8217;aprenentatge t\u00e8cnic, s&#8217;estimula la cerca de la pr\u00f2pia mirada i l&#8217;autoexpressi\u00f3.<\/li>\n<\/ol>\n<ol>\n<li><strong>Taller de manteniment de capacitats cerebrals mitjan\u00e7ant TIC<\/strong>, a c\u00e0rrec d&#8217;Antonio Collado, del Punt \u00d2mnia Santa Coloma \u2013 Mithra. Aquesta activitat es duu a terme en col\u00b7laboraci\u00f3 amb la regidoria de Gent Gran de l&#8217;ajuntament. \u00c9s un taller de manteniment cerebral per majors de 60 anys, sense d\u00e8ficits cognitius diagnosticats, amb un enfocament l\u00fadic i amb l&#8217;objectiu secundari de afavorir l&#8217;ampliaci\u00f3 de la xarxa social dels usuaris, als quals se&#8217;ls hi ofereix tamb\u00e9 la possibilitat d&#8217;introduir-se en els altres tallers del punt.<\/li>\n<\/ol>\n<li>11:30 h Descans.<\/li>\n<li>12:00 h <strong>Grup de treball<\/strong>: Models pedag\u00f2gics i treball per compet\u00e8ncies.<\/li>\n<li>14:00 h Cloenda.<\/li>\n<\/ul>\n<p><\/big><\/p>\n<p><strong>Lloc:<\/strong> <a href=\"http:\/\/xarxa-omnia.org\/node\/356\">Punt \u00d2mnia Centre Tecnol\u00f2gic Comunitari<\/a><br \/>\n<strong>Adre\u00e7a:<\/strong> Av. Catalunya, 62 (Masquefa)<br \/>\n<iframe loading=\"lazy\" width=\"425\" height=\"350\" frameborder=\"0\" scrolling=\"no\" marginheight=\"0\" marginwidth=\"0\" src=\"https:\/\/maps.google.com\/maps\/ms?msa=0&amp;msid=215480288691928778528.0004c955e9feb0a379026&amp;ie=UTF8&amp;t=m&amp;ll=41.501434,1.814139&amp;spn=0.002812,0.00456&amp;z=17&amp;iwloc=0004c956629bcbc4379a4&amp;output=embed\"><\/iframe><br \/><small>Mostra <a href=\"https:\/\/maps.google.com\/maps\/ms?msa=0&amp;msid=215480288691928778528.0004c955e9feb0a379026&amp;ie=UTF8&amp;t=m&amp;ll=41.501434,1.814139&amp;spn=0.002812,0.00456&amp;z=17&amp;iwloc=0004c956629bcbc4379a4&amp;source=embed\" style=\"color:#0000FF;text-align:left\">Jornades territorials segon semestre de 2012<\/a> en un mapa m\u00e9s gran<\/small><\/p>\n","protected":false},"excerpt":{"rendered":"<p>Divendres, 9 de novembre de 2012 De 09:30 a 14 hores Punt \u00d2mnia Centre Tecnol\u00f2gic Comunitari Inscriu-te! Jornada: Models pedag\u00f2gics i treball per compet\u00e8ncies 09:30 h Acollida. 10:00 h Presentaci\u00f3 de la jornada i benvinguda als participants. 10:15 h Presentaci\u00f3 d&#8217;experi\u00e8ncies: Creativitat i art, a c\u00e0rrec d&#8217;Anna Pujol, dinamitzadora del Punt \u00d2mnia Pubilla Cases. El <a href=\"https:\/\/bloc.xarxa-omnia.org\/jornadesterritorials\/segon-semestre\/masquefa\/#more-'\" class=\"more-link\">more \u00bb<\/a><\/p>\n","protected":false},"author":61,"featured_media":0,"parent":6,"menu_order":3,"comment_status":"closed","ping_status":"open","template":"","meta":{"footnotes":""},"class_list":["post-356","page","type-page","status-publish","czr-hentry"],"_links":{"self":[{"href":"https:\/\/bloc.xarxa-omnia.org\/jornadesterritorials\/wp-json\/wp\/v2\/pages\/356","targetHints":{"allow":["GET"]}}],"collection":[{"href":"https:\/\/bloc.xarxa-omnia.org\/jornadesterritorials\/wp-json\/wp\/v2\/pages"}],"about":[{"href":"https:\/\/bloc.xarxa-omnia.org\/jornadesterritorials\/wp-json\/wp\/v2\/types\/page"}],"author":[{"embeddable":true,"href":"https:\/\/bloc.xarxa-omnia.org\/jornadesterritorials\/wp-json\/wp\/v2\/users\/61"}],"replies":[{"embeddable":true,"href":"https:\/\/bloc.xarxa-omnia.org\/jornadesterritorials\/wp-json\/wp\/v2\/comments?post=356"}],"version-history":[{"count":19,"href":"https:\/\/bloc.xarxa-omnia.org\/jornadesterritorials\/wp-json\/wp\/v2\/pages\/356\/revisions"}],"predecessor-version":[{"id":443,"href":"https:\/\/bloc.xarxa-omnia.org\/jornadesterritorials\/wp-json\/wp\/v2\/pages\/356\/revisions\/443"}],"up":[{"embeddable":true,"href":"https:\/\/bloc.xarxa-omnia.org\/jornadesterritorials\/wp-json\/wp\/v2\/pages\/6"}],"wp:attachment":[{"href":"https:\/\/bloc.xarxa-omnia.org\/jornadesterritorials\/wp-json\/wp\/v2\/media?parent=356"}],"curies":[{"name":"wp","href":"https:\/\/api.w.org\/{rel}","templated":true}]}}