{"id":358,"date":"2012-09-10T12:24:13","date_gmt":"2012-09-10T10:24:13","guid":{"rendered":"http:\/\/blog.xarxa-omnia.org\/jornadesterritorials2012\/?page_id=358"},"modified":"2012-10-30T20:57:14","modified_gmt":"2012-10-30T18:57:14","slug":"barcelona","status":"publish","type":"page","link":"https:\/\/bloc.xarxa-omnia.org\/jornadesterritorials\/segon-semestre\/barcelona\/","title":{"rendered":"Sant Adri\u00e0 de Bes\u00f2s (Barcelona Sud)"},"content":{"rendered":"<p><strong>Dilluns, 12 de novembre de 2012<\/strong><a href=\"http:\/\/blog.xarxa-omnia.org\/jornadesterritorials2012\/inscripcio-i-comunicacions\/\"><img loading=\"lazy\" decoding=\"async\" alt=\"Fes clic aqu\u00ed per a inscriure&#039;t a les jornades\" src=\"http:\/\/blog.xarxa-omnia.org\/jornadesterritorials2012\/files\/2012\/05\/inscripcio.png\" title=\"Inscriu-te!\" class=\"alignright\" width=\"160\" height=\"195\" \/><\/a><br \/>\nDe 09:30 a 14 hores<br \/>\nPunt \u00d2mnia Grupo Uni\u00f3n &#8211; La Mina<br \/>\n<a href=\"http:\/\/blog.xarxa-omnia.org\/jornadesterritorials2012\/inscripcio-i-comunicacions\/\">Inscriu-te!<\/a><\/p>\n<h5>Jornada: Treball amb col\u00b7lectius espec\u00edfics<\/h5>\n<p><big><\/p>\n<ul>\n<li>09:30 h Acollida.<\/li>\n<li>10:00 h Presentaci\u00f3 de la jornada i <strong>benvinguda<\/strong> als participants.<\/li>\n<li>10:15 h <strong>Presentaci\u00f3 d&#8217;experi\u00e8ncies:<\/strong><\/li>\n<ol>\n<li><strong>TIC per a infants<\/strong>, a c\u00e0rrec de Marc Pasqual, dinamitzador del Punt \u00d2mnia Casal dels Infants del Raval. Evoluci\u00f3 al llarg de m\u00e9s de sis anys del treball amb infants, durant els quals s&#8217;ha passat d&#8217;un model pedag\u00f2gic basat en el joc lliure i l&#8217;aprenentatge dirigit, cap a un model que promou la creativitat i la transversalitat del proc\u00e9s formatiu.<\/li>\n<\/ol>\n<ol>\n<li><strong>El blog del centre<\/strong>, a c\u00e0rrec de David Moliner, del Punt \u00d2mnia CIJ Mowgli. Dinamitzaci\u00f3 d&#8217;un bloc del Centre de Dia de Salut Mental de Cornell\u00e0, on els i les participants es converteixen en reporters del dia a dia del centre.<\/li>\n<\/ol>\n<li>11:30 h Descans.<\/li>\n<li>12:00 h <strong>Grup de treball<\/strong>: Models pedag\u00f2gics i treball amb col\u00b7lectius espec\u00edfics.<\/li>\n<li>14:00 h Cloenda.<\/li>\n<\/ul>\n<p><\/big><\/p>\n<p><strong>Lloc:<\/strong> <a href=\"http:\/\/xarxa-omnia.org\/node\/356\">Punt \u00d2mnia Grupo Uni\u00f3n &#8211; La Mina<\/a><br \/>\n<strong>Adre\u00e7a:<\/strong> C. Mar, s\/n (Edifici blanc davant del CEIP Mediterr\u00e0nia), Sant Adri\u00e0 de Bes\u00f2s<br \/>\n<iframe loading=\"lazy\" width=\"425\" height=\"350\" frameborder=\"0\" scrolling=\"no\" marginheight=\"0\" marginwidth=\"0\" src=\"https:\/\/maps.google.com\/maps\/ms?msa=0&amp;msid=215480288691928778528.0004c955e9feb0a379026&amp;hl=ca&amp;ie=UTF8&amp;t=m&amp;ll=41.472059,2.237778&amp;spn=0.180071,0.291824&amp;z=11&amp;iwloc=0004c97cf4c8989f099cf&amp;output=embed\"><\/iframe><br \/><small>Mostra <a href=\"https:\/\/maps.google.com\/maps\/ms?msa=0&amp;msid=215480288691928778528.0004c955e9feb0a379026&amp;hl=ca&amp;ie=UTF8&amp;t=m&amp;ll=41.472059,2.237778&amp;spn=0.180071,0.291824&amp;z=11&amp;iwloc=0004c97cf4c8989f099cf&amp;source=embed\" style=\"color:#0000FF;text-align:left\">Jornades territorials segon semestre de 2012<\/a> en un mapa m\u00e9s gran<\/small><\/p>\n","protected":false},"excerpt":{"rendered":"<p>Dilluns, 12 de novembre de 2012 De 09:30 a 14 hores Punt \u00d2mnia Grupo Uni\u00f3n &#8211; La Mina Inscriu-te! Jornada: Treball amb col\u00b7lectius espec\u00edfics 09:30 h Acollida. 10:00 h Presentaci\u00f3 de la jornada i benvinguda als participants. 10:15 h Presentaci\u00f3 d&#8217;experi\u00e8ncies: TIC per a infants, a c\u00e0rrec de Marc Pasqual, dinamitzador del Punt \u00d2mnia Casal <a href=\"https:\/\/bloc.xarxa-omnia.org\/jornadesterritorials\/segon-semestre\/barcelona\/#more-'\" class=\"more-link\">more \u00bb<\/a><\/p>\n","protected":false},"author":61,"featured_media":0,"parent":6,"menu_order":4,"comment_status":"closed","ping_status":"open","template":"","meta":{"footnotes":""},"class_list":["post-358","page","type-page","status-publish","czr-hentry"],"_links":{"self":[{"href":"https:\/\/bloc.xarxa-omnia.org\/jornadesterritorials\/wp-json\/wp\/v2\/pages\/358","targetHints":{"allow":["GET"]}}],"collection":[{"href":"https:\/\/bloc.xarxa-omnia.org\/jornadesterritorials\/wp-json\/wp\/v2\/pages"}],"about":[{"href":"https:\/\/bloc.xarxa-omnia.org\/jornadesterritorials\/wp-json\/wp\/v2\/types\/page"}],"author":[{"embeddable":true,"href":"https:\/\/bloc.xarxa-omnia.org\/jornadesterritorials\/wp-json\/wp\/v2\/users\/61"}],"replies":[{"embeddable":true,"href":"https:\/\/bloc.xarxa-omnia.org\/jornadesterritorials\/wp-json\/wp\/v2\/comments?post=358"}],"version-history":[{"count":11,"href":"https:\/\/bloc.xarxa-omnia.org\/jornadesterritorials\/wp-json\/wp\/v2\/pages\/358\/revisions"}],"predecessor-version":[{"id":483,"href":"https:\/\/bloc.xarxa-omnia.org\/jornadesterritorials\/wp-json\/wp\/v2\/pages\/358\/revisions\/483"}],"up":[{"embeddable":true,"href":"https:\/\/bloc.xarxa-omnia.org\/jornadesterritorials\/wp-json\/wp\/v2\/pages\/6"}],"wp:attachment":[{"href":"https:\/\/bloc.xarxa-omnia.org\/jornadesterritorials\/wp-json\/wp\/v2\/media?parent=358"}],"curies":[{"name":"wp","href":"https:\/\/api.w.org\/{rel}","templated":true}]}}