{"id":594,"date":"2013-05-13T12:26:51","date_gmt":"2013-05-13T10:26:51","guid":{"rendered":"http:\/\/blog.xarxa-omnia.org\/jornadesterritorials\/?page_id=594"},"modified":"2013-05-14T18:23:10","modified_gmt":"2013-05-14T16:23:10","slug":"primer-semestre-de-2013","status":"publish","type":"page","link":"https:\/\/bloc.xarxa-omnia.org\/jornadesterritorials\/primer-semestre-de-2013\/","title":{"rendered":"Primer semestre de 2013"},"content":{"rendered":"<p><!--\ntd, th, tr {\nborder:1px solid #999 !important;\nfont-size:0.8em!important;\n}\n--><\/p>\n<p>Les trobades de dinamitzaci\u00f3 tenen lloc a diferents demarcacions. Consulta el programa i la informaci\u00f3 pr\u00e0ctica de la trobada a la qual vols assistir.<a href=\"http:\/\/blog.xarxa-omnia.org\/jornadesterritorials\/files\/2012\/05\/programacio2.png\"><img loading=\"lazy\" decoding=\"async\" class=\"alignright size-full wp-image-54\" title=\"icona de programaci\u00f3\" src=\"http:\/\/blog.xarxa-omnia.org\/jornadesterritorials\/files\/2012\/05\/programacio2.png\" alt=\"\" width=\"122\" height=\"150\" \/><\/a><\/p>\n<ul>\n<li><a title=\"V\u00e9s al programa de la jornada de Lleida\" href=\"http:\/\/blog.xarxa-omnia.org\/jornadesterritorials\/primer-semestre-de-2013\/lleida\">Recursos i treball amb fam\u00edlies (Lleida)<\/a><\/li>\n<li><a title=\"Demarcaci\u00f3 de Barcelona Nord\" href=\"http:\/\/blog.xarxa-omnia.org\/jornadesterritorials\/primer-semestre-de-2013\/barcelona-nord\">Estrat\u00e8gies contra l&#8217;exclusi\u00f3 social (Barcelona &#8211; Nord)<\/a><\/li>\n<li><a title=\"Jornada a Girona\" href=\"http:\/\/blog.xarxa-omnia.org\/jornadesterritorials\/primer-semestre-de-2013\/girona\/\">Treball amb inf\u00e0ncia (Girona)<\/a><\/li>\n<li><a title=\"Jornada a Tarragona\" href=\"http:\/\/blog.xarxa-omnia.org\/jornadesterritorials\/primer-semestre-de-2013\/tarragona\">Treball per projectes i innovaci\u00f3<\/a><\/li>\n<li><a title=\"Jornada a Barcelona Ciutat\" href=\"http:\/\/blog.xarxa-omnia.org\/jornadesterritorials\/primer-semestre-de-2013\/barcelona-ciutat\">Dones i diversitat a \u00d2mnia<\/a><\/li>\n<\/ul>\n<p>Consulta el <a href=\"https:\/\/maps.google.es\/maps\/ms?msa=0&amp;msid=215480288691928778528.0004dca9ca80dea1b3f36&amp;ie=UTF8&amp;t=h&amp;ll=41.689322,1.779785&amp;spn=2.461213,3.295898&amp;z=7&amp;source=embed\";text-align:left\">mapa de Jornades \u00d2mnia al Territori (juny 2013)<\/a><\/p>\n<p><iframe src='http:\/\/embed.verite.co\/timeline\/?source=0AvhG8Z3uZsORdHdGTy1NZ1puT2xBMkNyeDVWRXRMU3c&#038;font=NewsCycle-Merriweather&#038;maptype=toner&#038;lang=ca&#038;hash_bookmark=true&#038;height=650' width='100%' height='650' frameborder='0'><\/iframe><\/p>\n<p>Tenen lloc a les diferents demarcacions, tot i que l&#8217;assist\u00e8ncia o presentaci\u00f3 de comunicacions no es restringeix a l&#8217;\u00e0mbit territorial del punt. Aix\u00ed doncs, una dinamitzadora el punt de la qual es trobi a Lleida pot assistir a la trobada de Girona, i presentar una bona pr\u00e0ctica en la trobada de Barcelona nord.<\/p>\n","protected":false},"excerpt":{"rendered":"<p>Les trobades de dinamitzaci\u00f3 tenen lloc a diferents demarcacions. Consulta el programa i la informaci\u00f3 pr\u00e0ctica de la trobada a la qual vols assistir. Recursos i treball amb fam\u00edlies (Lleida) Estrat\u00e8gies contra l&#8217;exclusi\u00f3 social (Barcelona &#8211; Nord) Treball amb inf\u00e0ncia (Girona) Treball per projectes i innovaci\u00f3 Dones i diversitat a \u00d2mnia Consulta el<\/p>\n","protected":false},"author":61,"featured_media":0,"parent":0,"menu_order":0,"comment_status":"open","ping_status":"open","template":"","meta":{"footnotes":""},"class_list":["post-594","page","type-page","status-publish","czr-hentry"],"_links":{"self":[{"href":"https:\/\/bloc.xarxa-omnia.org\/jornadesterritorials\/wp-json\/wp\/v2\/pages\/594","targetHints":{"allow":["GET"]}}],"collection":[{"href":"https:\/\/bloc.xarxa-omnia.org\/jornadesterritorials\/wp-json\/wp\/v2\/pages"}],"about":[{"href":"https:\/\/bloc.xarxa-omnia.org\/jornadesterritorials\/wp-json\/wp\/v2\/types\/page"}],"author":[{"embeddable":true,"href":"https:\/\/bloc.xarxa-omnia.org\/jornadesterritorials\/wp-json\/wp\/v2\/users\/61"}],"replies":[{"embeddable":true,"href":"https:\/\/bloc.xarxa-omnia.org\/jornadesterritorials\/wp-json\/wp\/v2\/comments?post=594"}],"version-history":[{"count":34,"href":"https:\/\/bloc.xarxa-omnia.org\/jornadesterritorials\/wp-json\/wp\/v2\/pages\/594\/revisions"}],"predecessor-version":[{"id":1142,"href":"https:\/\/bloc.xarxa-omnia.org\/jornadesterritorials\/wp-json\/wp\/v2\/pages\/594\/revisions\/1142"}],"wp:attachment":[{"href":"https:\/\/bloc.xarxa-omnia.org\/jornadesterritorials\/wp-json\/wp\/v2\/media?parent=594"}],"curies":[{"name":"wp","href":"https:\/\/api.w.org\/{rel}","templated":true}]}}

<p><!--
td, th, tr {
border:1px solid #999 !important;
font-size:0.8em!important;
}
--></p>
<p>Les trobades de dinamització tenen lloc a diferents demarcacions. Consulta el programa i la informació pràctica de la trobada a la qual vols assistir.<a href="http://blog.xarxa-omnia.org/jornadesterritorials/files/2012/05/programacio2.png"><img loading="lazy" decoding="async" class="alignright size-full wp-image-54" title="icona de programació" src="http://blog.xarxa-omnia.org/jornadesterritorials/files/2012/05/programacio2.png" alt="" width="122" height="150" /></a></p>
<ul>
<li><a title="Vés al programa de la jornada de Lleida" href="http://blog.xarxa-omnia.org/jornadesterritorials/primer-semestre-de-2013/lleida">Recursos i treball amb famílies (Lleida)</a></li>
<li><a title="Demarcació de Barcelona Nord" href="http://blog.xarxa-omnia.org/jornadesterritorials/primer-semestre-de-2013/barcelona-nord">Estratègies contra l&#8217;exclusió social (Barcelona &#8211; Nord)</a></li>
<li><a title="Jornada a Girona" href="http://blog.xarxa-omnia.org/jornadesterritorials/primer-semestre-de-2013/girona/">Treball amb infància (Girona)</a></li>
<li><a title="Jornada a Tarragona" href="http://blog.xarxa-omnia.org/jornadesterritorials/primer-semestre-de-2013/tarragona">Treball per projectes i innovació</a></li>
<li><a title="Jornada a Barcelona Ciutat" href="http://blog.xarxa-omnia.org/jornadesterritorials/primer-semestre-de-2013/barcelona-ciutat">Dones i diversitat a Òmnia</a></li>
</ul>
<p>Consulta el <a href="https://maps.google.es/maps/ms?msa=0&amp;msid=215480288691928778528.0004dca9ca80dea1b3f36&amp;ie=UTF8&amp;t=h&amp;ll=41.689322,1.779785&amp;spn=2.461213,3.295898&amp;z=7&amp;source=embed";text-align:left">mapa de Jornades Òmnia al Territori (juny 2013)</a></p>
<p><iframe src='http://embed.verite.co/timeline/?source=0AvhG8Z3uZsORdHdGTy1NZ1puT2xBMkNyeDVWRXRMU3c&#038;font=NewsCycle-Merriweather&#038;maptype=toner&#038;lang=ca&#038;hash_bookmark=true&#038;height=650' width='100%' height='650' frameborder='0'></iframe></p>
<p>Tenen lloc a les diferents demarcacions, tot i que l&#8217;assistència o presentació de comunicacions no es restringeix a l&#8217;àmbit territorial del punt. Així doncs, una dinamitzadora el punt de la qual es trobi a Lleida pot assistir a la trobada de Girona, i presentar una bona pràctica en la trobada de Barcelona nord.</p>

<p>Les trobades de dinamització tenen lloc a diferents demarcacions. Consulta el programa i la informació pràctica de la trobada a la qual vols assistir. Recursos i treball amb famílies (Lleida) Estratègies contra l&#8217;exclusió social (Barcelona &#8211; Nord) Treball amb infància (Girona) Treball per projectes i innovació Dones i diversitat a Òmnia Consulta el</p>
