{"id":597,"date":"2013-05-13T12:39:22","date_gmt":"2013-05-13T10:39:22","guid":{"rendered":"http:\/\/blog.xarxa-omnia.org\/jornadesterritorials\/?page_id=597"},"modified":"2013-06-13T09:12:55","modified_gmt":"2013-06-13T07:12:55","slug":"lleida","status":"publish","type":"page","link":"https:\/\/bloc.xarxa-omnia.org\/jornadesterritorials\/primer-semestre-de-2013\/lleida\/","title":{"rendered":"Lleida"},"content":{"rendered":"<h2>Recursos i treball amb fam\u00edlies<\/h2>\n<div id=\"attachment_57\" style=\"width: 170px\" class=\"wp-caption alignright\"><a href=\"http:\/\/blog.xarxa-omnia.org\/jornadesterritorials\/inscripcio-i-comunicacions\/\"><img loading=\"lazy\" decoding=\"async\" aria-describedby=\"caption-attachment-57\" class=\"size-full wp-image-57\" title=\"inscripcio\" src=\"http:\/\/blog.xarxa-omnia.org\/jornadesterritorials\/files\/2012\/05\/inscripcio.png\" alt=\"Inscriu-te!\" width=\"160\" height=\"195\" \/><\/a><p id=\"caption-attachment-57\" class=\"wp-caption-text\">Inscriu-te!<\/p><\/div>\n<h3>Divendres, 14 de juny de 2013<\/h3>\n<h4>Programa<\/h4>\n<ul>\n<li> 9.30 h Benvinguda a c\u00e0rrec de la Cap de la Secci\u00f3 d&#8217;Avaluaci\u00f3 i Coordinaci\u00f3 de Plans, de la DGACC, Sra. Montserrat Sol\u00e9<\/li>\n<li>10 h Presentaci\u00f3 de la jornada i <strong>benvinguda<\/strong> als participants. Presentaci\u00f3 del Servei d&#8217;Informaci\u00f3 i Atenci\u00f3 a les Dones (SIAD), a c\u00e0rrec de Carme Castell\u00f3, coordinadora territorial<\/li>\n<li>10.15 h <strong>Presentaci\u00f3 d&#8217;experi\u00e8ncies<\/strong> a c\u00e0rrec de dinamitzadors\/ores de la Xarxa \u00d2mnia:<\/li>\n<p><small><strong>Diafragma<\/strong>, a c\u00e0rrec d&#8217;<strong>Ester Collado<\/strong>, dinamitzadora del Punt \u00d2mnia del Centre C\u00edvic l&#8217;Escorxador, a la Seu d&#8217;Urgell. El projecte es duu a terme en col\u00b7laboraci\u00f3 amb el Servei d&#8217;Intervenci\u00f3 Especialitzat, amb un grup de dones que han patit o pateixen viol\u00e8ncia de g\u00e8nere. L&#8217;objectiu de la formaci\u00f3 \u00e9s la creaci\u00f3 d&#8217;un passi de fotografies fetes per elles mateixes, tot treballant l&#8217;<strong>autoexpressi\u00f3, el suport mutu i l&#8217;empoderament<\/strong>. El resultat del taller es presentar\u00e0 el 25 de novembre, Dia per la l&#8217;eliminaci\u00f3 la viol\u00e8ncia de g\u00e8nere.<\/small><\/p>\n<li>11.30 h Descans<\/li>\n<li>12.30 h <strong>Grup de treball: recursos i treball amb fam\u00edlies<\/strong><\/li>\n<p><small>Com construim una <strong>activitat intergeneracional<\/strong>? Compartirem la reflexi\u00f3 i intercanviarem idees.<\/small><\/p>\n<li>13.45 h Cloenda.<\/li>\n<\/ul>\n<p><strong>Lloc:<\/strong> <a title=\"V\u00e9s a la p\u00e0gina de contacte del Casal C\u00edvic de Lleida\" href=\"http:\/\/xarxa-omnia.org\/punt-omnia\/punt-mnia-casal-c-vic-lleida-av-blocs-joan-carles\">Punt \u00d2mnia Casal C\u00edvic Lleida &#8211; AV Blocs Joan Carles<\/a><\/p>\n<p><strong>Adre\u00e7a:<\/strong> Carrer de la Merc\u00e8, 1 (Lleida)<\/p>\n<p><iframe loading=\"lazy\" width=\"425\" height=\"350\" frameborder=\"0\" scrolling=\"no\" marginheight=\"0\" marginwidth=\"0\" src=\"https:\/\/maps.google.es\/maps\/ms?msa=0&amp;msid=215480288691928778528.0004dca9ca80dea1b3f36&amp;ie=UTF8&amp;t=h&amp;ll=41.613966,0.611479&amp;spn=0.005615,0.00912&amp;z=16&amp;output=embed\"><\/iframe><br \/><small>Mostra <a href=\"https:\/\/maps.google.es\/maps\/ms?msa=0&amp;msid=215480288691928778528.0004dca9ca80dea1b3f36&amp;ie=UTF8&amp;t=h&amp;ll=41.613966,0.611479&amp;spn=0.005615,0.00912&amp;z=16&amp;source=embed\" style=\"color:#0000FF;text-align:left\">Jornades \u00d2mnia al Territori (juny 2013)<\/a> en un mapa m\u00e9s gran<\/small><\/p>\n","protected":false},"excerpt":{"rendered":"<p>Recursos i treball amb fam\u00edlies Divendres, 14 de juny de 2013 Programa 9.30 h Benvinguda a c\u00e0rrec de la Cap de la Secci\u00f3 d&#8217;Avaluaci\u00f3 i Coordinaci\u00f3 de Plans, de la DGACC, Sra. Montserrat Sol\u00e9 10 h Presentaci\u00f3 de la jornada i benvinguda als participants. Presentaci\u00f3 del Servei d&#8217;Informaci\u00f3 i Atenci\u00f3 a les Dones (SIAD), a <a href=\"https:\/\/bloc.xarxa-omnia.org\/jornadesterritorials\/primer-semestre-de-2013\/lleida\/#more-'\" class=\"more-link\">more \u00bb<\/a><\/p>\n","protected":false},"author":61,"featured_media":0,"parent":594,"menu_order":0,"comment_status":"open","ping_status":"open","template":"","meta":{"footnotes":""},"class_list":["post-597","page","type-page","status-publish","czr-hentry"],"_links":{"self":[{"href":"https:\/\/bloc.xarxa-omnia.org\/jornadesterritorials\/wp-json\/wp\/v2\/pages\/597","targetHints":{"allow":["GET"]}}],"collection":[{"href":"https:\/\/bloc.xarxa-omnia.org\/jornadesterritorials\/wp-json\/wp\/v2\/pages"}],"about":[{"href":"https:\/\/bloc.xarxa-omnia.org\/jornadesterritorials\/wp-json\/wp\/v2\/types\/page"}],"author":[{"embeddable":true,"href":"https:\/\/bloc.xarxa-omnia.org\/jornadesterritorials\/wp-json\/wp\/v2\/users\/61"}],"replies":[{"embeddable":true,"href":"https:\/\/bloc.xarxa-omnia.org\/jornadesterritorials\/wp-json\/wp\/v2\/comments?post=597"}],"version-history":[{"count":25,"href":"https:\/\/bloc.xarxa-omnia.org\/jornadesterritorials\/wp-json\/wp\/v2\/pages\/597\/revisions"}],"predecessor-version":[{"id":1105,"href":"https:\/\/bloc.xarxa-omnia.org\/jornadesterritorials\/wp-json\/wp\/v2\/pages\/597\/revisions\/1105"}],"up":[{"embeddable":true,"href":"https:\/\/bloc.xarxa-omnia.org\/jornadesterritorials\/wp-json\/wp\/v2\/pages\/594"}],"wp:attachment":[{"href":"https:\/\/bloc.xarxa-omnia.org\/jornadesterritorials\/wp-json\/wp\/v2\/media?parent=597"}],"curies":[{"name":"wp","href":"https:\/\/api.w.org\/{rel}","templated":true}]}}