{"id":193,"date":"2020-07-10T09:55:23","date_gmt":"2020-07-10T07:55:23","guid":{"rendered":"http:\/\/bloc.xarxa-omnia.org\/ladevesa\/?page_id=193"},"modified":"2020-10-02T09:46:25","modified_gmt":"2020-10-02T07:46:25","slug":"qui-som","status":"publish","type":"page","link":"https:\/\/bloc.xarxa-omnia.org\/ladevesa\/qui-som\/","title":{"rendered":"Qu\u00e8 \u00e9s el Punt \u00d2mnia La Devesa?"},"content":{"rendered":"\n<div class=\"wp-block-image\"><figure class=\"alignright size-large\"><img loading=\"lazy\" decoding=\"async\" width=\"500\" height=\"500\" src=\"http:\/\/bloc.xarxa-omnia.org\/ladevesa\/files\/2020\/09\/10.png\" alt=\"\" class=\"wp-image-382\" srcset=\"https:\/\/bloc.xarxa-omnia.org\/ladevesa\/files\/2020\/09\/10.png 500w, https:\/\/bloc.xarxa-omnia.org\/ladevesa\/files\/2020\/09\/10-300x300.png 300w, https:\/\/bloc.xarxa-omnia.org\/ladevesa\/files\/2020\/09\/10-150x150.png 150w\" sizes=\"auto, (max-width: 500px) 100vw, 500px\" \/><\/figure><\/div>\n\n\n\n<p>El Punt \u00d2mnia la Devesa, ubicat dins de les instal\u00b7lacions del <a rel=\"noreferrer noopener\" href=\"http:\/\/xecat.gencat.cat\/equipaments\/casal-civic-ripoll-la-devesa-del-pla\" target=\"_blank\"><strong>Casal C\u00edvic La Devesa del Pla<\/strong><\/a>, \u00e9s un dels 113 Punts que forma part del Programa de la Generalitat de la<a rel=\"noreferrer noopener\" href=\"https:\/\/xarxaomnia.gencat.cat\/\" target=\"_blank\"> <strong>Xarxa \u00d2mnia<\/strong><\/a>.<\/p>\n\n\n\n<p>\u00d2mnia \u00e9s un&nbsp;<strong>programa preventiu&nbsp;<\/strong>i&nbsp;<strong>socioeducatiu&nbsp;<\/strong>que treballa amb les noves tecnologies, enteses com una eina de millora, de promoci\u00f3 individual i de cohesi\u00f3 social per aconseguir:<\/p>\n\n\n\n<ul class=\"wp-block-list\"><li>Desenvolupar les&nbsp;<strong>habilitats i les capacitats personals&nbsp;<\/strong>dels usuaris a trav\u00e9s de l\u2019acc\u00e9s a les TIC i dels processos de formaci\u00f3 i reciclatge;<\/li><li>Afavorir l&#8217;<strong>autonomia&nbsp;<\/strong>de les persones mitjan\u00e7ant l&#8217;\u00fas de les TIC;<\/li><li>Garantir la vinculaci\u00f3 de les persones a la&nbsp;<strong>comunitat<\/strong>;<\/li><li>Dinamitzar les diferents associacions dels barris perqu\u00e8 accedeixin a la societat de la informaci\u00f3, millorin les seves actuacions i participin en la prevenci\u00f3 i la&nbsp;<strong>lluita contra l\u2019exclusi\u00f3 social<\/strong>, i<\/li><li>Impulsar l\u2019<strong>acci\u00f3 coordinada&nbsp;<\/strong>entre el m\u00f3n associatiu, les entitats gestores sense \u00e0nim de lucre, l\u2019acci\u00f3 institucional i el personal voluntari o col\u00b7laborador per sumar esfor\u00e7os singulars en cada territori.<\/li><\/ul>\n\n\n\n<p>Per aconseguir els objectius plantejats, la Direcci\u00f3 General d\u2019Acci\u00f3 C\u00edvica i Comunit\u00e0ria potencia tres eixos de treball:<br><br>\u00b7&nbsp;<strong>Aprenentatge.<\/strong> Vol garantir que totes les persones amb pocs coneixements digitals obtinguin una formaci\u00f3 b\u00e0sica en el camp de les tecnologies de la informaci\u00f3 i comunicaci\u00f3 que els permeti no quedar excloses de la societat. Es desenvolupen tallers monogr\u00e0fics de curta durada que consisteixen en uns itineraris formatius adequats als coneixements dels alumnes destinataris.<br>Aqu\u00ed podr\u00edem trobar els <a rel=\"noreferrer noopener\" href=\"http:\/\/bloc.xarxa-omnia.org\/ladevesa\/f-tyjk\/\" target=\"_blank\">cursos<\/a> que ofereix el Punt \u00d2mnia La Devesa com els de <strong>Primer i segon contacte<\/strong>, <strong>Lleng\u00fces-TIC, Nivell avan\u00e7at, M\u00f2bil-TIC, Seguretat a Internet <\/strong>entre d&#8217;altres.<br><br>\u00b7&nbsp;<strong>Ocupabilitat.<\/strong> Potencia la integraci\u00f3 de les persones en risc d\u2019exclusi\u00f3 social. D\u2019una banda, els ofereix eines formatives inform\u00e0tiques perqu\u00e8 s\u00e0piguen buscar recursos a la xarxa i es puguin valer per elles mateixes en el seu proc\u00e9s d\u2019inserci\u00f3. D\u2019altra banda, pel que fa a les persones en situaci\u00f3 d\u2019atur, les posa en contacte amb els serveis d\u2019orientaci\u00f3 social del territori i els facilita un conjunt d&#8217;h\u00e0bits i compet\u00e8ncies perqu\u00e8 arribin als agents d&#8217;inserci\u00f3 social amb la m\u00e0xima preparaci\u00f3 per tornar al mercat laboral al m\u00e9s aviat possible. L\u2019eix d\u2019ocupabilitat est\u00e0 refor\u00e7at amb un programa conjunt amb Servei d\u2019Ocupaci\u00f3 de Catalunya on s\u2019ofereix formaci\u00f3 espec\u00edfica en iniciaci\u00f3 en inform\u00e0tica per a la cerca de feina.<br>A on el punt t\u00e9 col\u00b7laboracions amb el <a rel=\"noreferrer noopener\" href=\"https:\/\/feinaactiva.gencat.cat\/web\/guest\/home\" target=\"_blank\">SOC<\/a>, amb <a rel=\"noreferrer noopener\" href=\"http:\/\/www.ripollesdesenvolupament.com\/\" target=\"_blank\">l&#8217;Ag\u00e8ncia de desenvolupament del Ripoll\u00e8s<\/a>, amb <strong>cursos<\/strong>, <strong>monogr\u00e0fics<\/strong> i <strong>activitats espec\u00edfiques&nbsp;<\/strong> per a tal finalitat.<br><br>\u00b7&nbsp;<strong>Acci\u00f3 comunit\u00e0ria.<\/strong> Consisteix a facilitar el lliure acc\u00e9s a persones, entitats, grups i col\u00b7lectius al Punt \u00d2mnia perqu\u00e8 es generin din\u00e0miques de cohesi\u00f3 social i d\u2019intercanvi dins dels territoris. Es potencia el treball en xarxa virtual entre tots els agents del territori, aix\u00ed com les xarxes personals dels usuaris. <br><br>El Punt La Devesa t\u00e9 una llarga traject\u00f2ria de treball en equip i en xarxa treballant de manera conscient i constant amb els serveis i entitats del municipi. La col\u00b7laboraci\u00f3 amb els ens locals ha donat projectes com els d&#8217;<a rel=\"noreferrer noopener\" href=\"http:\/\/bloc.xarxa-omnia.org\/ladevesa\/2020\/07\/08\/entramant-i-ordint\/\" target=\"_blank\"><strong>Entramant i Ordint<\/strong><\/a> amb el <a rel=\"noreferrer noopener\" href=\"https:\/\/cbsripollesblog.wordpress.com\/\" target=\"_blank\">Consorci de Benestar Social del Ripoll\u00e8s<\/a>, el <strong><a rel=\"noreferrer noopener\" href=\"https:\/\/xarxaomniesripoll.blogspot.com\/\" target=\"_blank\">LabTIC<\/a> <\/strong>conjuntament amb el <a rel=\"noreferrer noopener\" href=\"https:\/\/xarxaomnia.gencat.cat\/punt-omnia\/punt-mnia-av-ripoll-60\" target=\"_blank\">PO Ripoll60<\/a>,  aix\u00ed com treball colze amb colze, amb entitats com C\u00e0ritas, Som Ripoll, Fundaci\u00f3 Map, &#8230; O projectes m\u00e9s especifiquis com la taula LGTBI o amb finalitat educativa com la UEC.<br><\/p>\n","protected":false},"excerpt":{"rendered":"<p>El Punt \u00d2mnia la Devesa, ubicat dins de les instal\u00b7lacions del Casal C\u00edvic La Devesa del Pla, \u00e9s un dels 113 Punts que forma part del Programa de la Generalitat de la Xarxa \u00d2mnia. \u00d2mnia \u00e9s un&nbsp;programa preventiu&nbsp;i&nbsp;socioeducatiu&nbsp;que treballa amb les noves tecnologies, enteses com una eina de millora, de promoci\u00f3 individual i de cohesi\u00f3 [&hellip;]<\/p>\n","protected":false},"author":158,"featured_media":28,"parent":0,"menu_order":0,"comment_status":"closed","ping_status":"closed","template":"","meta":{"footnotes":""},"class_list":["post-193","page","type-page","status-publish","has-post-thumbnail","czr-hentry"],"_links":{"self":[{"href":"https:\/\/bloc.xarxa-omnia.org\/ladevesa\/wp-json\/wp\/v2\/pages\/193","targetHints":{"allow":["GET"]}}],"collection":[{"href":"https:\/\/bloc.xarxa-omnia.org\/ladevesa\/wp-json\/wp\/v2\/pages"}],"about":[{"href":"https:\/\/bloc.xarxa-omnia.org\/ladevesa\/wp-json\/wp\/v2\/types\/page"}],"author":[{"embeddable":true,"href":"https:\/\/bloc.xarxa-omnia.org\/ladevesa\/wp-json\/wp\/v2\/users\/158"}],"replies":[{"embeddable":true,"href":"https:\/\/bloc.xarxa-omnia.org\/ladevesa\/wp-json\/wp\/v2\/comments?post=193"}],"version-history":[{"count":18,"href":"https:\/\/bloc.xarxa-omnia.org\/ladevesa\/wp-json\/wp\/v2\/pages\/193\/revisions"}],"predecessor-version":[{"id":838,"href":"https:\/\/bloc.xarxa-omnia.org\/ladevesa\/wp-json\/wp\/v2\/pages\/193\/revisions\/838"}],"wp:featuredmedia":[{"embeddable":true,"href":"https:\/\/bloc.xarxa-omnia.org\/ladevesa\/wp-json\/wp\/v2\/media\/28"}],"wp:attachment":[{"href":"https:\/\/bloc.xarxa-omnia.org\/ladevesa\/wp-json\/wp\/v2\/media?parent=193"}],"curies":[{"name":"wp","href":"https:\/\/api.w.org\/{rel}","templated":true}]}}