{"id":2,"date":"2011-04-06T07:53:04","date_gmt":"2011-04-06T07:53:04","guid":{"rendered":""},"modified":"2011-04-27T09:29:28","modified_gmt":"2011-04-27T07:29:28","slug":"about","status":"publish","type":"page","link":"https:\/\/bloc.xarxa-omnia.org\/lecturafacil\/","title":{"rendered":"Parlem de Lectura F\u00e0cil"},"content":{"rendered":"<p>La <strong>Lectura F\u00e0cil<\/strong> \u00e9s un format d\u2019informaci\u00f3 accessible que adapta el contingut, el llenguatge i la forma del material escrit perqu\u00e8 sigui m\u00e9s f\u00e0cil de llegir i d\u2019entendre.<\/p>\n<p>Aquest tipus de documents no es dirigeix nom\u00e9s a col\u00b7lectius espec\u00edfics, sin\u00f3 que tamb\u00e9 beneficien a tota la poblaci\u00f3 en general, ja que com m\u00e9s entenedor \u00e9s un text m\u00e9s f\u00e0cilment arribar\u00e0 el missatge que transmet a les persones.<\/p>\n<p style=\"text-align: center;\"><a href=\"http:\/\/blog.xarxa-omnia.org\/lecturafacil\/files\/2011\/04\/libros.jpg\"><img loading=\"lazy\" decoding=\"async\" class=\"size-full wp-image-72  aligncenter\" title=\"imatge de llibres\" src=\"http:\/\/blog.xarxa-omnia.org\/lecturafacil\/files\/2011\/04\/libros.jpg\" alt=\"Llibres en filera\" width=\"623\" height=\"156\" srcset=\"https:\/\/bloc.xarxa-omnia.org\/lecturafacil\/files\/2011\/04\/libros.jpg 623w, https:\/\/bloc.xarxa-omnia.org\/lecturafacil\/files\/2011\/04\/libros-300x75.jpg 300w\" sizes=\"auto, (max-width: 623px) 100vw, 623px\" \/><\/a><\/p>\n<p>Nom\u00e9s les persones ben informades poden influir en les decisions que afecten les seves vides i les dels seus familiars i controlar-les. Els materials de Lectura F\u00e0cil fan que aquestes informacions arribin a persones que d\u2019altra manera no entendrien els continguts de certs documents.<\/p>\n<p>En aquest espai veurem:<\/p>\n<p>&#8211; <a href=\"http:\/\/blog.xarxa-omnia.org\/lecturafacil\/que-es-lf\/\" target=\"_self\">Qu\u00e8 \u00e9s la Lectura F\u00e0cil<\/a>?<\/p>\n<p>&#8211; <a title=\"P\u00e0gina de consells per escriure en lectura f\u00e0cil\" href=\"http:\/\/blog.xarxa-omnia.org\/lecturafacil\/com-fem-material-de-lf\/\" target=\"_self\">Consells per elaborar aquest tipus de material<\/a><\/p>\n<p>&#8211; Alguns <a title=\"P\u00e0gina amb exemples de lectura f\u00e0cil\" href=\"http:\/\/blog.xarxa-omnia.org\/lecturafacil\/exemples\/\" target=\"_self\">exemples<\/a><\/p>\n<p>&#8211;\u00a0 <a href=\"http:\/\/blog.xarxa-omnia.org\/lecturafacil\/compartir\/\" target=\"_self\">Compartir materials<\/a><\/p>\n<p>Els continguts i materials d\u2019aquest espai estan inspirats en &#8220;<a title=\"Pdf amb el document\" href=\"http:\/\/www20.gencat.cat\/docs\/dasc\/01Departament\/08Publicacions\/Coleccions\/Papers_accio_social\/papers6.pdf\" target=\"_blank\">Papers d&#8217;Acci\u00f3 Social 6. Lectura F\u00e0cil: Fem la informaci\u00f3 accessible a tothom<\/a>&#8221; del Departament d\u2019Acci\u00f3 Social i Ciutadania de la Generalitat de Catalunya, 2009, d\u2019on s\u2019han extret.<\/p>\n","protected":false},"excerpt":{"rendered":"<p>La Lectura F\u00e0cil \u00e9s un format d\u2019informaci\u00f3 accessible que adapta el contingut, el llenguatge i la forma del material escrit perqu\u00e8 sigui m\u00e9s f\u00e0cil de llegir i d\u2019entendre. Aquest tipus de documents no es dirigeix nom\u00e9s a col\u00b7lectius espec\u00edfics, sin\u00f3 que tamb\u00e9 beneficien a tota la poblaci\u00f3 en general, ja que com m\u00e9s entenedor \u00e9s [&hellip;]<\/p>\n","protected":false},"author":61,"featured_media":0,"parent":0,"menu_order":1,"comment_status":"closed","ping_status":"closed","template":"","meta":{"footnotes":""},"class_list":["post-2","page","type-page","status-publish","hentry"],"_links":{"self":[{"href":"https:\/\/bloc.xarxa-omnia.org\/lecturafacil\/wp-json\/wp\/v2\/pages\/2","targetHints":{"allow":["GET"]}}],"collection":[{"href":"https:\/\/bloc.xarxa-omnia.org\/lecturafacil\/wp-json\/wp\/v2\/pages"}],"about":[{"href":"https:\/\/bloc.xarxa-omnia.org\/lecturafacil\/wp-json\/wp\/v2\/types\/page"}],"author":[{"embeddable":true,"href":"https:\/\/bloc.xarxa-omnia.org\/lecturafacil\/wp-json\/wp\/v2\/users\/61"}],"replies":[{"embeddable":true,"href":"https:\/\/bloc.xarxa-omnia.org\/lecturafacil\/wp-json\/wp\/v2\/comments?post=2"}],"version-history":[{"count":16,"href":"https:\/\/bloc.xarxa-omnia.org\/lecturafacil\/wp-json\/wp\/v2\/pages\/2\/revisions"}],"predecessor-version":[{"id":5,"href":"https:\/\/bloc.xarxa-omnia.org\/lecturafacil\/wp-json\/wp\/v2\/pages\/2\/revisions\/5"}],"wp:attachment":[{"href":"https:\/\/bloc.xarxa-omnia.org\/lecturafacil\/wp-json\/wp\/v2\/media?parent=2"}],"curies":[{"name":"wp","href":"https:\/\/api.w.org\/{rel}","templated":true}]}}