{"id":4,"date":"2012-12-04T12:24:31","date_gmt":"2012-12-04T10:24:31","guid":{"rendered":"http:\/\/blog.xarxa-omnia.org\/llums\/?page_id=4"},"modified":"2012-12-21T15:37:59","modified_gmt":"2012-12-21T13:37:59","slug":"inici","status":"publish","type":"page","link":"https:\/\/bloc.xarxa-omnia.org\/llums\/","title":{"rendered":"Inici"},"content":{"rendered":"<p style=\"text-align: center;color:white;\"><big><big>Cada activitat que organitzen els punts \u00d2mnia aquestes festes \u00e9s una llum nova&#8230;<\/big><\/big><\/p>\n<p style=\"text-align: center;\"><strong><big><big><a href=\"http:\/\/blog.xarxa-omnia.org\/llums\/il\u00b7lumina-larbre\">Il\u00b7luminem l&#8217;arbre<\/a> amb <a href=\"http:\/\/blog.xarxa-omnia.org\/llums\/que-hi-puc-posar\">enlla\u00e7os i bons desitjos<\/a>!<\/big><\/big><\/strong><\/p>\n<p><center><\/p>\n<p style=\"text-align: center;color:white;font-size:12px\">ATENCI\u00d3: Respecteu les llums d&#8217;altres punts. Eviteu pr\u00e9mer el bot\u00f3 &#8220;REMOVE&#8221; o utilitzar una llum ja existent. Gr\u00e0cies!<\/p>\n<p><\/center><\/p>\n<p style=\"text-align: center;\"><img decoding=\"async\" class=\"alwaysThinglink aligncenter\" src=\"http:\/\/s4.thingpic.com\/images\/1r\/5Jaig3NyxhaxYV3hq39dEE4d.jpeg#tl-332471811767795714;626328886\" alt=\"\" width=\"804\" \/><script src=\"\/\/cdn.thinglink.me\/jse\/embed.js\"><\/script><\/p>\n<p><strong><a href=\"http:\/\/creativecommons.org\/licenses\/by-nc\/3.0\/deed.ca\"><img loading=\"lazy\" decoding=\"async\" class=\"alignleft\" style=\"margin: 5px;\" title=\"Llic\u00e8ncia creative commons\" src=\"http:\/\/i.creativecommons.org\/l\/by-nc\/3.0\/88x31.png\" alt=\"\" width=\"88\" height=\"31\" \/><\/a>Atribuci\u00f3:<\/strong> Imatge &#8220;<a title=\"V\u00e9s a la imatge a Flickr\" href=\"http:\/\/www.flickr.com\/photos\/ghalog\/6540579627\/\">You Light Up My Life<\/a>&#8221; de <a title=\"V\u00e9s al perfil de l'autor a Flickr\" href=\"http:\/\/www.flickr.com\/photos\/ghalog\/\">Glennshootspeople<\/a>, publicada a <a title=\"V\u00e9s al web de Flickr\" href=\"http:\/\/www.flickr.com\/\">Flickr<\/a> sota una <a title=\"Llic\u00e8ncia de l'obra\" href=\"http:\/\/creativecommons.org\/licenses\/by-nc\/3.0\/deed.ca\">llic\u00e8ncia Creative Commons-Reconeixement-No comercial<\/a>.<\/p>\n","protected":false},"excerpt":{"rendered":"<p>Cada activitat que organitzen els punts \u00d2mnia aquestes festes \u00e9s una llum nova&#8230; Il\u00b7luminem l&#8217;arbre amb enlla\u00e7os i bons desitjos! ATENCI\u00d3: Respecteu les llums d&#8217;altres punts. Eviteu pr\u00e9mer el bot\u00f3 &#8220;REMOVE&#8221; o utilitzar una llum ja existent. Gr\u00e0cies! Atribuci\u00f3: Imatge &#8220;You Light Up My Life&#8221; de Glennshootspeople, publicada a Flickr sota una llic\u00e8ncia Creative Commons-Reconeixement-No [&hellip;]<\/p>\n","protected":false},"author":61,"featured_media":0,"parent":0,"menu_order":1,"comment_status":"open","ping_status":"open","template":"","meta":{"footnotes":""},"class_list":["post-4","page","type-page","status-publish","hentry","post-preview"],"_links":{"self":[{"href":"https:\/\/bloc.xarxa-omnia.org\/llums\/wp-json\/wp\/v2\/pages\/4","targetHints":{"allow":["GET"]}}],"collection":[{"href":"https:\/\/bloc.xarxa-omnia.org\/llums\/wp-json\/wp\/v2\/pages"}],"about":[{"href":"https:\/\/bloc.xarxa-omnia.org\/llums\/wp-json\/wp\/v2\/types\/page"}],"author":[{"embeddable":true,"href":"https:\/\/bloc.xarxa-omnia.org\/llums\/wp-json\/wp\/v2\/users\/61"}],"replies":[{"embeddable":true,"href":"https:\/\/bloc.xarxa-omnia.org\/llums\/wp-json\/wp\/v2\/comments?post=4"}],"version-history":[{"count":27,"href":"https:\/\/bloc.xarxa-omnia.org\/llums\/wp-json\/wp\/v2\/pages\/4\/revisions"}],"predecessor-version":[{"id":85,"href":"https:\/\/bloc.xarxa-omnia.org\/llums\/wp-json\/wp\/v2\/pages\/4\/revisions\/85"}],"wp:attachment":[{"href":"https:\/\/bloc.xarxa-omnia.org\/llums\/wp-json\/wp\/v2\/media?parent=4"}],"curies":[{"name":"wp","href":"https:\/\/api.w.org\/{rel}","templated":true}]}}