{"id":13,"date":"2010-02-08T15:45:39","date_gmt":"2010-02-08T13:45:39","guid":{"rendered":"http:\/\/xarxaomnia.gencat.cat\/blocs\/mascares\/?page_id=13"},"modified":"2010-02-10T19:21:15","modified_gmt":"2010-02-10T17:21:15","slug":"portada","status":"publish","type":"page","link":"https:\/\/bloc.xarxa-omnia.org\/mascares\/","title":{"rendered":"Portada"},"content":{"rendered":"<p style=\"text-align: left\">&#8230; i vine al ball!<\/p>\n<p style=\"text-align: left\">Un cop a l&#8217;any, per Carnestoltes, podem triar qui volem ser.<\/p>\n<p style=\"text-align: left\">Per disfressar-nos, un dels recursos m\u00e9s senzills \u00e9s <span style=\"color: #33cccc\"><strong>fer-nos una m\u00e0scara<\/strong><\/span>. La podem fer amb cartolina, tot i que a Internet hi ha molts llocs web on podem trobar caretes descarregables.<\/p>\n<p style=\"text-align: left\"><span style=\"color: #339966\"><strong>Celebrem tamb\u00e9 el Carnestoltes als punts \u00d2mnia<\/strong><\/span>!<\/p>\n<ul style=\"text-align: left\">\n<li><strong>Descarrega&#8217;t una m\u00e0scara<\/strong>, <strong>pinta-la <\/strong>(a m\u00e0 o a l&#8217;ordinador), des de les <a title=\"M\u00e0scares per provar\" href=\"http:\/\/blog.xarxa-omnia.org\/mascares\/mascares-per-provar\/\" target=\"_self\">m\u00e0scares per provar<\/a> o&#8230;<\/li>\n<li>Consulta<strong> <a title=\"Altres recursos\" href=\"http:\/\/blog.xarxa-omnia.org\/mascares\/altres-recursos\/\" target=\"_self\">altres recursos.<\/a><\/strong><\/li>\n<li>Comparteix la teva m\u00e0scara amb tota la Xarxa \u00d2mnia, o<strong> fes-te una foto amb ella<\/strong>! Per aix\u00f2 simplement deixa&#8217;ns un comentari a<a href=\"http:\/\/blog.xarxa-omnia.org\/mascares\/les-nostres-mascares\/\" target=\"_self\"> les nostres m\u00e0scares<\/a>.<\/li>\n<\/ul>\n<p style=\"text-align: center\"><img loading=\"lazy\" decoding=\"async\" class=\"size-full wp-image-49 aligncenter\" src=\"http:\/\/blog.xarxa-omnia.org\/mascares\/files\/2010\/02\/mask_autor_nazreth.jpg\" alt=\"mask_autor_nazreth\" width=\"267\" height=\"267\" srcset=\"https:\/\/bloc.xarxa-omnia.org\/mascares\/files\/2010\/02\/mask_autor_nazreth.jpg 750w, https:\/\/bloc.xarxa-omnia.org\/mascares\/files\/2010\/02\/mask_autor_nazreth-150x150.jpg 150w, https:\/\/bloc.xarxa-omnia.org\/mascares\/files\/2010\/02\/mask_autor_nazreth-300x300.jpg 300w\" sizes=\"auto, (max-width: 267px) 100vw, 267px\" \/><\/p>\n","protected":false},"excerpt":{"rendered":"<p>&#8230; i vine al ball! Un cop a l&#8217;any, per Carnestoltes, podem triar qui volem ser. Per disfressar-nos, un dels recursos m\u00e9s senzills \u00e9s fer-nos una m\u00e0scara. La podem fer amb cartolina, tot i que a Internet hi ha molts llocs web on podem trobar caretes descarregables. Celebrem tamb\u00e9 el Carnestoltes als punts \u00d2mnia! Descarrega&#8217;t [&hellip;]<\/p>\n","protected":false},"author":61,"featured_media":0,"parent":0,"menu_order":1,"comment_status":"closed","ping_status":"open","template":"","meta":{"footnotes":""},"class_list":["post-13","page","type-page","status-publish","hentry"],"_links":{"self":[{"href":"https:\/\/bloc.xarxa-omnia.org\/mascares\/wp-json\/wp\/v2\/pages\/13","targetHints":{"allow":["GET"]}}],"collection":[{"href":"https:\/\/bloc.xarxa-omnia.org\/mascares\/wp-json\/wp\/v2\/pages"}],"about":[{"href":"https:\/\/bloc.xarxa-omnia.org\/mascares\/wp-json\/wp\/v2\/types\/page"}],"author":[{"embeddable":true,"href":"https:\/\/bloc.xarxa-omnia.org\/mascares\/wp-json\/wp\/v2\/users\/61"}],"replies":[{"embeddable":true,"href":"https:\/\/bloc.xarxa-omnia.org\/mascares\/wp-json\/wp\/v2\/comments?post=13"}],"version-history":[{"count":12,"href":"https:\/\/bloc.xarxa-omnia.org\/mascares\/wp-json\/wp\/v2\/pages\/13\/revisions"}],"predecessor-version":[{"id":46,"href":"https:\/\/bloc.xarxa-omnia.org\/mascares\/wp-json\/wp\/v2\/pages\/13\/revisions\/46"}],"wp:attachment":[{"href":"https:\/\/bloc.xarxa-omnia.org\/mascares\/wp-json\/wp\/v2\/media?parent=13"}],"curies":[{"name":"wp","href":"https:\/\/api.w.org\/{rel}","templated":true}]}}