{"id":8,"date":"2010-02-26T15:07:59","date_gmt":"2010-02-26T13:07:59","guid":{"rendered":"http:\/\/xarxaomnia.gencat.cat\/blocs\/naturalment\/?page_id=8"},"modified":"2013-02-25T13:37:56","modified_gmt":"2013-02-25T11:37:56","slug":"a-lomnia","status":"publish","type":"page","link":"https:\/\/bloc.xarxa-omnia.org\/naturalment\/a-lomnia\/","title":{"rendered":"A l&#8217;\u00d2mnia"},"content":{"rendered":"<h3>L&#8217;any 2010&#8230;<\/h3>\n<p><img decoding=\"async\" class=\"alignright size-full wp-image-566\" style=\"margin: 5px;\" title=\"Estimem la natura!\" src=\"http:\/\/xarxaomnia.gencat.cat\/blocs\/naturalment\/files\/2010\/02\/leoclub_savetrees_verd_332px.jpg\" alt=\"Estimem la natura!\" width=\"200\" srcset=\"https:\/\/bloc.xarxa-omnia.org\/naturalment\/files\/2010\/02\/leoclub_savetrees_verd_332px.jpg 332w, https:\/\/bloc.xarxa-omnia.org\/naturalment\/files\/2010\/02\/leoclub_savetrees_verd_332px-199x300.jpg 199w\" sizes=\"(max-width: 332px) 100vw, 332px\" \/>Des del <a href=\"http:\/\/www.xarxa-omnia.org\/espronceda\" target=\"_blank\"><strong>Punt \u00d2mnia de la l&#8217;Associaci\u00f3 de Ve\u00efns Espronceda<\/strong><\/a> de Sabadell es van portar a terme sessions sobre reciclatge.<\/p>\n<p>La FAVIBC, entitat gestora d&#8217;aquest punt, promou el projecte <strong>CIVISME.NET<\/strong> per millorar les condicions de vida dels seus ve\u00efns i ve\u00efnes. Si voleu m\u00e9s informaci\u00f3 sobre aquest tema, podeu consultar aquest <a href=\"http:\/\/www.favibc.org\/favibc2010\/civisme.html\">web<\/a>.<\/p>\n<p>Amb l&#8217;impuls d&#8217;aquest projecte, la Cesca P\u00e9rez, en aquell moment dinamitzadora del punt, va iniciar la feina per a un barri m\u00e9s <strong>conscienciat amb el medi ambient<\/strong> treballant amb nois i noies els conceptes del reciclatge a trav\u00e9s de les eines que li ofereix la xarxa amb, l&#8217;esperan\u00e7a de poder arribar, a llarg termini, a totes les fam\u00edlies del barri que acudeixen al seu punt.<\/p>\n<p>Gr\u00e0cies a la seva iniciativa i amb la idea de proporcionar recursos que permetin desenvolupar aquesta tasca tant important de conscienciaci\u00f3 mediambiental, es va obrir aquesta activitat recopilat\u00f2ria de<strong> jocs per als m\u00e9s menuts, aplicacions interactives i recursos informatius. <\/strong>El seu objectiu \u00e9s facilitar la feina dels professionals que vulguin treballar per a un medi <a href=\"http:\/\/xarxaomnia.gencat.cat\/blocs\/naturalment\"><strong>naturalment<\/strong><\/a> millor, des de l&#8217;educaci\u00f3 amb les TIC. <span style=\"color: #000000;\"><strong>Tots podem fer-hi alguna cosa.<\/strong><\/span><\/p>\n<p>I al teu punt \u00d2mnia? Feu alguna activitat relacionada amb la natura? Amb el reciclatge o el medi ambient? Per qu\u00e8 no ens ho expliques?<\/p>\n<p>Esperem la vostra col\u00b7laboraci\u00f3 per a anar afegint cada cop m\u00e9s recursos! Escriviu-nos a seguiment(arrova)xarxa-omnia.org<\/p>\n","protected":false},"excerpt":{"rendered":"<p>L&#8217;any 2010&#8230; Des del Punt \u00d2mnia de la l&#8217;Associaci\u00f3 de Ve\u00efns Espronceda de Sabadell es van portar a terme sessions sobre reciclatge. La FAVIBC, entitat gestora d&#8217;aquest punt, promou el projecte CIVISME.NET per millorar les condicions de vida dels seus ve\u00efns i ve\u00efnes. Si voleu m\u00e9s informaci\u00f3 sobre aquest tema, podeu consultar aquest web. Amb [&hellip;]<\/p>\n","protected":false},"author":61,"featured_media":0,"parent":0,"menu_order":2,"comment_status":"open","ping_status":"open","template":"","meta":{"ngg_post_thumbnail":0,"footnotes":""},"class_list":["post-8","page","type-page","status-publish","hentry"],"_links":{"self":[{"href":"https:\/\/bloc.xarxa-omnia.org\/naturalment\/wp-json\/wp\/v2\/pages\/8","targetHints":{"allow":["GET"]}}],"collection":[{"href":"https:\/\/bloc.xarxa-omnia.org\/naturalment\/wp-json\/wp\/v2\/pages"}],"about":[{"href":"https:\/\/bloc.xarxa-omnia.org\/naturalment\/wp-json\/wp\/v2\/types\/page"}],"author":[{"embeddable":true,"href":"https:\/\/bloc.xarxa-omnia.org\/naturalment\/wp-json\/wp\/v2\/users\/61"}],"replies":[{"embeddable":true,"href":"https:\/\/bloc.xarxa-omnia.org\/naturalment\/wp-json\/wp\/v2\/comments?post=8"}],"version-history":[{"count":19,"href":"https:\/\/bloc.xarxa-omnia.org\/naturalment\/wp-json\/wp\/v2\/pages\/8\/revisions"}],"predecessor-version":[{"id":70,"href":"https:\/\/bloc.xarxa-omnia.org\/naturalment\/wp-json\/wp\/v2\/pages\/8\/revisions\/70"}],"wp:attachment":[{"href":"https:\/\/bloc.xarxa-omnia.org\/naturalment\/wp-json\/wp\/v2\/media?parent=8"}],"curies":[{"name":"wp","href":"https:\/\/api.w.org\/{rel}","templated":true}]}}