{"id":1131,"date":"2012-09-11T10:06:53","date_gmt":"2012-09-11T08:06:53","guid":{"rendered":"http:\/\/omniaakwaba.wordpress.com\/?page_id=25"},"modified":"2020-08-04T12:36:50","modified_gmt":"2020-08-04T10:36:50","slug":"teixit-associatiu-del-barri","status":"publish","type":"page","link":"https:\/\/bloc.xarxa-omnia.org\/omniaakwaba\/about\/teixit-associatiu-del-barri\/","title":{"rendered":"Teixit associatiu del barri"},"content":{"rendered":"<p>Punts d\u2019inter\u00e8s del barri amb els serveis i espais m\u00e9s destacats<\/p>\n<p><strong>AVV COLLBLANC-LA TORRASSA<\/strong><\/p>\n<p>Dimarts i Dijous, de 9:30 a 14:30h. Tel: 93 334 42 45 \/ 93 448 50 86<\/p>\n<p><strong><em>Serveis<\/em><\/strong>: Formaci\u00f3 b\u00e0sica en noves tecnologies. Inserci\u00f3 sociolaboral, botiga solid\u00e0ria,<\/p>\n<p>gesti\u00f3 d\u2019ajuda aliment\u00e0ria, assessoria. Punt d\u2019informaci\u00f3 i dinamitzaci\u00f3.<\/p>\n<p><strong>CENTRE DE NORMALITZACI\u00d3 LING\u00dc\u00cdSTICA <\/strong><\/p>\n<p>De dilluns a dijous de 9.00 a 13.30 h i de 15.30 a 20.00 h.Divendres de 9.00 a 13.30 h.<\/p>\n<p>C\/ De la Mare de D\u00e9u de la Merc\u00e8, 20, 3r. Tel: 93 440 65 70<\/p>\n<p><strong><em>Serveis<\/em><\/strong>: Cursos de catal\u00e0, voluntariat ling\u00fc\u00edstic, assessorament per a: Conduir grups de<br \/>\nconversa, models de documents i lliurament CD models, sessions d\u2019estrat\u00e8gies<br \/>\nd\u2019\u00fas ling\u00fc\u00edstic. Lliurament cartells i jocs de llengua, pr\u00e9stec jocs de taula i<br \/>\npel\u00b7l\u00edcules. Taller de criquet.<\/p>\n<p><strong>CENTRE DE RECURSOS OCUPACIONAL ZONA NORD <\/strong><\/p>\n<p>De 9.00 a 14.00 h<\/p>\n<p>C\/ Paris, 71-73. Tel: 93 447 35 05<\/p>\n<p><em><strong>Serveis:<\/strong><\/em> Dispositiu d\u2019inserci\u00f3 sociolaboral per a joves i per a majors de 25 anys.<br \/>\nFormaci\u00f3 professionalitzadora i integrada. Plans d\u2019Ocupaci\u00f3: Formaci\u00f3 en<br \/>\ncompet\u00e8ncies b\u00e0siques, imatge i comunicaci\u00f3, intermediaci\u00f3 social i laboral<br \/>\ndirigit a entitats<\/p>\n<p><strong>ESCOLA D\u2019ADULTS SANT RAMON<\/strong><\/p>\n<p>Dimecres de 16:00 a 18:00h Tel: 93 334 20 28 \/ 93 334 18 51.<br \/>\nC\/ Passatge Amat 5-7<br \/>\nPla\u00e7a Llibertat, 5<\/p>\n<p><strong><em>Serveis<\/em><\/strong>: Cursos de catal\u00e0, castell\u00e0, angl\u00e8s, inform\u00e0tica. Preparaci\u00f3 proves d\u2019acc\u00e9s a<br \/>\ncicles formatius de Grau Mitj\u00e0 i Superior.Graduat Escolar a dist\u00e0ncia. Formaci\u00f3 instrumental: I,II i III<\/p>\n<p><strong>ITACA<\/strong><br \/>\nDilluns a divendres 9:00-13:30h i 17:00-20:00h.Tel: 93 333 86 82\/605 010 228 C\/Llobregat, 145,1r.<br \/>\n<strong><em>Serveis: <\/em><\/strong>Inserjove (16-25 anys): Projecte d\u2019orientaci\u00f3 formativa i laboral<\/p>\n<p><strong>MUJERES PA\u2019LANTE<\/strong><br \/>\nDe dilluns a divendres de 10:00 a 13:00h.<br \/>\nDe dilluns a divendres de 16:00 a 20:00h. Tel: 93 263 37 65(L\u2019H) C\/Llobregat 62, baixos (L\u2019H)<\/p>\n<p><strong><em>Serveis<\/em><\/strong>: Assessoria jur\u00eddica, psicol\u00f2gica, sociolaboral. Cursos de formaci\u00f3 (inform\u00e0tica,<br \/>\ncatal\u00e0, recerca de treball a trav\u00e9s d\u2019internet). Tallers de gesti\u00f3 emocional i<br \/>\napoderament de la dona<\/p>\n<p><strong>RAC\u00d3 DE L\u2019OCUPACI\u00d3 JIS<\/strong><br \/>\nDe 10:00 a 14:00 h de dilluns a divendres. Tel: 93 421 93 10<br \/>\n<em><strong>Servei<\/strong><\/em> d\u2019inserci\u00f3 sociolaboral personalitzat i gratu\u00eft. Suport emocional amb<br \/>\ntutories individuals i grupals.<\/p>\n<p><strong>REGIDORIA DE JOVENTUT OFICINA JOVE EMANCIPACI\u00d3 <\/strong><\/p>\n<p>De dilluns a dijous 10:00-14:00h i 16:00-20:00h. Divendres, de 10:00 a 14:00h.<\/p>\n<p>Tel: 93 448 73 72&nbsp; C\/Llobregat, 127-141<\/p>\n<p><strong><em>Serveis: <\/em><\/strong>Orientaci\u00f3, assessorament i seguiment. Programaci\u00f3 de Flash formatius i blocs<br \/>\nd\u2019aprenentatge en l\u2019\u00e0mbit de formaci\u00f3 i l\u2019\u00e0mbit d\u2019ocupaci\u00f3. Link Laboral. Espai<br \/>\namb recursos necessaris per a la recerca de feina.<\/p>\n","protected":false},"excerpt":{"rendered":"<p>Punts d\u2019inter\u00e8s del barri amb els serveis i espais m\u00e9s destacats AVV COLLBLANC-LA TORRASSA Dimarts i Dijous, de 9:30 a 14:30h. Tel: 93 334 42 45 \/ 93 448 50 86 Serveis: Formaci\u00f3 b\u00e0sica en noves tecnologies. Inserci\u00f3 sociolaboral, botiga solid\u00e0ria, gesti\u00f3 d\u2019ajuda aliment\u00e0ria, assessoria. Punt d\u2019informaci\u00f3 i dinamitzaci\u00f3. CENTRE DE NORMALITZACI\u00d3 LING\u00dc\u00cdSTICA De dilluns [&hellip;]<\/p>\n","protected":false},"author":153,"featured_media":0,"parent":2,"menu_order":1,"comment_status":"open","ping_status":"closed","template":"custom-page.php","meta":{"footnotes":""},"class_list":["post-1131","page","type-page","status-publish","czr-hentry"],"_links":{"self":[{"href":"https:\/\/bloc.xarxa-omnia.org\/omniaakwaba\/wp-json\/wp\/v2\/pages\/1131","targetHints":{"allow":["GET"]}}],"collection":[{"href":"https:\/\/bloc.xarxa-omnia.org\/omniaakwaba\/wp-json\/wp\/v2\/pages"}],"about":[{"href":"https:\/\/bloc.xarxa-omnia.org\/omniaakwaba\/wp-json\/wp\/v2\/types\/page"}],"author":[{"embeddable":true,"href":"https:\/\/bloc.xarxa-omnia.org\/omniaakwaba\/wp-json\/wp\/v2\/users\/153"}],"replies":[{"embeddable":true,"href":"https:\/\/bloc.xarxa-omnia.org\/omniaakwaba\/wp-json\/wp\/v2\/comments?post=1131"}],"version-history":[{"count":2,"href":"https:\/\/bloc.xarxa-omnia.org\/omniaakwaba\/wp-json\/wp\/v2\/pages\/1131\/revisions"}],"predecessor-version":[{"id":2795,"href":"https:\/\/bloc.xarxa-omnia.org\/omniaakwaba\/wp-json\/wp\/v2\/pages\/1131\/revisions\/2795"}],"up":[{"embeddable":true,"href":"https:\/\/bloc.xarxa-omnia.org\/omniaakwaba\/wp-json\/wp\/v2\/pages\/2"}],"wp:attachment":[{"href":"https:\/\/bloc.xarxa-omnia.org\/omniaakwaba\/wp-json\/wp\/v2\/media?parent=1131"}],"curies":[{"name":"wp","href":"https:\/\/api.w.org\/{rel}","templated":true}]}}