{"id":12,"date":"2023-01-13T13:43:47","date_gmt":"2023-01-13T11:43:47","guid":{"rendered":"https:\/\/bloc.xarxa-omnia.org\/peslamina\/?page_id=12"},"modified":"2024-09-12T13:53:40","modified_gmt":"2024-09-12T11:53:40","slug":"inici","status":"publish","type":"page","link":"https:\/\/bloc.xarxa-omnia.org\/peslamina\/","title":{"rendered":""},"content":{"rendered":"\n<figure class=\"wp-block-image size-large\"><img loading=\"lazy\" decoding=\"async\" width=\"722\" height=\"27\" src=\"http:\/\/bloc.xarxa-omnia.org\/peslamina\/files\/2023\/02\/FrajaOmniaNeta.png\" alt=\"\" class=\"wp-image-32\" \/><\/figure>\n\n\n\n<p style=\"text-align: justify\">El <strong>Punt \u00d2mnia a la PES (Plataforma d&#8217;Educaci\u00f3 Social) La Mina<\/strong>, gestionat per <a href=\"https:\/\/www.salesianssantjordi.org\" target=\"_blank\" rel=\"noopener noreferrer\">Salesians Sant Jordi<\/a> i part de la <a href=\"https:\/\/xarxaomnia.gencat.cat\/\" target=\"_blank\" rel=\"noopener noreferrer\">Xarxa \u00d2mnia<\/a> de la Direcci\u00f3 General d\u2019Acci\u00f3 C\u00edvica i Comunit\u00e0ria de la Generalitat de Catalunya, cerca millorar i afavorir la inclusi\u00f3 i la vinculaci\u00f3 de les persones a la comunitat mitjan\u00e7ant l&#8217;\u00fas de les <strong>Tecnologies de la Informaci\u00f3 i Comunicaci\u00f3<\/strong>.<\/p>\n<p style=\"text-align: justify\">Va adre\u00e7at als qui precisen <strong>millorar les seves capacitats per a superar les seves dificultats d\u2019acc\u00e9s a les tecnologies d\u2019informaci\u00f3<\/strong>, posant especial \u00e8mfasi en les persones en situaci\u00f3 d\u2019atur, infants i joves, gent gran i fam\u00edlies.<\/p>\n<p style=\"text-align: justify\">Oferim espais i equipaments d\u2019utilitzaci\u00f3 p\u00fablica, i comptem amb el suport de professionals que dinamitzen l\u2019espai i assessoren les persones usu\u00e0ries.<\/p>\n\n\n\n<hr class=\"wp-block-separator has-text-color has-dark-gray-color has-css-opacity has-dark-gray-background-color has-background is-style-default\" \/>\n\n\n<div class=\"wp-block-image\">\n<figure class=\"aligncenter size-large is-resized\"><img loading=\"lazy\" decoding=\"async\" width=\"936\" height=\"646\" src=\"http:\/\/bloc.xarxa-omnia.org\/peslamina\/files\/2023\/02\/LogoOmniaPESMina.png\" alt=\"\" class=\"wp-image-31\" style=\"width:350px;height:260px\" \/><\/figure><\/div>\n\n\n<p class=\"has-text-align-center\"><strong><em>Un espai d\u2019alfabetitzaci\u00f3 digital que fomenta la inclusi\u00f3 social a partir de les TIC<\/em><\/strong><\/p>\n\n\n\n<hr class=\"wp-block-separator has-text-color has-dark-gray-color has-css-opacity has-dark-gray-background-color has-background\" \/>\n\n\n\n<h3><strong>On som:<\/strong><\/h3>\n<p>\u2192<a href=\"https:\/\/goo.gl\/maps\/YWUscj8uEm1eK5eG9\" target=\"_blank\" rel=\"noopener noreferrer\">Carrer del Mar s.n. Barri de La Mina<\/a>, Sant Adri\u00e0 del Bes\u00f2s<br \/>\u2709 peslamina [@] xarxaomnia.gencat.cat<br \/>\u2706 93 381 15 78 \/ 689 09 31 52 (Tel i WhatsApp)<br \/>TW: <a href=\"https:\/\/twitter.com\/OmniaPESLaMina\" target=\"_blank\" rel=\"noopener noreferrer\">@OmniaPESLaMina<\/a><\/p>\n\n\n\n<hr class=\"wp-block-separator has-text-color has-dark-gray-color has-css-opacity has-dark-gray-background-color has-background\" \/>\n\n\n\n<p class=\"has-text-align-center has-large-font-size\"><strong><a href=\"https:\/\/bloc.xarxa-omnia.org\/peslamina\/cursos\/\">-Cursos i Activitats-<\/a><\/strong><\/p>\n\n\n\n<hr class=\"wp-block-separator has-text-color has-dark-gray-color has-css-opacity has-dark-gray-background-color has-background\" \/>\n\n\n\n<figure class=\"wp-block-image size-full\"><img loading=\"lazy\" decoding=\"async\" width=\"604\" height=\"69\" src=\"http:\/\/bloc.xarxa-omnia.org\/peslamina\/files\/2024\/09\/BarraLogosOmnia2024w.png\" alt=\"\" class=\"wp-image-99\" \/><\/figure>\n","protected":false},"excerpt":{"rendered":"<p>El Punt \u00d2mnia a la PES (Plataforma d&#8217;Educaci\u00f3 Social) La Mina, gestionat per Salesians Sant Jordi i part de la Xarxa \u00d2mnia de la Direcci\u00f3 General d\u2019Acci\u00f3 C\u00edvica i Comunit\u00e0ria de la Generalitat de Catalunya, cerca millorar i afavorir la inclusi\u00f3 i la vinculaci\u00f3 de les persones a la comunitat mitjan\u00e7ant l&#8217;\u00fas de les Tecnologies &hellip; <a href=\"https:\/\/bloc.xarxa-omnia.org\/peslamina\/\" class=\"more-link\">Continua la lectura de <span class=\"screen-reader-text\"><\/span> <span class=\"meta-nav\">&rarr;<\/span><\/a><\/p>\n","protected":false},"author":207,"featured_media":0,"parent":0,"menu_order":0,"comment_status":"closed","ping_status":"closed","template":"","meta":{"footnotes":""},"class_list":["post-12","page","type-page","status-publish","hentry"],"_links":{"self":[{"href":"https:\/\/bloc.xarxa-omnia.org\/peslamina\/wp-json\/wp\/v2\/pages\/12","targetHints":{"allow":["GET"]}}],"collection":[{"href":"https:\/\/bloc.xarxa-omnia.org\/peslamina\/wp-json\/wp\/v2\/pages"}],"about":[{"href":"https:\/\/bloc.xarxa-omnia.org\/peslamina\/wp-json\/wp\/v2\/types\/page"}],"author":[{"embeddable":true,"href":"https:\/\/bloc.xarxa-omnia.org\/peslamina\/wp-json\/wp\/v2\/users\/207"}],"replies":[{"embeddable":true,"href":"https:\/\/bloc.xarxa-omnia.org\/peslamina\/wp-json\/wp\/v2\/comments?post=12"}],"version-history":[{"count":13,"href":"https:\/\/bloc.xarxa-omnia.org\/peslamina\/wp-json\/wp\/v2\/pages\/12\/revisions"}],"predecessor-version":[{"id":102,"href":"https:\/\/bloc.xarxa-omnia.org\/peslamina\/wp-json\/wp\/v2\/pages\/12\/revisions\/102"}],"wp:attachment":[{"href":"https:\/\/bloc.xarxa-omnia.org\/peslamina\/wp-json\/wp\/v2\/media?parent=12"}],"curies":[{"name":"wp","href":"https:\/\/api.w.org\/{rel}","templated":true}]}}