{"id":36,"date":"2023-02-02T13:20:01","date_gmt":"2023-02-02T11:20:01","guid":{"rendered":"https:\/\/bloc.xarxa-omnia.org\/peslamina\/?page_id=36"},"modified":"2024-09-12T13:52:38","modified_gmt":"2024-09-12T11:52:38","slug":"cursos","status":"publish","type":"page","link":"https:\/\/bloc.xarxa-omnia.org\/peslamina\/cursos\/","title":{"rendered":"Cursos i Activitats"},"content":{"rendered":"\n<p class=\"has-text-align-center has-large-font-size\"><strong>Espais Oberts<\/strong><\/p>\n\n\n\n<figure class=\"wp-block-image size-full\"><img loading=\"lazy\" decoding=\"async\" width=\"604\" height=\"427\" src=\"https:\/\/bloc.xarxa-omnia.org\/peslamina\/files\/2024\/09\/EspaisOberts2024_w.png\" alt=\"\" class=\"wp-image-90\" \/><\/figure>\n\n\n\n<p style=\"text-align: justify\">Acc\u00e9s a la sala del Punt \u00d2mnia per <strong>fer \u00fas dels ordinadors i internet amb el suport de les dinamitzadores<\/strong>. Pots venir en horari de matins a l&#8221;Acc\u00e9s Lliure&#8217; de dimarts a dijous d\u201911 a 12h, o a l&#8217;espai PracTIC les tardes de dilluns i dijous de 15 a 16:30h confirmant abans disponibilitat. <strong>Per un suport m\u00e9s personalitzat envia un WhatsApp al 689093152.<\/strong><\/p>\n\n\n\n<hr class=\"wp-block-separator has-text-color has-dark-gray-color has-css-opacity has-dark-gray-background-color has-background\" \/>\n\n\n\n<p class=\"has-text-align-center has-large-font-size\"><strong>Curs Obert d&#8217;Inform\u00e0tica<\/strong><\/p>\n\n\n\n<figure class=\"wp-block-image size-full\"><img loading=\"lazy\" decoding=\"async\" width=\"604\" height=\"427\" src=\"https:\/\/bloc.xarxa-omnia.org\/peslamina\/files\/2024\/09\/CursObert2024_w.png\" alt=\"\" class=\"wp-image-92\" \/><\/figure>\n\n\n\n<p style=\"text-align: justify\">Cada dimarts treballem una tem\u00e0tica d&#8217;inter\u00e8s relacionada amb la inform\u00e0tica i l&#8217;\u00fas dels m\u00f2bils. Un curs flexible, obert a tot el barri, i pel que no cal inscripci\u00f3 pr\u00e8via.<\/p>\n\n\n\n<p class=\"has-text-align-center has-medium-font-size\"><strong>T&#8217;esperem els dimecres de 12h a 13:30h<\/strong><\/p>\n\n\n\n<hr class=\"wp-block-separator has-text-color has-dark-gray-color has-css-opacity has-dark-gray-background-color has-background\" \/>\n\n\n\n<div style=\"height:30px\" aria-hidden=\"true\" class=\"wp-block-spacer\"><\/div>\n\n\n\n<p class=\"has-text-align-center has-large-font-size\"><strong>Espai de Creaci\u00f3 Digital<\/strong><\/p>\n\n\n\n<figure class=\"wp-block-image size-full\"><img loading=\"lazy\" decoding=\"async\" width=\"604\" height=\"427\" src=\"https:\/\/bloc.xarxa-omnia.org\/peslamina\/files\/2024\/09\/EspaiDigital2024_w.png\" alt=\"\" class=\"wp-image-93\" \/><\/figure>\n\n\n\n<p style=\"text-align: justify\">Un espai per a la <strong>creaci\u00f3 de continguts a partir dels materials disponibles al Punt \u00d2mnia<\/strong>. Assessorament i acompanyament per al disseny i impressi\u00f3 d&#8217;elements 3D, l&#8217;edici\u00f3 de contingut sobre el barri a la Viquip\u00e8dia, o la creaci\u00f3 de continguts audiovisuals i multim\u00e8dia.<\/p>\n\n\n\n<p class=\"has-text-align-center has-medium-font-size\"><strong>T&#8217;esperem els dijous a la tarda de 17:00 a 19:0h<\/strong><\/p>\n\n\n\n<hr class=\"wp-block-separator has-text-color has-dark-gray-color has-css-opacity has-dark-gray-background-color has-background\" \/>\n\n\n\n<div style=\"height:30px\" aria-hidden=\"true\" class=\"wp-block-spacer\"><\/div>\n\n\n\n<p class=\"has-text-align-center has-large-font-size\"><strong>Ets una entitat del barri?<\/strong><\/p>\n\n\n\n<p class=\"has-text-align-center\"><strong>C\u00e0psules formatives pensades per a entitats<\/strong>:<\/p>\n\n\n\n<div class=\"wp-block-columns is-layout-flex wp-container-core-columns-is-layout-1 wp-block-columns-is-layout-flex\">\n<div class=\"wp-block-column is-layout-flow wp-block-column-is-layout-flow\">\n<figure class=\"wp-block-image size-large\"><img loading=\"lazy\" decoding=\"async\" width=\"1587\" height=\"2245\" src=\"http:\/\/bloc.xarxa-omnia.org\/peslamina\/files\/2023\/02\/Canva.png\" alt=\"\" class=\"wp-image-46\" \/><\/figure>\n\n\n\n<p>Vols millorar els<strong> disseny dels cartells i elements&nbsp;de comunicaci\u00f3<\/strong> &nbsp;de la teva entitat? Amb Canva \u00e9s molt f\u00e0cil incorporar elements atractius als nostres dissenys ja siguin cartells, imatges per a xarxes socials, felicitacions o presentacions.<\/p>\n<\/div>\n\n\n\n<div class=\"wp-block-column is-layout-flow wp-block-column-is-layout-flow\">\n<figure class=\"wp-block-image size-large\"><img loading=\"lazy\" decoding=\"async\" width=\"1414\" height=\"2000\" src=\"http:\/\/bloc.xarxa-omnia.org\/peslamina\/files\/2023\/02\/BiblioDigital.png\" alt=\"\" class=\"wp-image-48\" \/><\/figure>\n\n\n\n<p>C\u00e0psula pensada per a realitzar en una \u00fanica sessi\u00f3&nbsp;de 90 minuts per presentar totes les possibilitats&nbsp;dels <strong>aplicatius de la Xarxa de Biblioteques<\/strong> que,&nbsp;entre moltes altres coses,&nbsp;ens permeten accedir&nbsp;a un gran nombre de continguts online.<\/p>\n<\/div>\n<\/div>\n\n\n\n<div class=\"wp-block-columns is-layout-flex wp-container-core-columns-is-layout-2 wp-block-columns-is-layout-flex\">\n<div class=\"wp-block-column is-layout-flow wp-block-column-is-layout-flow\">\n<figure class=\"wp-block-image size-large\"><img loading=\"lazy\" decoding=\"async\" width=\"1587\" height=\"2245\" src=\"http:\/\/bloc.xarxa-omnia.org\/peslamina\/files\/2023\/02\/ADigital.png\" alt=\"\" class=\"wp-image-47\" \/><\/figure>\n\n\n\n<p>Espais o <strong>sessions d\u2019Alfabetitzaci\u00f3 Digital fetes a mida <\/strong>segons les necessitats de l\u2019entitat&nbsp;o els seus usuaris.<\/p>\n<\/div>\n\n\n\n<div class=\"wp-block-column is-layout-flow wp-block-column-is-layout-flow\">\n<figure class=\"wp-block-image size-large\"><img loading=\"lazy\" decoding=\"async\" width=\"1587\" height=\"2245\" src=\"http:\/\/bloc.xarxa-omnia.org\/peslamina\/files\/2023\/02\/LMS.png\" alt=\"\" class=\"wp-image-45\" \/><\/figure>\n\n\n\n<p>C\u00e0psula formativa per perdre la por a <strong>l\u2019espai&nbsp;de Salut Digital \u2018La Meva Salut\u2019<\/strong>, des del que&nbsp;podem gestionar les nostres cites amb el metge,&nbsp;veure els resultats de les proves diagn\u00f2stiques,&nbsp;o enviar consultes.<\/p>\n<\/div>\n<\/div>\n\n\n\n<hr class=\"wp-block-separator has-text-color has-dark-gray-color has-css-opacity has-dark-gray-background-color has-background\" \/>\n\n\n\n<h3><strong>On som:<\/strong><\/h3>\n<p>\u2192<a href=\"https:\/\/goo.gl\/maps\/YWUscj8uEm1eK5eG9\" target=\"_blank\" rel=\"noopener noreferrer\">Carrer del Mar s.n. Barri de La Mina<\/a>, Sant Adri\u00e0 del Bes\u00f2s<br \/>\u2709 peslamina [@] xarxaomnia.gencat.cat<br \/>\u2706 93 381 15 78 \/ 689 09 31 52 (Tel i WhatsApp)<br \/>TW: <a href=\"https:\/\/twitter.com\/OmniaPESLaMina\" target=\"_blank\" rel=\"noopener noreferrer\">@OmniaPESLaMina<\/a><\/p>\n\n\n\n<hr class=\"wp-block-separator has-text-color has-dark-gray-color has-css-opacity has-dark-gray-background-color has-background\" \/>\n\n\n<div class=\"wp-block-image\">\n<figure class=\"aligncenter size-full\"><img loading=\"lazy\" decoding=\"async\" width=\"604\" height=\"69\" src=\"https:\/\/bloc.xarxa-omnia.org\/peslamina\/files\/2024\/09\/BarraLogosOmnia2024w.png\" alt=\"\" class=\"wp-image-99\" \/><\/figure><\/div>","protected":false},"excerpt":{"rendered":"<p>Espais Oberts Acc\u00e9s a la sala del Punt \u00d2mnia per fer \u00fas dels ordinadors i internet amb el suport de les dinamitzadores. Pots venir en horari de matins a l&#8221;Acc\u00e9s Lliure&#8217; de dimarts a dijous d\u201911 a 12h, o a l&#8217;espai PracTIC les tardes de dilluns i dijous de 15 a 16:30h confirmant abans disponibilitat. &hellip; <a href=\"https:\/\/bloc.xarxa-omnia.org\/peslamina\/cursos\/\" class=\"more-link\">Continua la lectura de <span class=\"screen-reader-text\">Cursos i Activitats<\/span> <span class=\"meta-nav\">&rarr;<\/span><\/a><\/p>\n","protected":false},"author":207,"featured_media":0,"parent":0,"menu_order":0,"comment_status":"closed","ping_status":"closed","template":"","meta":{"footnotes":""},"class_list":["post-36","page","type-page","status-publish","hentry"],"_links":{"self":[{"href":"https:\/\/bloc.xarxa-omnia.org\/peslamina\/wp-json\/wp\/v2\/pages\/36","targetHints":{"allow":["GET"]}}],"collection":[{"href":"https:\/\/bloc.xarxa-omnia.org\/peslamina\/wp-json\/wp\/v2\/pages"}],"about":[{"href":"https:\/\/bloc.xarxa-omnia.org\/peslamina\/wp-json\/wp\/v2\/types\/page"}],"author":[{"embeddable":true,"href":"https:\/\/bloc.xarxa-omnia.org\/peslamina\/wp-json\/wp\/v2\/users\/207"}],"replies":[{"embeddable":true,"href":"https:\/\/bloc.xarxa-omnia.org\/peslamina\/wp-json\/wp\/v2\/comments?post=36"}],"version-history":[{"count":18,"href":"https:\/\/bloc.xarxa-omnia.org\/peslamina\/wp-json\/wp\/v2\/pages\/36\/revisions"}],"predecessor-version":[{"id":100,"href":"https:\/\/bloc.xarxa-omnia.org\/peslamina\/wp-json\/wp\/v2\/pages\/36\/revisions\/100"}],"wp:attachment":[{"href":"https:\/\/bloc.xarxa-omnia.org\/peslamina\/wp-json\/wp\/v2\/media?parent=36"}],"curies":[{"name":"wp","href":"https:\/\/api.w.org\/{rel}","templated":true}]}}