{"id":11,"date":"2007-12-04T19:42:47","date_gmt":"2007-12-04T18:42:47","guid":{"rendered":"http:\/\/xarxaomnia.gencat.cat\/blocs\/plaformacio\/antecedents\/any-2004"},"modified":"2008-01-22T11:00:15","modified_gmt":"2008-01-22T10:00:15","slug":"any-2004","status":"publish","type":"page","link":"https:\/\/bloc.xarxa-omnia.org\/plaformacio\/antecedents\/any-2004","title":{"rendered":"Any 2004"},"content":{"rendered":"<p>Amb l&#8217;objectiu de poder donar resposta al gran ventall de necessitats formatives dels dinamitzadors i dinamitzadores de la Xarxa \u00d2mnia, la formaci\u00f3 oferta l&#8217;any 2004 va augmentar fins a sis el n\u00famero de m\u00f2duls (de 14 hores cadascun). El programa, seguint l&#8217;estructura d&#8217;edicions anteriors, va incloure tant temes t\u00e8cnics com metodol\u00f2gics.<\/p>\n<h3>Criteris d&#8217;inscripci\u00f3<\/h3>\n<ul>\n<li>Obligatori fer dos m\u00f2duls formatius.<\/li>\n<li>Obligatori fer un m\u00f2dul t\u00e8cnic i un m\u00f2dul metodol\u00f2gic.<\/li>\n<li>Per la realitzaci\u00f3 del m\u00f2dul era necessari un m\u00ednim de 12 persones inscrites.<\/li>\n<li>Si un m\u00f2dul no superava els 12 inscrits, es notificava a trav\u00e9s de la Fundaci\u00f3 Coordinadora i s&#8217;hauria d&#8217;escollir un altre m\u00f2dul.<\/li>\n<li>Tots els m\u00f2duls, tant els t\u00e8cnics com els metodol\u00f2gics tenien una durada de 14 hores.<\/li>\n<\/ul>\n<h3>Programa  <a href=\"http:\/\/xarxa-omnia.org\/coordinacio\/plaformacio\/antecedents\/2004\/calendari2004.pdf\">Veure el calendari<\/a><img decoding=\"async\" src=\"http:\/\/xarxaomnia.gencat.cat\/blocs\/plaformacio\/files\/8_2004.jpg\" align=\"right\" hspace=\"5\" vspace=\"5\" width=\"150\" \/><\/h3>\n<p align=\"left\">M\u00f2dul 1. Metodologia amb nens petits i joves<br \/>\nM\u00f2dul 2. Linux \u2013 Software lliure<br \/>\n<a href=\"http:\/\/xarxaomnia.gencat.cat\/blocs\/plaformacio\/files\/2004_modul3_material.pdf\" title=\"Modul3_2004\">M\u00f2dul 3. Organitzaci\u00f3 i Gesti\u00f3<\/a><br \/>\n<a href=\"http:\/\/xarxaomnia.gencat.cat\/blocs\/plaformacio\/files\/2004_modul4_material.pdf\" title=\"M\u00f2dul 4. Alfabetitzaci\u00f3 digital d\u2019adults\">M\u00f2dul 4. Alfabetitzaci\u00f3 digital d\u2019adults<\/a><br \/>\n<a href=\"http:\/\/www.xarxa-omnia.org\/coordinacio\/formacionline\/modul3\/\">M\u00f2dul 5. Formaci\u00f3 on line. Tractament imatges\/web<\/a><br \/>\n<a href=\"http:\/\/xarxaomnia.gencat.cat\/blocs\/plaformacio\/files\/2004_modul6_material.pdf\" title=\"M\u00f2dul 6: Flash on line\">M\u00f2dul 6: Flash on line<\/a><\/p>\n<p><a href=\"http:\/\/xarxa-omnia.org\/coordinacio\/pla2004\/\">Web del pla de formaci\u00f3 2004.<\/a><\/p>\n","protected":false},"excerpt":{"rendered":"<p>Amb l&#8217;objectiu de poder donar resposta al gran ventall de necessitats formatives dels dinamitzadors i dinamitzadores de la Xarxa \u00d2mnia, la formaci\u00f3 oferta l&#8217;any 2004 va augmentar fins a sis el n\u00famero de m\u00f2duls (de 14 hores cadascun). El programa, seguint l&#8217;estructura d&#8217;edicions anteriors, va incloure tant temes t\u00e8cnics com metodol\u00f2gics. Criteris d&#8217;inscripci\u00f3 Obligatori fer [&hellip;]<\/p>\n","protected":false},"author":1,"featured_media":0,"parent":9,"menu_order":2,"comment_status":"closed","ping_status":"closed","template":"","meta":{"ngg_post_thumbnail":0,"footnotes":""},"class_list":["post-11","page","type-page","status-publish","hentry"],"_links":{"self":[{"href":"https:\/\/bloc.xarxa-omnia.org\/plaformacio\/wp-json\/wp\/v2\/pages\/11","targetHints":{"allow":["GET"]}}],"collection":[{"href":"https:\/\/bloc.xarxa-omnia.org\/plaformacio\/wp-json\/wp\/v2\/pages"}],"about":[{"href":"https:\/\/bloc.xarxa-omnia.org\/plaformacio\/wp-json\/wp\/v2\/types\/page"}],"author":[{"embeddable":true,"href":"https:\/\/bloc.xarxa-omnia.org\/plaformacio\/wp-json\/wp\/v2\/users\/1"}],"replies":[{"embeddable":true,"href":"https:\/\/bloc.xarxa-omnia.org\/plaformacio\/wp-json\/wp\/v2\/comments?post=11"}],"version-history":[{"count":0,"href":"https:\/\/bloc.xarxa-omnia.org\/plaformacio\/wp-json\/wp\/v2\/pages\/11\/revisions"}],"up":[{"embeddable":true,"href":"https:\/\/bloc.xarxa-omnia.org\/plaformacio\/wp-json\/wp\/v2\/pages\/9"}],"wp:attachment":[{"href":"https:\/\/bloc.xarxa-omnia.org\/plaformacio\/wp-json\/wp\/v2\/media?parent=11"}],"curies":[{"name":"wp","href":"https:\/\/api.w.org\/{rel}","templated":true}]}}