{"id":12,"date":"2007-12-04T19:43:17","date_gmt":"2007-12-04T18:43:17","guid":{"rendered":"http:\/\/xarxaomnia.gencat.cat\/blocs\/plaformacio\/formacio-inicial"},"modified":"2013-04-15T13:49:45","modified_gmt":"2013-04-15T12:49:45","slug":"formacio-inicial","status":"publish","type":"page","link":"https:\/\/bloc.xarxa-omnia.org\/plaformacio\/","title":{"rendered":"Presentaci\u00f3 formaci\u00f3 inicial"},"content":{"rendered":"<blockquote><p><strong> <\/strong><\/p>\n<p><strong>Nova convocat\u00f2ria: 29 d&#8217;abril<br \/>\n<\/strong><\/p><\/blockquote>\n<p><img loading=\"lazy\" decoding=\"async\" class=\"alignright size-thumbnail wp-image-272\" style=\"float: right;\" title=\"DSC08431\" src=\"http:\/\/xarxaomnia.gencat.cat\/blocs\/plaformacio\/files\/DSC08431-150x150.jpg\" alt=\"\" width=\"150\" height=\"150\" \/>La Formaci\u00f3 Inicial \u00e9s un espai d&#8217;acollida, orientaci\u00f3 i formaci\u00f3 en la tasca educativa i t\u00e8cnica pels nous dinamitzadors i dinamitzadores que comencen a treballar a la Xarxa \u00d2mnia. D&#8217;aquesta manera es garanteix la continu\u00eftat del programa a cada Punt \u00d2mnia malgrat que es produeixi un canvi en el professional.Des dels inicis del projecte, la Formaci\u00f3 Inicial era espec\u00edficament presencial, per\u00f2 des de mitjans de 2006 es va produir un canvi substancial al convertir-se en una formaci\u00f3 de tipologia bimodal, \u00e9s a dir, que contempla una part presencial i una altra en l\u00ednia.<\/p>\n<p>Aquesta nova modalitat en l\u00ednia s&#8217;ha materialitzat a trav\u00e9s de la plataforma Moodle, i ofereix per una banda material de suport i complementari a la formaci\u00f3 inicial i presencial, i per l&#8217;altra una posada al dia en els darrers aven\u00e7os tecnol\u00f2gics relacionats amb l&#8217;\u00e0mbit formatiu.<\/p>\n<h3>Objectius<\/h3>\n<p>Els objectius generals d&#8217;aquesta acci\u00f3 formativa s\u00f3n principalment:<\/p>\n<ul>\n<li>Formar als nous dinamitzadors per tal d&#8217;oferir una visi\u00f3 general del projecte, garantir el coneixement dels objectius i metodologies del programa \u00d2mnia i els seus mecanismes, mitjans, estructura i forma de funcionament.<\/li>\n<li>Oferir formaci\u00f3 b\u00e0sica que garanteixi el coneixement dels elements tecnol\u00f2gics m\u00e9s b\u00e0sics del programa.<\/li>\n<\/ul>\n<h3>A qui es dirigeix<\/h3>\n<p>La <strong>Formaci\u00f3 Inicial<\/strong> de la Xarxa \u00d2mnia es dirigeix a tots els nous i noves professionals que inicien la seva tasca com a dinamitzador o dinamitzadora en el projecte \u00d2mnia.<\/p>\n<h3>Materials<\/h3>\n<p>La <strong>Formaci\u00f3 Inicial<\/strong> proporciona als dinamitzadors i dinamitzadores una carpeta amb un conjunt de materials de refer\u00e8ncia (documents oficials del projecte, document sobre el perfil del dinamitzador, etc), un manual b\u00e0sic que desenvolupa bastament per escrit els diferents punts que es tracten en la formaci\u00f3, especialment relatius a les q\u00fcestions m\u00e9s t\u00e8cnico-pedag\u00f2giques i un CD amb material en suport electr\u00f2nic.<\/p>\n<p>Aquest, cont\u00e9:<\/p>\n<ul>\n<li>material lliurat en paper (manual, projecte i documents de refer\u00e8ncia)<\/li>\n<li>v\u00e0ria documentaci\u00f3 d&#8217;\u00d2mnia (fitxa objectius, estad\u00edstiques, normativa, fitxa incid\u00e8ncies, etc)<\/li>\n<li>logotips  i elements de la imatge corporativa del projecte i de les institucions que en formen part<\/li>\n<li>manuals del programari instal\u00b7lat als equips del Programa \u00d2mnia, atenent a les diferents generacions<\/li>\n<li>v\u00eddeos<\/li>\n<li>programari de lliure distribuci\u00f3 o demostracions gratu\u00eftes de programes que puguin resultar d&#8217;utilitat al dinamitzador (programes de tractament d&#8217;imatges, m\u00fasica, so, les darreres actualitzacions del programari lliure instal\u00b7lat als equips, etc&#8230;<\/li>\n<\/ul>\n<p>En <a href=\"http:\/\/xarxa-omnia.org\/node\/6213\" target=\"_blank\">aquest enlla\u00e7<\/a> trobareu tot el material corresponent a la Formaci\u00f3 Inicial (nom\u00e9s per a dinamitzadors i dinamitzadores).<\/p>\n<h3>Convocat\u00f2ries<\/h3>\n<p>Anteriorment la temporitzaci\u00f3 de la Formaci\u00f3 Inicial variava en funci\u00f3 del nombre de nous dinamitzadors que s&#8217;incorporen a la Xarxa \u00d2mnia, i es realitzaven un m\u00ednim de dues convocat\u00f2ries l&#8217;any.<\/p>\n<p>Actualment s&#8217;opta per un sistema que pugui acollir de manera m\u00e9s personal a les persones que s&#8217;incorporen a la xarxa realitzen les formacions un cop cada 6 o 7 setmanes.<\/p>\n<p>La propera convocat\u00f2ria de formaci\u00f3 inicial es celebrar\u00e0 el <strong>29 d&#8217;abril, <\/strong>a la seu del TEB .<\/p>\n","protected":false},"excerpt":{"rendered":"<p>Nova convocat\u00f2ria: 29 d&#8217;abril La Formaci\u00f3 Inicial \u00e9s un espai d&#8217;acollida, orientaci\u00f3 i formaci\u00f3 en la tasca educativa i t\u00e8cnica pels nous dinamitzadors i dinamitzadores que comencen a treballar a la Xarxa \u00d2mnia. D&#8217;aquesta manera es garanteix la continu\u00eftat del programa a cada Punt \u00d2mnia malgrat que es produeixi un canvi en el professional.Des dels [&hellip;]<\/p>\n","protected":false},"author":1,"featured_media":0,"parent":0,"menu_order":0,"comment_status":"closed","ping_status":"closed","template":"","meta":{"ngg_post_thumbnail":0,"footnotes":""},"class_list":["post-12","page","type-page","status-publish","hentry"],"_links":{"self":[{"href":"https:\/\/bloc.xarxa-omnia.org\/plaformacio\/wp-json\/wp\/v2\/pages\/12","targetHints":{"allow":["GET"]}}],"collection":[{"href":"https:\/\/bloc.xarxa-omnia.org\/plaformacio\/wp-json\/wp\/v2\/pages"}],"about":[{"href":"https:\/\/bloc.xarxa-omnia.org\/plaformacio\/wp-json\/wp\/v2\/types\/page"}],"author":[{"embeddable":true,"href":"https:\/\/bloc.xarxa-omnia.org\/plaformacio\/wp-json\/wp\/v2\/users\/1"}],"replies":[{"embeddable":true,"href":"https:\/\/bloc.xarxa-omnia.org\/plaformacio\/wp-json\/wp\/v2\/comments?post=12"}],"version-history":[{"count":63,"href":"https:\/\/bloc.xarxa-omnia.org\/plaformacio\/wp-json\/wp\/v2\/pages\/12\/revisions"}],"predecessor-version":[{"id":74,"href":"https:\/\/bloc.xarxa-omnia.org\/plaformacio\/wp-json\/wp\/v2\/pages\/12\/revisions\/74"}],"wp:attachment":[{"href":"https:\/\/bloc.xarxa-omnia.org\/plaformacio\/wp-json\/wp\/v2\/media?parent=12"}],"curies":[{"name":"wp","href":"https:\/\/api.w.org\/{rel}","templated":true}]}}