{"id":49,"date":"2007-12-17T12:52:37","date_gmt":"2007-12-17T11:52:37","guid":{"rendered":"http:\/\/xarxaomnia.gencat.cat\/blocs\/plaformacio\/avis-legal-i-copyleft"},"modified":"2010-05-27T18:32:32","modified_gmt":"2010-05-27T17:32:32","slug":"avis-legal-i-copyleft","status":"publish","type":"page","link":"https:\/\/bloc.xarxa-omnia.org\/plaformacio\/avis-legal-i-copyleft","title":{"rendered":"Av\u00eds legal i copyleft"},"content":{"rendered":"<p>Aquest lloc web i tots els seus continguts, incloent-hi els textos,  imatges, so i qualsevol altre material, s\u00f3n propietat de la Generalitat  de Catalunya o d&#8217;algun organisme vinculat a aquesta, o de tercers que  hagin autoritzat l&#8217;\u00fas d&#8217;aquests continguts a la Generalitat de  Catalunya.<\/p>\n<p>Tots els drets estan reservats. Tot acc\u00e9s a aquest lloc web resta  subjecte a les condicions seg\u00fcents:<\/p>\n<p>Nom\u00e9s est\u00e0 autoritzat l&#8217;\u00fas personal no comercial. No est\u00e0 permesa la  modificaci\u00f3 del web ni dels seus continguts.<\/p>\n<p>La informaci\u00f3 administrativa facilitada a trav\u00e9s d&#8217;aquest web no  substitueix la publicitat legal de les lleis, de les disposicions  generals i dels actes que hagin de ser publicats formalment al DOGC i a  altres diaris oficials, l&#8217;edici\u00f3 impresa dels quals \u00e9s l&#8217;\u00fanic instrument  que en d\u00f3na fe de l&#8217;autenticitat i contingut.<\/p>\n<p>L&#8217;Administraci\u00f3 de la Generalitat no \u00e9s responsable de la informaci\u00f3  que es pot obtenir a trav\u00e9s d&#8217;enlla\u00e7os a sistemes externs que no siguin  dependents d&#8217;aquesta Administraci\u00f3.<\/p>\n<p>La Generalitat de Catalunya no garanteix que el web i el servidor  estiguin lliures de virus i no es fa responsable dels danys causats per  l&#8217;acc\u00e9s al web o per la impossibilitat d&#8217;accedir-hi.<\/p>\n<p>En cap cas les galetes o altres mitjans de naturalesa an\u00e0loga que es  puguin utilitzar serviran per emmagatzemar informaci\u00f3 que permeti  identificar la persona f\u00edsica usu\u00e0ria del web.<\/p>\n<p>L&#8217;av\u00eds legal est\u00e0 disponible a <a href=\"http:\/\/www.gencat.cat\/web\/cat\/avis_legal.htm\">aquesta p\u00e0gina<\/a>.<\/p>\n<p><a href=\"http:\/\/creativecommons.org\/licenses\/by-nc-sa\/3.0\/deed.ca\"><img loading=\"lazy\" decoding=\"async\" src=\"http:\/\/creativecommons.org\/images\/public\/somerights20.png\" alt=\"Creative Commons\" width=\"88\" height=\"31\" \/><\/a><\/p>\n<p>Aquesta obra est\u00e0 subjecta a una <a href=\"http:\/\/creativecommons.org\/licenses\/by-nc-sa\/3.0\/deed.ca\">Llic\u00e8ncia de Creative Commons.<\/a><\/p>\n","protected":false},"excerpt":{"rendered":"<p>Aquest lloc web i tots els seus continguts, incloent-hi els textos, imatges, so i qualsevol altre material, s\u00f3n propietat de la Generalitat de Catalunya o d&#8217;algun organisme vinculat a aquesta, o de tercers que hagin autoritzat l&#8217;\u00fas d&#8217;aquests continguts a la Generalitat de Catalunya. Tots els drets estan reservats. Tot acc\u00e9s a aquest lloc web [&hellip;]<\/p>\n","protected":false},"author":64,"featured_media":0,"parent":0,"menu_order":0,"comment_status":"closed","ping_status":"closed","template":"","meta":{"ngg_post_thumbnail":0,"footnotes":""},"class_list":["post-49","page","type-page","status-publish","hentry"],"_links":{"self":[{"href":"https:\/\/bloc.xarxa-omnia.org\/plaformacio\/wp-json\/wp\/v2\/pages\/49","targetHints":{"allow":["GET"]}}],"collection":[{"href":"https:\/\/bloc.xarxa-omnia.org\/plaformacio\/wp-json\/wp\/v2\/pages"}],"about":[{"href":"https:\/\/bloc.xarxa-omnia.org\/plaformacio\/wp-json\/wp\/v2\/types\/page"}],"author":[{"embeddable":true,"href":"https:\/\/bloc.xarxa-omnia.org\/plaformacio\/wp-json\/wp\/v2\/users\/64"}],"replies":[{"embeddable":true,"href":"https:\/\/bloc.xarxa-omnia.org\/plaformacio\/wp-json\/wp\/v2\/comments?post=49"}],"version-history":[{"count":2,"href":"https:\/\/bloc.xarxa-omnia.org\/plaformacio\/wp-json\/wp\/v2\/pages\/49\/revisions"}],"predecessor-version":[{"id":275,"href":"https:\/\/bloc.xarxa-omnia.org\/plaformacio\/wp-json\/wp\/v2\/pages\/49\/revisions\/275"}],"wp:attachment":[{"href":"https:\/\/bloc.xarxa-omnia.org\/plaformacio\/wp-json\/wp\/v2\/media?parent=49"}],"curies":[{"name":"wp","href":"https:\/\/api.w.org\/{rel}","templated":true}]}}