{"id":10,"date":"2025-09-03T12:10:25","date_gmt":"2025-09-03T10:10:25","guid":{"rendered":"https:\/\/bloc.xarxa-omnia.org\/puntcebellvitge\/?page_id=10"},"modified":"2025-09-03T12:10:25","modified_gmt":"2025-09-03T10:10:25","slug":"on-i-qui-som","status":"publish","type":"page","link":"https:\/\/bloc.xarxa-omnia.org\/puntcebellvitge\/on-i-qui-som\/","title":{"rendered":"ON i Qui SOM"},"content":{"rendered":"\n<p>El Club Infantil i Juvenil Bellvitge t\u00e9 la finalitat d\u2019educar en valors a infants i joves del barri de Bellvitge en el seu temps lliure, i esdevenir un espai de formaci\u00f3 i participaci\u00f3 comunit\u00e0ria amb voluntat de transformaci\u00f3 i inclusi\u00f3 social.<\/p>\n\n\n\n<p>Aquesta entitat es coneix al barri amb el sobrenom de \u201cClub Rojo\u201d pel color de la seva fa\u00e7ana.<\/p>\n\n\n\n<p>El Punt Omnia el trobareu a la primera planta, i porta a l\u2019entitat des del 1.999.<\/p>\n\n\n\n<p>Al Punt Omnia del Club Bellvitge treballem amb infants, joves, adults, gent gran i persones amb discapacitat ps\u00edquica i\/o f\u00edsica, per a les quals disposem de materials i programes espec\u00edfics. Tamb\u00e9 us podeu adre\u00e7ar associacions i entitats, comer\u00e7os i demanar formaci\u00f3 adaptada a les vostres necessitats. Farem tot el possible per a assolir els vostres -i per tant, els nostres- objectius.<\/p>\n\n\n\n<p>Aquest \u00e9s un dels punts de la Xarxa \u00d2mnia el qual pot accedir-hi qualsevol persona que ho desitgi, per poder participar en activitats relacionades amb les noves tecnologies, o el seu \u00fas personal d&#8217;aquestes sempre amb el suport del dinamitzador.<\/p>\n\n\n\n<p>Ens trobareu el municipi de L&#8217;Hospitalet a la seg\u00fcent direcci\u00f3:<\/p>\n\n\n\n<p><a href=\"https:\/\/maps.app.goo.gl\/8RBcqQ11FUDLjDkM8\" data-type=\"link\" data-id=\"https:\/\/maps.app.goo.gl\/8RBcqQ11FUDLjDkM8\">Rambla de la Marina, 161-171, L&#8217;Hospitalet del Llobregat<\/a><\/p>\n\n\n\n\n\n\n\n<p>Tamb\u00e9 us podeu posar en contacte mitjan\u00e7ant:<\/p>\n\n\n\n<p>Tel\u00e8fon: 93 335 40 00<br>Correu electr\u00f2nic: cij_bellvitge@puntcebellvitge<br>Facebook: <a href=\"https:\/\/www.facebook.com\/OmniaCEBellvitge\/\" data-type=\"link\" data-id=\"https:\/\/www.facebook.com\/OmniaCEBellvitge\/\">\u00d2mnia CE Bellvitge<\/a><\/p>\n\n\n\n<p><\/p>\n","protected":false},"excerpt":{"rendered":"<p>El Club Infantil i Juvenil Bellvitge t\u00e9 la finalitat d\u2019educar en valors a infants i joves del barri de Bellvitge en el seu temps lliure, i esdevenir un espai de formaci\u00f3 i participaci\u00f3 comunit\u00e0ria amb voluntat de transformaci\u00f3 i inclusi\u00f3 social. Aquesta entitat es coneix al barri amb el sobrenom de \u201cClub Rojo\u201d pel color [&hellip;]<\/p>\n","protected":false},"author":213,"featured_media":0,"parent":0,"menu_order":0,"comment_status":"closed","ping_status":"closed","template":"","meta":{"footnotes":""},"class_list":["post-10","page","type-page","status-publish","hentry"],"_links":{"self":[{"href":"https:\/\/bloc.xarxa-omnia.org\/puntcebellvitge\/wp-json\/wp\/v2\/pages\/10","targetHints":{"allow":["GET"]}}],"collection":[{"href":"https:\/\/bloc.xarxa-omnia.org\/puntcebellvitge\/wp-json\/wp\/v2\/pages"}],"about":[{"href":"https:\/\/bloc.xarxa-omnia.org\/puntcebellvitge\/wp-json\/wp\/v2\/types\/page"}],"author":[{"embeddable":true,"href":"https:\/\/bloc.xarxa-omnia.org\/puntcebellvitge\/wp-json\/wp\/v2\/users\/213"}],"replies":[{"embeddable":true,"href":"https:\/\/bloc.xarxa-omnia.org\/puntcebellvitge\/wp-json\/wp\/v2\/comments?post=10"}],"version-history":[{"count":2,"href":"https:\/\/bloc.xarxa-omnia.org\/puntcebellvitge\/wp-json\/wp\/v2\/pages\/10\/revisions"}],"predecessor-version":[{"id":13,"href":"https:\/\/bloc.xarxa-omnia.org\/puntcebellvitge\/wp-json\/wp\/v2\/pages\/10\/revisions\/13"}],"wp:attachment":[{"href":"https:\/\/bloc.xarxa-omnia.org\/puntcebellvitge\/wp-json\/wp\/v2\/media?parent=10"}],"curies":[{"name":"wp","href":"https:\/\/api.w.org\/{rel}","templated":true}]}}