{"id":8,"date":"2018-07-09T14:08:08","date_gmt":"2018-07-09T14:08:08","guid":{"rendered":"http:\/\/xarxaomnia.gencat.cat\/blocs\/puntomniacpsfpalau\/?page_id=8"},"modified":"2018-07-26T09:05:49","modified_gmt":"2018-07-26T09:05:49","slug":"activitats","status":"publish","type":"page","link":"https:\/\/bloc.xarxa-omnia.org\/puntomniacpsfpalau\/activitats\/","title":{"rendered":"Activitats"},"content":{"rendered":"<p style=\"text-align: center\"><strong>OCTUBRE-FEBRER 2018-19<\/strong><\/p>\n<p>Al llarg del primer quadrimestre\u00a0en el nostre Punt \u00d2mnia realitzem activitats diverses distribu\u00efdes al llarg de la setmana. A continuaci\u00f3 es mostra una breu explicaci\u00f3 respecte cada activitat que es dur\u00e0 a terme entre els mesos d&#8217;octubre a febrer del 2019:<\/p>\n<ul>\n<li><strong><a href=\"http:\/\/xarxaomnia.gencat.cat\/blocs\/puntomniacpsfpalau\/category\/bloc\/introduccio-a-la-informatica\/\">Introducci\u00f3 a la inform\u00e0tica<\/a><\/strong>:\u00a0Aprendre a fer \u00fas del sistema operatiu , agafar destresa amb el ratol\u00ed i el teclat, aprendre a organitzar fent carpetes, escriure documents, editar-los, desar-los i imprimir-los. Fer algun projecte final i imprimir-lo com una postal, un calendari, etc\u2026 A cada sessi\u00f3 s&#8217;explicaran diferents conceptes i sempre hi haur\u00e0 pr\u00e0ctica. S&#8217;anir\u00e0 modificant el temari, si cal, en funci\u00f3 de les necessitats i ritme del grup. Totes les classes seran din\u00e0miques i participatives per fomentar un bon ambient i ritme de treball.<\/li>\n<\/ul>\n<ul>\n<li><strong><a href=\"http:\/\/xarxaomnia.gencat.cat\/blocs\/puntomniacpsfpalau\/category\/bloc\/programacio-i-robotica\/\">Programaci\u00f3 i rob\u00f2tica amb infants<\/a><\/strong>: Con\u00e8ixer els tecnicismes dels blocs per programar, les diferents plataformes de programaci\u00f3 i rob\u00f2tica, l&#8217;elaboraci\u00f3 de jocs i adquisici\u00f3 de coneixements t\u00e8cnics sobre la realitzaci\u00f3 de plataformes digitals mitjan\u00e7ant CODE, Scratch, Lightbot y Arduino.<\/li>\n<\/ul>\n<ul>\n<li><strong><a href=\"http:\/\/xarxaomnia.gencat.cat\/blocs\/puntomniacpsfpalau\/category\/bloc\/us-comunitari\/\">\u00das comunitari<\/a><\/strong>: Cessi\u00f3 de l&#8217;espai on els alumnes poden desenvolupar diferents tasques d&#8217;ofim\u00e0tica amb el suport dels monitors de l&#8217;aula.<\/li>\n<\/ul>\n<ul>\n<li><a href=\"http:\/\/xarxaomnia.gencat.cat\/blocs\/puntomniacpsfpalau\/category\/bloc\/ticfeina\/\"><strong>TICfeina:<\/strong><\/a> Millorar les compet\u00e8ncies en inform\u00e0tica b\u00e0sica. Treballar la recerca activa de feina. Gestionar portals d&#8217;ocupaci\u00f3.<\/li>\n<\/ul>\n<ul>\n<li><strong><a href=\"http:\/\/xarxaomnia.gencat.cat\/blocs\/puntomniacpsfpalau\/category\/bloc\/full-de-calcul\/\">Full de c\u00e0lcul<\/a>:\u00a0<\/strong>Optimitzar el domini dels usuaris amb el full de c\u00e0lcul i facilitar eines d&#8217;utilitzat pel dia a dia amb la plataforma Calc.<\/li>\n<\/ul>\n<ul>\n<li><strong><a href=\"http:\/\/xarxaomnia.gencat.cat\/blocs\/puntomniacpsfpalau\/category\/bloc\/fotografia-social\/\">Fotografia Social<\/a>:\u00a0<\/strong>Familiartizar-se amb l&#8217;\u00fas de les c\u00e0meres digitals amb una base te\u00f2rica i posteriorment, realitzar un treball de camp on cada alumne pugui desenvolupar les seves habilitats. La finalitat d&#8217;aquest curs es centra en generar un grup comunitari on es pugui crear vincles i alhora captar moments especials amb la c\u00e0mera.<\/li>\n<\/ul>\n<ul>\n<li><strong><a href=\"http:\/\/xarxaomnia.gencat.cat\/blocs\/puntomniacpsfpalau\/category\/bloc\/fes-te-blogger\/\">Fes-te Blogger<\/a>:\u00a0<\/strong>Proporcionar les eines b\u00e0siques de l&#8217;\u00fas de la plataforma WordPress on cada persona realitzi diferents entrades (de diferents tem\u00e0tiques) individuals fent pr\u00e8viament una\u00a0recerca en Internet. Es fomenta l&#8217;autonomia i la innovaci\u00f3.<\/li>\n<\/ul>\n<ul>\n<li><strong><a href=\"http:\/\/xarxaomnia.gencat.cat\/blocs\/puntomniacpsfpalau\/category\/bloc\/reforc-escolar\/\">Refor\u00e7 Escolar:\u00a0<\/a><\/strong>Complementar el refor\u00e7 escolar amb ajut de les eines TIC Refor\u00e7ar la formaci\u00f3 TIC d&#8217;aquests nens. Facilitar la relaci\u00f3 entre els nens en un espai de treball en grup.<\/li>\n<\/ul>\n<ul>\n<li><strong><a href=\"http:\/\/xarxaomnia.gencat.cat\/blocs\/puntomniacpsfpalau\/category\/bloc\/taller-descriptura-amb-lordinador\/\">Taller d&#8217;escriptura amb l&#8217;ordinador:<\/a>\u00a0<\/strong>Treure la por davant de l&#8217;ordinador, optimitzar el ritme d&#8217;escriptura amb l&#8217;ordinador, agilitzar l&#8217;\u00fas amb les TIC, aprendre a realitzar la correcci\u00f3 ortogr\u00e0fica de l&#8217;editor de textos, engrescar per participar d&#8217;altres activitats i col\u2022laboracions.<\/li>\n<\/ul>\n<p>&nbsp;<\/p>\n<p>&nbsp;<\/p>\n<p><img loading=\"lazy\" decoding=\"async\" class=\"aligncenter size-full wp-image-112\" src=\"http:\/\/xarxaomnia.gencat.cat\/blocs\/puntomniacpsfpalau\/files\/2018\/07\/design.png\" alt=\"design\" width=\"798\" height=\"367\" srcset=\"https:\/\/bloc.xarxa-omnia.org\/puntomniacpsfpalau\/files\/2018\/07\/design.png 798w, https:\/\/bloc.xarxa-omnia.org\/puntomniacpsfpalau\/files\/2018\/07\/design-300x138.png 300w, https:\/\/bloc.xarxa-omnia.org\/puntomniacpsfpalau\/files\/2018\/07\/design-768x353.png 768w\" sizes=\"auto, (max-width: 798px) 100vw, 798px\" \/><\/p>\n","protected":false},"excerpt":{"rendered":"<p>OCTUBRE-FEBRER 2018-19 Al llarg del primer quadrimestre\u00a0en el nostre Punt \u00d2mnia realitzem activitats diverses distribu\u00efdes al llarg de la setmana. A continuaci\u00f3 es mostra una breu explicaci\u00f3 respecte cada activitat que es dur\u00e0 a terme entre els mesos d&#8217;octubre a febrer del 2019: Introducci\u00f3 a la inform\u00e0tica:\u00a0Aprendre a fer \u00fas del sistema operatiu , agafar [&hellip;]<\/p>\n","protected":false},"author":194,"featured_media":28,"parent":0,"menu_order":0,"comment_status":"closed","ping_status":"closed","template":"","meta":{"ngg_post_thumbnail":0,"footnotes":""},"class_list":["post-8","page","type-page","status-publish","has-post-thumbnail","czr-hentry"],"_links":{"self":[{"href":"https:\/\/bloc.xarxa-omnia.org\/puntomniacpsfpalau\/wp-json\/wp\/v2\/pages\/8","targetHints":{"allow":["GET"]}}],"collection":[{"href":"https:\/\/bloc.xarxa-omnia.org\/puntomniacpsfpalau\/wp-json\/wp\/v2\/pages"}],"about":[{"href":"https:\/\/bloc.xarxa-omnia.org\/puntomniacpsfpalau\/wp-json\/wp\/v2\/types\/page"}],"author":[{"embeddable":true,"href":"https:\/\/bloc.xarxa-omnia.org\/puntomniacpsfpalau\/wp-json\/wp\/v2\/users\/194"}],"replies":[{"embeddable":true,"href":"https:\/\/bloc.xarxa-omnia.org\/puntomniacpsfpalau\/wp-json\/wp\/v2\/comments?post=8"}],"version-history":[{"count":12,"href":"https:\/\/bloc.xarxa-omnia.org\/puntomniacpsfpalau\/wp-json\/wp\/v2\/pages\/8\/revisions"}],"predecessor-version":[{"id":119,"href":"https:\/\/bloc.xarxa-omnia.org\/puntomniacpsfpalau\/wp-json\/wp\/v2\/pages\/8\/revisions\/119"}],"wp:featuredmedia":[{"embeddable":true,"href":"https:\/\/bloc.xarxa-omnia.org\/puntomniacpsfpalau\/wp-json\/wp\/v2\/media\/28"}],"wp:attachment":[{"href":"https:\/\/bloc.xarxa-omnia.org\/puntomniacpsfpalau\/wp-json\/wp\/v2\/media?parent=8"}],"curies":[{"name":"wp","href":"https:\/\/api.w.org\/{rel}","templated":true}]}}