{"id":10,"date":"2010-07-01T11:06:30","date_gmt":"2010-07-01T09:06:30","guid":{"rendered":"http:\/\/xarxaomnia.gencat.cat\/blocs\/realitataugmentada\/?page_id=10"},"modified":"2010-07-12T14:52:30","modified_gmt":"2010-07-12T12:52:30","slug":"lomnia-augmentat","status":"publish","type":"page","link":"https:\/\/bloc.xarxa-omnia.org\/realitataugmentada\/lomnia-augmentat\/","title":{"rendered":"L&#8217;\u00d2mnia augmentat"},"content":{"rendered":"<h2>Envia&#8217;ns el teu experiment amb la realitat augmentada!<\/p>\n<p><a href=\"http:\/\/blog.xarxa-omnia.org\/realitataugmentada\/files\/2010\/07\/captura_presentacio_animals2.png\"><img loading=\"lazy\" decoding=\"async\" class=\"alignleft size-thumbnail wp-image-144\" style=\"margin-right: 10px; float: left; \" title=\"captura_presentacio_animals2\" src=\"http:\/\/blog.xarxa-omnia.org\/realitataugmentada\/files\/2010\/07\/captura_presentacio_animals2-150x150.png\" alt=\"Captura de RA del web Futuroscope\" width=\"150\" height=\"150\" \/><\/a>Ara que tens les eines, \u00e9s hora de que deixis volar la imaginaci\u00f3 i construeixis algun miniprojecte de realitat augmentada.<\/p>\n<p>De totes maneres, si no tens molt clar per on comen\u00e7ar, t&#8217;oferim algunes idees que esperem que et siguin \u00fatils:<\/h2>\n<p><\/p>\n<table>\n<tbody bgcolor=\"#EAF2FA\">\n<tr>\n<td>\n<h2>\u00b7 Cercar i crear model (i fins i tot animacions) 3D. Hi ha alguns <a href=\"http:\/\/www.3dvia.com\/\" target=\"_blank\">exemples <\/a>(i m\u00e9s <a href=\"http:\/\/www.tecn.upf.es\/~sjorda\/TSI2004\/ARToolkit.htm\" target=\"_blank\">exemples<\/a>) relativament senzills; (aix\u00f2 s\u00ed, han de ser arxius .dae o .md2).<\/p>\n<p>\u00b7 Combinar diferents tipus de formats (imatge, v\u00eddeo, so, etc.).<\/p>\n<p>\u00b7 Combinar diferents tipus de visualitzacions (per exemple, el petit monstre verd amb un ninot).<\/p>\n<p>\u00b7 Jugar a interrompre la visualitzaci\u00f3 d&#8217;algunes plantilles i altres no.<\/p>\n<p>\u00b7 Distribuir les plantilles un un espai f\u00edsic ampli.<\/p>\n<p>\u00b7 I el millor de tot, si us animeu, ho podeu gravar i enviar-nos-ho utilitzant un programa de captura de pantalla (per exemple, el <a href=\"http:\/\/www.webcamrecorder.com\/download.html?source=unset\" target=\"_blank\">webcam recorder)<\/a>.<\/h2>\n<\/td>\n<\/tr>\n<\/tbody>\n<\/table>\n<h2>Escriviu un comentari en aquesta p\u00e0gina per enviar-nos els vostres enlla\u00e7os o contacteu-nos a oficina.tecnica[arrova]xarxa-omnia.org.<\/h2>\n","protected":false},"excerpt":{"rendered":"<p>Envia&#8217;ns el teu experiment amb la realitat augmentada! Ara que tens les eines, \u00e9s hora de que deixis volar la imaginaci\u00f3 i construeixis algun miniprojecte de realitat augmentada. De totes maneres, si no tens molt clar per on comen\u00e7ar, t&#8217;oferim&hellip; <\/p>\n","protected":false},"author":61,"featured_media":0,"parent":0,"menu_order":3,"comment_status":"open","ping_status":"open","template":"","meta":{"footnotes":""},"class_list":["post-10","page","type-page","status-publish","hentry"],"_links":{"self":[{"href":"https:\/\/bloc.xarxa-omnia.org\/realitataugmentada\/wp-json\/wp\/v2\/pages\/10","targetHints":{"allow":["GET"]}}],"collection":[{"href":"https:\/\/bloc.xarxa-omnia.org\/realitataugmentada\/wp-json\/wp\/v2\/pages"}],"about":[{"href":"https:\/\/bloc.xarxa-omnia.org\/realitataugmentada\/wp-json\/wp\/v2\/types\/page"}],"author":[{"embeddable":true,"href":"https:\/\/bloc.xarxa-omnia.org\/realitataugmentada\/wp-json\/wp\/v2\/users\/61"}],"replies":[{"embeddable":true,"href":"https:\/\/bloc.xarxa-omnia.org\/realitataugmentada\/wp-json\/wp\/v2\/comments?post=10"}],"version-history":[{"count":30,"href":"https:\/\/bloc.xarxa-omnia.org\/realitataugmentada\/wp-json\/wp\/v2\/pages\/10\/revisions"}],"predecessor-version":[{"id":151,"href":"https:\/\/bloc.xarxa-omnia.org\/realitataugmentada\/wp-json\/wp\/v2\/pages\/10\/revisions\/151"}],"wp:attachment":[{"href":"https:\/\/bloc.xarxa-omnia.org\/realitataugmentada\/wp-json\/wp\/v2\/media?parent=10"}],"curies":[{"name":"wp","href":"https:\/\/api.w.org\/{rel}","templated":true}]}}